{"id":10560,"date":"2013-01-06T20:24:31","date_gmt":"2013-01-06T19:24:31","guid":{"rendered":"http:\/\/www.luigiaccattoli.it\/blog\/?page_id=10560"},"modified":"2020-08-08T18:03:12","modified_gmt":"2020-08-08T16:03:12","slug":"vincenzo-federico-%e2%80%9cportare-una-croce-in-segno-di-benedizione-piena%e2%80%9d","status":"publish","type":"page","link":"http:\/\/www.luigiaccattoli.it\/blog\/cerco-fatti-di-vangelo\/7-la-vita-e-mutata-ma-non-e-tolta\/vincenzo-federico-%e2%80%9cportare-una-croce-in-segno-di-benedizione-piena%e2%80%9d\/","title":{"rendered":"Vincenzo Federico: \u201cPortare una croce in segno di benedizione piena\u201d"},"content":{"rendered":"<p>Vincenzo Federico detto Vincio, ragazzone romano vitale e generoso, muore di tumore al cervello il 16 gennaio 2012 a 39 anni: sposato con Marina, padre del piccolo Giuseppe (un anno e mezzo al momento della morte del pap\u00e0), webmaster del Pdl. La frase con cui salutava tutti: \u201cIn alto i cuori\u201d. Ha lasciato un vivo ricordo di speranza nella risurrezione in chi l\u2019ha accompagnato nei sedici mesi della malattia.<\/p>\n<p>Il 18 settembre 2010, ancora in ospedale dopo la prima operazione, manda questo sms a un amico, Gabriele Vecchione, entrato in seminario il giorno stesso del suo intervento d\u2019urgenza: \u201c<em>Gabri batti il sentiero che hai iniziato, che io ti porto in dono il tesoretto di offerta a Cristo che sto collezionando. Ti abbraccio fraternamente<\/em>\u201d<em>.<\/em><\/p>\n<p>Dall\u2019operazione riporta una vistosissima cicatrice in testa che egli mostra fieramente e che nel \u201cGruppo degli esercizi spirituali ignaziani nella vita ordinaria\u201d segnala come \u201c<em>il vessillo dell\u2019amore riversato su di me<\/em>\u201d<em>. <\/em>Il 21 settembre 2010 mette su Facebook una propria immagine con questa didascalia: \u201c<em>La foto \u00e8 opportunamente scura per non impressionare, ma la bandiera che sfoggio in testa parla di potenza della preghiera e dell&#8217;amore, quindi la porto con orgoglio visibile<\/em>\u201d<em>. <\/em><\/p>\n<p>Il 14 novembre 2010 aveva scritto nel diario le parole forse pi\u00f9 intense riguardo alla sua accettazione della prova: \u201c<em>Portare una croce con Dio vicino \u00e8 un male? No, credo anzi al contrario. La pace e la tranquillit\u00e0 che provo \u00e8 tale che non ho la sensazione di peso, ma semmai di benedizione piena<\/em>\u201d<em>.<\/em><\/p>\n<p>La maturit\u00e0 della sua vocazione cristiana appare con chiarezza da questa preghiera non datata, scritta in vista della nascita del figlio: \u201c<em>Domani (e sembra gi\u00e0 ieri) sar\u00f2 genitore. Non so ancora se di un bambino o di una bambina. So solo che in questo compito non mi lascerai solo, anche quando ti vomiter\u00f2 addosso paure e isterie, quando la stanchezza prender\u00e0 la testa e le mani non vorranno operare, so che in quei momenti non mi lascerai e che in quel salvifico abbraccio, mera estensione di quanto hai fatto per me da sempre, trover\u00f2 conforto e coraggio. Per andare all\u2019assalto ancora una volta. Per trovare, ancora una volta, in fondo alla via, il tuo volto sorridente e calmo. Aiutami a contare i miei giorni e a glorificarti. Perch\u00e9 non uno passi senza che io ti abbia ringraziato per i mille doni che mi hai dato\u2026 dato (\u2026). Sostienimi sempre, come hai fatto dal mio primo respiro, come farai fino al mio ultimo rantolo<\/em>\u201d<em>. <\/em><em><\/em><\/p>\n<p>La riflessione sulla vita eterna \u00e8 frequente nelle sue scritture diaristiche. Ecco un brano preso dal suo blog in data 5 maggio 2005: \u201c<em>Io credo fermamente che il dopo ci sia. Ci credo in quanto cattolico, ma ci credo per intima convinzione che non pu\u00f2 esaurirsi tutto in questi anni che passiamo su questa terra, troppo pochi, sporchi e dannati per poter soddisfare la sete che l&#8217;uomo ha dentro di se di infinito. Per questo ogni morte che mi passa vicino mi lascia triste, si, come negarlo, ma al contempo \u00e8 come se stessi salutando un amico caro che va lontano, l\u00ec ove non ci sono mezzi fisici per comunicare, ma solo quel senso di comunanza che solo con chi \u00e8 in sintonia si ha, ossia quel comunicare senza parlare, quella certezza che non si \u00e8 soli, che il cammino che ci aspetta \u00e8 gi\u00e0 stato calcato da altri e che questi ci stanno preparando il viaggio nostro. Insomma non \u00e8 un addio definitivo, ma un arrivederci, non so quando, non so dove, ma un giorno ci si rincontrer\u00e0<\/em>\u201d.<\/p>\n<p>Sempre nel blog, il 4 aprile 2005 in riferimento alla morte di Papa Wojtyla aveva annotato queste parole: \u201c<em>Il cristiano quando muore nasce. E solo allora porta frutto<\/em>\u201d.<\/p>\n<p><strong>Credente da sempre, la partecipazione di Vincenzo alla vita della parrocchia San Pio X alla Balduina si intensifica a seguito di un pellegrinaggio in Terra Santa nell\u2019agosto 2009. Il parroco don Paolo Tammi cos\u00ec ha rievocato quella partecipazione e l\u2019ultimo incontro con Vincio nell\u2019omelia della messa di addio: \u201cCi ha edificati tutti. Ci ha costruito un edificio di allegria, di ottimismo, quando era fidanzato, quando faceva gli austeri esercizi ignazani il gioved\u00ec sera, seguendo le letture col suo Ipad, quando pellegrinava con noi in Terra Santa, quando si presentava in tuta mimetica per andare a caccia, quando ha cotto a casa mia le bistecche sul barbecue, quando ha portato al fonte battesimale Giuseppe (\u2026). Caro Vincio, permettimi di dirti che mai dimenticher\u00f2 gli ultimi momenti con te. Quando ti faceva ormai fatica ridere, quando ancora mi chiamavi \u201cpaolodon\u201d, come per anni mi hai chiamato, e soprattuto quando \u2013 abbracciati in tre tu io e Marina \u2013 lei ed io abbiamo cantato e pregato su di te, appoggiati alla tua fronte e tu hai aperto gli occhi e ci hai stretto le mani e questo ci \u00e8 bastato, anche se non sei riuscito a dire una parola. Attaccato a questa vita che Dio t\u2019ha dato, avresti voluto non lasciarla e ci hai detto il tuo ultimo grazie\u201d. \u2013 Devo la conoscenza di Vincenzo Federico a Gabriele Vecchione, destinatario di un sms citato all\u2019inizio di questo profilo. <\/strong><\/p>\n<p><strong>[Novembre 2012]<\/strong><\/p>\n","protected":false},"excerpt":{"rendered":"<p>Vincenzo Federico detto Vincio, ragazzone romano vitale e generoso, muore di tumore al cervello il 16 gennaio 2012 a 39 anni: sposato con Marina, padre del piccolo Giuseppe (un anno&#8230;<\/p>\n<div class=\"more-link-wrapper\"><a class=\"more-link\" href=\"http:\/\/www.luigiaccattoli.it\/blog\/cerco-fatti-di-vangelo\/7-la-vita-e-mutata-ma-non-e-tolta\/vincenzo-federico-%e2%80%9cportare-una-croce-in-segno-di-benedizione-piena%e2%80%9d\/\">Read More<span class=\"screen-reader-text\">Vincenzo Federico: \u201cPortare una croce in segno di benedizione piena\u201d<\/span><\/a><\/div>\n","protected":false},"author":1,"featured_media":0,"parent":2102,"menu_order":0,"comment_status":"open","ping_status":"closed","template":"","meta":{"_monsterinsights_skip_tracking":false,"_monsterinsights_sitenote_active":false,"_monsterinsights_sitenote_note":"","_monsterinsights_sitenote_category":0,"footnotes":""},"class_list":["post-10560","page","type-page","status-publish","hentry","excerpt"],"_links":{"self":[{"href":"http:\/\/www.luigiaccattoli.it\/blog\/wp-json\/wp\/v2\/pages\/10560","targetHints":{"allow":["GET"]}}],"collection":[{"href":"http:\/\/www.luigiaccattoli.it\/blog\/wp-json\/wp\/v2\/pages"}],"about":[{"href":"http:\/\/www.luigiaccattoli.it\/blog\/wp-json\/wp\/v2\/types\/page"}],"author":[{"embeddable":true,"href":"http:\/\/www.luigiaccattoli.it\/blog\/wp-json\/wp\/v2\/users\/1"}],"replies":[{"embeddable":true,"href":"http:\/\/www.luigiaccattoli.it\/blog\/wp-json\/wp\/v2\/comments?post=10560"}],"version-history":[{"count":3,"href":"http:\/\/www.luigiaccattoli.it\/blog\/wp-json\/wp\/v2\/pages\/10560\/revisions"}],"predecessor-version":[{"id":25001,"href":"http:\/\/www.luigiaccattoli.it\/blog\/wp-json\/wp\/v2\/pages\/10560\/revisions\/25001"}],"up":[{"embeddable":true,"href":"http:\/\/www.luigiaccattoli.it\/blog\/wp-json\/wp\/v2\/pages\/2102"}],"wp:attachment":[{"href":"http:\/\/www.luigiaccattoli.it\/blog\/wp-json\/wp\/v2\/media?parent=10560"}],"curies":[{"name":"wp","href":"https:\/\/api.w.org\/{rel}","templated":true}]}}