{"id":10770,"date":"2013-02-13T10:38:58","date_gmt":"2013-02-13T09:38:58","guid":{"rendered":"http:\/\/www.luigiaccattoli.it\/blog\/?page_id=10770"},"modified":"2013-02-13T11:11:29","modified_gmt":"2013-02-13T10:11:29","slug":"quando-benedetto-mi-disse-che-rimpiangeva-la-pensione","status":"publish","type":"page","link":"http:\/\/www.luigiaccattoli.it\/blog\/articoli-del-corriere-della-sera\/quando-benedetto-mi-disse-che-rimpiangeva-la-pensione\/","title":{"rendered":"Quando Benedetto mi disse che rimpiangeva la &#8220;pensione&#8221;"},"content":{"rendered":"<p><em>Articolo pubblicato dal \u201cCorriere della Sera\u201d del 13 febbraio a pagina 3 con il titolo: \u201cLa confidenza del Pontefice: aspetto con impazienza il momento in cui potr\u00f2 ancora scrivere qualche libro\u201d<\/em><\/p>\n<p>&nbsp;<\/p>\n<p>ROMA \u2013 Vedendo l\u2019altro ieri in televisione il Papa triste che annunciava la \u201crinuncia\u201d, mi sono tornate alla memoria le parole vive con cui in tre occasioni private l\u2019avevo sentito invidiare chi andava in pensione: \u201cBeato lei\u201d mi disse una volta che gli annunciavo questa mia scadenza; e un\u2019altra volta: \u201cEra il mio sogno ma non \u00e8 stato possibile\u201d.<\/p>\n<p>Non voglio ridurre la \u201cgrave decisione\u201d (parole sue) di Papa Benedetto al desiderio di un po\u2019 di pace per l\u2019ultima stagione, so bene che ci sono \u2013 in primo piano \u2013 \u201cle forze non pi\u00f9 adatte\u201d e la velocit\u00e0 dei tempi e forse la salute, ma vorrei richiamare alcune sue sincerissime parole sul desiderio di tornare ai libri che forse aiutano a mitigare la tensione di questi giorni.<\/p>\n<p>La prima occasione \u00e8 un antefatto rispetto al Pontificato: uno degli incontri occasionali per le vie di Borgo Pio, dove il cardinale Ratzinger faceva la sua passeggiata del dopo pranzo tutto solo, in abito nero e con il baschetto in testa. Era il settembre del 2001, quand\u2019era vicino al compimento dei 75 anni che per vescovi e cardinali \u00e8 l\u2019et\u00e0 della pensione. Gli chiesi che pensasse del cardinale Martini che una settimana prima aveva parlato del suo \u201cdesiderio\u201d di tornare agli studi, compiendo anch\u2019egli quell\u2019et\u00e0: \u201cCapisco bene quel suo desiderio, che \u00e8 anche il mio. Ambedue siamo stati professori e per noi ritornare allo stato pi\u00f9 meditativo \u00e8 una cosa normale. Aspetto con impazienza il momento in cui potr\u00f2 ancora scrivere qualche libro\u201d.<\/p>\n<p>La seconda occasione arriva sette anni dopo, su un volo che riportava Papa e giornalisti da Lourdes a Roma il 15 settembre 2008, ed era il mio ultimo viaggio papale: \u201cSantit\u00e0 la saluto, vado in pensione\u201d. \u201cLascia cos\u00ec giovane? Beato lei\u201d, fu il suo commento.<\/p>\n<p>Terza occasione il 23 novembre 2010. Ero tra i presentatori \u2013 in Sala Stampa Vaticana \u2013 del volume intervista del Papa con Peter Seewald,\u00a0<em>Luce del mondo<\/em><em>\u00a0<\/em>(Libreria Editrice Vaticana) e don Georg dopo l\u2019appuntamento pubblico port\u00f2 tutti da Benedetto. \u201cL<em>a ringrazio dell\u2019impegno con cui ha letto il libro\u201d mi disse: \u201cOra lei \u00e8 in pensione e ha la possibilit\u00e0 di leggere lentamente. Era questo il mio sogno ma non \u00e8 stato possibile\u201d<\/em><em>.<\/em><\/p>\n<p>Infine una riflessione pubblica che Benedetto svolse improvvisando in tedesco nella Marienplatz di Monaco di Baviera il 9 settembre 2006, paragonandosi all\u2019Orso <em>di San Corbiniano, che ha sullo stemma. Orso che secondo la leggenda avrebbe sbranato la mula del santo, durante il suo viaggio sulle Alpi: \u201cCorbiniano \u2013 disse il Papa \u2013 lo rimprover\u00f2 duramente e gli mise sul dorso tutto il suo bagaglio obbligandolo a portarlo fino a Roma, dove lo lasci\u00f2 libero. Nel mio caso, il Padrone ha deciso diversamente<\/em>\u201d.<\/p>\n<p>Ero a Marienplatz quel pomeriggio e un collega tedesco che traduceva dal vivo le parole del Papa disse: \u201cA Roma l\u2019Orso di Corbiniano fu lasciato libero, me invece mi hanno messo in gabbia\u201d. Il testo improvvisato \u00e8 stato poi rivisto per l\u2019edizione ufficiale ma non faccio difficolt\u00e0 a immaginare che il mite Joseph Ratzinger a Roma \u2013 dove vive ormai da trent\u2019anni \u2013 un poco si sia sentito in gabbia.<\/p>\n<p><strong>Luigi Accattoli<\/strong><\/p>\n<p>www.luigiaccattoli.it<\/p>\n","protected":false},"excerpt":{"rendered":"<p>Articolo pubblicato dal \u201cCorriere della Sera\u201d del 13 febbraio a pagina 3 con il titolo: \u201cLa confidenza del Pontefice: aspetto con impazienza il momento in cui potr\u00f2 ancora scrivere qualche&#8230;<\/p>\n<div class=\"more-link-wrapper\"><a class=\"more-link\" href=\"http:\/\/www.luigiaccattoli.it\/blog\/articoli-del-corriere-della-sera\/quando-benedetto-mi-disse-che-rimpiangeva-la-pensione\/\">Read More<span class=\"screen-reader-text\">Quando Benedetto mi disse che rimpiangeva la &#8220;pensione&#8221;<\/span><\/a><\/div>\n","protected":false},"author":1,"featured_media":0,"parent":7661,"menu_order":0,"comment_status":"open","ping_status":"closed","template":"","meta":{"_monsterinsights_skip_tracking":false,"_monsterinsights_sitenote_active":false,"_monsterinsights_sitenote_note":"","_monsterinsights_sitenote_category":0,"footnotes":""},"class_list":["post-10770","page","type-page","status-publish","hentry","excerpt"],"_links":{"self":[{"href":"http:\/\/www.luigiaccattoli.it\/blog\/wp-json\/wp\/v2\/pages\/10770","targetHints":{"allow":["GET"]}}],"collection":[{"href":"http:\/\/www.luigiaccattoli.it\/blog\/wp-json\/wp\/v2\/pages"}],"about":[{"href":"http:\/\/www.luigiaccattoli.it\/blog\/wp-json\/wp\/v2\/types\/page"}],"author":[{"embeddable":true,"href":"http:\/\/www.luigiaccattoli.it\/blog\/wp-json\/wp\/v2\/users\/1"}],"replies":[{"embeddable":true,"href":"http:\/\/www.luigiaccattoli.it\/blog\/wp-json\/wp\/v2\/comments?post=10770"}],"version-history":[{"count":2,"href":"http:\/\/www.luigiaccattoli.it\/blog\/wp-json\/wp\/v2\/pages\/10770\/revisions"}],"predecessor-version":[{"id":10777,"href":"http:\/\/www.luigiaccattoli.it\/blog\/wp-json\/wp\/v2\/pages\/10770\/revisions\/10777"}],"up":[{"embeddable":true,"href":"http:\/\/www.luigiaccattoli.it\/blog\/wp-json\/wp\/v2\/pages\/7661"}],"wp:attachment":[{"href":"http:\/\/www.luigiaccattoli.it\/blog\/wp-json\/wp\/v2\/media?parent=10770"}],"curies":[{"name":"wp","href":"https:\/\/api.w.org\/{rel}","templated":true}]}}