{"id":10788,"date":"2013-02-15T16:56:21","date_gmt":"2013-02-15T15:56:21","guid":{"rendered":"http:\/\/www.luigiaccattoli.it\/blog\/?page_id=10788"},"modified":"2013-02-15T16:56:21","modified_gmt":"2013-02-15T15:56:21","slug":"forse-tornera-cardinale-con-il-titolo-di-%e2%80%9cvescovo-emerito-di-roma%e2%80%9d","status":"publish","type":"page","link":"http:\/\/www.luigiaccattoli.it\/blog\/articoli-del-corriere-della-sera\/forse-tornera-cardinale-con-il-titolo-di-%e2%80%9cvescovo-emerito-di-roma%e2%80%9d\/","title":{"rendered":"Forse torner\u00e0 cardinale con il titolo di \u201cvescovo emerito di Roma\u201d"},"content":{"rendered":"<p><em>Articolo pubblicato il 15 febbraio dal \u201cCorriere della Sera\u201d alle pagine 1 e 13 con il titolo \u201cLa nuova vita di Joseph vescovo emerito di Roma\u201d<\/em><\/p>\n<p>&nbsp;<\/p>\n<p>ROMA \u2013 Come vestir\u00e0 e come sar\u00e0 chiamato Papa Benedetto dopo la cessazione del Pontificato, alle ore 20 del 28 febbraio? Probabilmente torner\u00e0 cardinale e sar\u00e0 chiamato \u201ceminenza\u201d e vestir\u00e0 la porpora, cio\u00e8 da cardinale qual era prima dell\u2019elezione a Papa. Forse anche riprender\u00e0 lo stemma, l\u2019anello e la croce pettorale che aveva allora. Questo possiamo ipotizzare sulla base dei precedenti che per\u00f2 sono lontani nel tempo: l\u2019ultimo Papa \u201crinunciatario\u201d \u00e8 Gregorio XII che abdic\u00f2 \u2013 come si diceva allora \u2013 nel 1415. Al momento la questione \u201c\u00e8 allo studio\u201d.<\/p>\n<p>Questa \u00e8 l\u2019ultima risposta data l\u2019altro ieri dal padre Lombardi ai giornalisti che l\u2019interrogavano sul \u201ctitolo\u201d che spetter\u00e0 all\u2019ex Papa: \u201cNon sappiamo quale sar\u00e0. La questione ha aspetti giuridici su cui si deve riflettere, ed \u00e8 stato ovviamente coinvolto il Papa stesso\u201d.<\/p>\n<p>\u201cCome lo dovremo appellare?\u201d aveva chiesto il giornalista: ovviamente ci si riferisce al titolo ufficiale, non a quelli che potranno essere usati nella conversazione privata o nel nominarlo \u2013 poniamo \u2013 durante un\u2019omelia in una qualsiasi chiesa domenica 3 marzo: la prima nella quale non sar\u00e0 pi\u00f9 Papa. Il prete magari dir\u00e0: \u201cPreghiamo per Benedetto XVI che ora si \u00e8 ritirato nel silenzio\u201d, o \u201cper il Papa che si \u00e8 dimesso\u201d; e andr\u00e0 benissimo.<\/p>\n<p>Ma supponiamo che il successore lo inviti \u2013 ormai sappiamo che tutto \u00e8 possibile sotto la Cupola di San Pietro \u2013 ad assistere al suo discorso ai cardinali nella Cappella Sistina, all\u2019indomani dell\u2019elezione e gli rivolga un saluto. Di certo non potr\u00e0 dire \u201cabbiamo qui con noi Sua Santit\u00e0 Benedetto XVI\u201d. E come sar\u00e0 collocato e \u201cappellato\u201d nell\u2019<em>Annuario Pontificio 2014<\/em>?\u00a0 O infine: che scriveranno un giorno sulla sua tomba?<\/p>\n<p>E\u2019 proprio l\u2019inopportuna domanda sulla tomba che suggerisce una risposta in base ai precedenti: e quella dei precedenti \u00e8 la regola aurea di ogni decisione vaticana. Stando alla storia, il Papa dimissionario dovrebbe riprendere il \u201cnome\u201d che aveva prima dell\u2019elezione. Cos\u00ec almeno risulta dalle lapidi delle tombe dei due \u201cvescovi di Roma\u201d che \u201crinunciarono\u201d al Papato da quando i Papi vengono eletti in Conclave (1241).<\/p>\n<p>Su quella di Celestino V (1209-1296), che \u00e8 sepolto all\u2019Aquila nella Basilica di Collemaggio, \u00e8 scritto: <em>\u201cE\u2019 riposto in questa tomba Pietro che nel Papato ebbe nome Celestino\u201d. Si tratta di un testo fortemente polemico contro i \u201csommi onori\u201d del Pontificato che furono \u201cdisprezzati e deposti\u201d dall\u2019eremita di \u201cvita illibata\u201d che \u201csolo per la sua virt\u00f9\u201d era stato eletto. Ma quel che ci interessa \u00e8 che la lapide lo chiama Pietro: Celestino infatti, pronunciata in Castelnuovo a Napoli nel 1294 l\u2019abdicazione, riprese il nome che aveva nell\u2019eremo. Egli era solo un eremita prete, non era cardinale e con il nome di Pietro da Morrone sar\u00e0 proclamato santo da Clemente V ad Avignone nel 1313.\u00a0\u00a0 <\/em><\/p>\n<p><em>Cardinale era invece all\u2019elezione \u2013 e \u201clegato della Marca di Ancona\u201d \u2013 Gregorio XII che cardinale torn\u00f2 dopo l\u2019abdicazione, riprendendo il ruolo di \u201clegato della Marca\u201d. Anche qui ci \u00e8 d\u2019aiuto la lapide che \u00e8 sulla sua tomba, nella cattedrale di Recanati, dove mor\u00ec: \u201cQuest\u2019urna racchiude il supremo principe della Chiesa Gregorio XII (\u2026) che la Marca riconosce come suo pastore per due volte cardinale\u201d (\u201ccardine bis sacro\u201d nel testo latino). <\/em><\/p>\n<p><em>E\u2019 dunque verosimile che anche Joseph Ratzinger sar\u00e0 \u201cper due volte cardinale\u201d ed \u00e8 probabile che il suo \u201ctitolo\u201d completo sia: \u201cCardinale Joseph Ratzinger vescovo emerito di Roma\u201d. Questa infatti \u00e8 la dicitura con cui vengono indicati i vescovi dopo che hanno lasciato la loro \u201csede\u201d: per esempio oggi il cardinale Tettamanzi \u00e8 \u201carcivescovo emerito di Milano\u201d. <\/em><\/p>\n<p><em>Vedremo che cosa inventeranno i canonisti e i cerimonieri per le vesti e i titoli e lo stemma. E\u2019 invece deciso che Ratzinger sar\u00e0 \u201caccompagnato\u201d a Castel Gandolfo nel periodo della Sede Vacante e poi nel Monastero che \u00e8 nei Giardini Vaticani sia da don Georg, l\u2019attuale segretario personale, sia dalle quattro \u201cmemores\u201d (consacrate cielline) che si sono occupate di lui in questi otto anni. <\/em><\/p>\n<p><em><strong>Luigi Accattoli<\/strong><\/em><\/p>\n<p><em>www.luigiaccattoli.it<\/em><\/p>\n","protected":false},"excerpt":{"rendered":"<p>Articolo pubblicato il 15 febbraio dal \u201cCorriere della Sera\u201d alle pagine 1 e 13 con il titolo \u201cLa nuova vita di Joseph vescovo emerito di Roma\u201d &nbsp; ROMA \u2013 Come&#8230;<\/p>\n<div class=\"more-link-wrapper\"><a class=\"more-link\" href=\"http:\/\/www.luigiaccattoli.it\/blog\/articoli-del-corriere-della-sera\/forse-tornera-cardinale-con-il-titolo-di-%e2%80%9cvescovo-emerito-di-roma%e2%80%9d\/\">Read More<span class=\"screen-reader-text\">Forse torner\u00e0 cardinale con il titolo di \u201cvescovo emerito di Roma\u201d<\/span><\/a><\/div>\n","protected":false},"author":1,"featured_media":0,"parent":7661,"menu_order":0,"comment_status":"open","ping_status":"closed","template":"","meta":{"_monsterinsights_skip_tracking":false,"_monsterinsights_sitenote_active":false,"_monsterinsights_sitenote_note":"","_monsterinsights_sitenote_category":0,"footnotes":""},"class_list":["post-10788","page","type-page","status-publish","hentry","excerpt"],"_links":{"self":[{"href":"http:\/\/www.luigiaccattoli.it\/blog\/wp-json\/wp\/v2\/pages\/10788","targetHints":{"allow":["GET"]}}],"collection":[{"href":"http:\/\/www.luigiaccattoli.it\/blog\/wp-json\/wp\/v2\/pages"}],"about":[{"href":"http:\/\/www.luigiaccattoli.it\/blog\/wp-json\/wp\/v2\/types\/page"}],"author":[{"embeddable":true,"href":"http:\/\/www.luigiaccattoli.it\/blog\/wp-json\/wp\/v2\/users\/1"}],"replies":[{"embeddable":true,"href":"http:\/\/www.luigiaccattoli.it\/blog\/wp-json\/wp\/v2\/comments?post=10788"}],"version-history":[{"count":1,"href":"http:\/\/www.luigiaccattoli.it\/blog\/wp-json\/wp\/v2\/pages\/10788\/revisions"}],"predecessor-version":[{"id":10789,"href":"http:\/\/www.luigiaccattoli.it\/blog\/wp-json\/wp\/v2\/pages\/10788\/revisions\/10789"}],"up":[{"embeddable":true,"href":"http:\/\/www.luigiaccattoli.it\/blog\/wp-json\/wp\/v2\/pages\/7661"}],"wp:attachment":[{"href":"http:\/\/www.luigiaccattoli.it\/blog\/wp-json\/wp\/v2\/media?parent=10788"}],"curies":[{"name":"wp","href":"https:\/\/api.w.org\/{rel}","templated":true}]}}