{"id":109,"date":"2006-06-27T20:42:59","date_gmt":"2006-06-27T19:42:59","guid":{"rendered":"http:\/\/www.luigiaccattoli.it\/blog\/?page_id=109"},"modified":"2022-05-15T10:44:18","modified_gmt":"2022-05-15T08:44:18","slug":"prefazioni-e-capitoli","status":"publish","type":"page","link":"http:\/\/www.luigiaccattoli.it\/blog\/prefazioni-e-capitoli\/","title":{"rendered":"Prefazioni e Capitoli"},"content":{"rendered":"<div><a href=\"http:\/\/www.luigiaccattoli.it\/blog\/wp-content\/uploads\/2022\/05\/unnamed.png\">Tito Brandsma<\/a><\/div>\n<div>Amore per gli animali e amore per l&#8217;uomo<\/div>\n<div><a href=\"http:\/\/www.luigiaccattoli.it\/blog\/27948-2\/\">Prefazione di Luigi Accattoli alle pagine 5-8<\/a><\/div>\n<div>Graphe edizioni 2022<\/div>\n<div><\/div>\n<p><a href=\"http:\/\/www.luigiaccattoli.it\/blog\/wp-content\/uploads\/2018\/03\/FrancescoPrimeVolte_cover-e1521476988716.jpg\" target=\"_blank\" rel=\"noopener\">\u201cFrancesco. Il Papa delle prime volte\u201d<\/a><br \/>\ndi Gerolamo Fazzini e Stefano Femminis<br \/>\nPrefazione di p. Federico Lombardi Contributi di dieci autori.<br \/>\nSan Paolo 2018, pagine 261, euro 16.00<br \/>\n<a href=\"http:\/\/www.luigiaccattoli.it\/blog\/prefazioni-e-capitoli\/la-novita-il-vangelo-preso-alla-lettera\/\" target=\"_blank\" rel=\"noopener\">Il contributo di Luigi Accattoli \u00e8 alle pp. 79-102:<br \/>\nLa novit\u00e0? Il Vangelo preso alla lettera<\/a><\/p>\n<p>Carlo Maria Martini<br \/>\n<a href=\"http:\/\/www.luigiaccattoli.it\/blog\/prefazioni-e-capitoli\/la-trasformazione-di-cristo-e-del-cristiano-alla-luce-del-tabor\/\" target=\"_blank\" rel=\"noopener\">La trasformazione di Cristo e del cristiano alla luce del Tabor<\/a><br \/>\n<a href=\"http:\/\/www.luigiaccattoli.it\/blog\/prefazioni-e-capitoli\/introduzione-di-luigi-accattoli\/\" target=\"_blank\" rel=\"noopener\">Introduzione di Luigi Accattoli alle pagine 7-12<\/a><br \/>\nCorriere della Sera 2017<\/p>\n<p>Paola Olzer con Luigi Accattoli<br \/>\n<a href=\"http:\/\/www.luigiaccattoli.it\/blog\/prefazioni-e-capitoli\/la-mia-via-crucis-e-quella-di-gesu\/\" target=\"_blank\" rel=\"noopener\">La mia Via Crucis e quella di Ges\u00f9. Diario di un viaggio in Terra Santa e di tutta una vita<\/a><br \/>\nEdizioni Ancora, pagine 103, euro 11<\/p>\n<p>Giovanni Tel\u00f2<br \/>\n<a href=\"http:\/\/www.luigiaccattoli.it\/blog\/?page_id=16152\"><strong>Storie vere dalla fine del mondo<\/strong><\/a><br \/>\nPostfazione di Luigi Accattoli &#8211; pp. 77s<\/p>\n<p>Benedetto XVI<br \/>\n<a href=\"http:\/\/www.luigiaccattoli.it\/blog\/?page_id=14913\"><strong>Nulla anteporre a Cristo<br \/>\nTesti sul monachesimo<\/strong><\/a><br \/>\nPresentazione di Luigi Accattoli<br \/>\nAbbazia di Praglia 2014<\/p>\n<p><a href=\"http:\/\/www.luigiaccattoli.it\/blog\/?page_id=14411\">Ho messo dell&#8217;amore in tutto questo<\/a><br \/>\nEdizioni Studium, Roma 2014, pp. 260, euro 25<\/p>\n<p>Matteo e Roberta Lariccia<br \/>\n<a title=\"copertina\" href=\"http:\/\/www.luigiaccattoli.it\/blog\/?p=12980\">Perch\u00e8 il battesimo<br \/>\nSecondo mamma e pap\u00e0<\/a><br \/>\nPrefazione di Luigi Accattoli<br \/>\nEffat\u00e0 editrice<\/p>\n<p>Giorgio Bernardelli<br \/>\n<a title=\"copertina\" href=\"http:\/\/www.luigiaccattoli.it\/blog\/?page_id=11608\">Vino Nuovo. Voci dal blog che fa discutere i cattolici italiani<\/a><br \/>\nCapitolo di Luigi Accattoli: &#8220;Spigolando nei campi di Moab&#8221;<br \/>\nIl pozzo di Giacobbe 2013<\/p>\n<p>Giorgio Meschini<br \/>\n<a title=\"copertina\" href=\"http:\/\/www.luigiaccattoli.it\/blog\/?page_id=9028\">La fede nella vita di un &#8220;semplice&#8221; cristiano<\/a><br \/>\nPrefazione di Luigi Accattoli<br \/>\nEDB 2012<\/p>\n<p>Guido Mocellin<br \/>\n<a title=\"copertina\" href=\"http:\/\/www.luigiaccattoli.it\/blog\/?page_id=3818\">Un cristiano piccolo piccolo. Storie di fede in questo tempo<\/a><br \/>\nPresentazione di Luigi Accattoli<br \/>\nEDB 2010<\/p>\n<p>Antonino D&#8217;Anna<br \/>\n<a title=\"copertina\" href=\"http:\/\/www.luigiaccattoli.it\/blog\/?page_id=3282\">I figli del terremoto.<br \/>\nMemorie di Monsignor Antonio Riboldi, Vescovo Emerito di Acerra<\/a><br \/>\nPrefazione di Luigi Accattoli<br \/>\nEdizioni Santocono 2009<\/p>\n<p>Giacomo Ruggeri<br \/>\n<a title=\"copertina\" href=\"http:\/\/www.luigiaccattoli.it\/blog\/?page_id=3272\">Prete uomo di Dio. Il ministero del sacerdote nel tempo moderno<\/a><br \/>\nPrefazione di Luigi Accattoli<br \/>\nTau editrice 2009<\/p>\n<p>Carlo Maria Martini<br \/>\n<a title=\"copertina\" href=\"http:\/\/www.luigiaccattoli.it\/blog\/?page_id=1040\">Liberi di credere. I giovani verso una fede consapevole<\/a><br \/>\nIntroduzione di Luigi Accattoli<br \/>\nIn dialogo 2009<\/p>\n<p>Hans K\u00fcng<br \/>\n<a title=\"copertina\" href=\"http:\/\/www.luigiaccattoli.it\/blog\/?page_id=1010\">Dalla nascita del mondo alla morte di Ges\u00f9<\/a><br \/>\nPrefazione di Luigi Accattoli<br \/>\nBUR 2009<\/p>\n<p>Lorenzo Chiarinelli<br \/>\n<a title=\"copertina\" href=\"http:\/\/www.luigiaccattoli.it\/blog\/?page_id=940\">Padre, dimmi una parola<\/a><br \/>\nPrefazione di Luigi Accattoli<br \/>\nEDB 2007<\/p>\n<p>John F. Pollard<br \/>\n<a title=\"copertina\" href=\"http:\/\/www.luigiaccattoli.it\/blog\/?page_id=801\">L&#8217;obolo di Pietro. Le finanze del papato moderno<\/a><br \/>\nPrefazione di Luigi Accattoli<br \/>\nCorbaccio 2006<\/p>\n<p>Michael Davide Semeraro<br \/>\n<a title=\"copertina\" href=\"http:\/\/www.luigiaccattoli.it\/blog\/?page_id=806\">Cantico dei cantici. L&#8217;amore non si improvvisa<\/a><br \/>\nPrefazione di Luigi Accattoli<br \/>\nEDB 2006<\/p>\n<p>Battista Borsato<br \/>\n<a title=\"copertina\" href=\"http:\/\/www.luigiaccattoli.it\/blog\/?page_id=832\">L&#8217;avventura sponsale. Linee di pastorale coniugale e familiare<\/a><br \/>\nPrefazione di Luigi Accattoli<br \/>\nEDB 2006<\/p>\n<p>Daniela Delcorno Branca e Giancarla Matteuzzi (a cura di)<br \/>\n<a title=\"copertina\" href=\"http:\/\/www.luigiaccattoli.it\/blog\/?page_id=839\">La speranza resistente.<br \/>\nScritti di don Paolo Serra Zanetti con un&#8217;appendice di testimonianze<\/a><br \/>\nPresentazione di Luigi Accattoli<br \/>\nEditrice Lo Scarabeo 2005<\/p>\n<p>Francesco Lambiasi<br \/>\n<a title=\"copertina\" href=\"http:\/\/www.luigiaccattoli.it\/blog\/?page_id=842\">Fu crocifisso: perch\u00e9? Sette domande sulla morte di Ges\u00f9<\/a><br \/>\nPrefazione di Luigi Accattoli<br \/>\nEditrice AVE 2005<\/p>\n<p>Santa Scorese<br \/>\n<a title=\"copertina\" href=\"http:\/\/www.luigiaccattoli.it\/blog\/?page_id=810\">Le zolle fiorite. Preghiere di una Serva di Dio<\/a><br \/>\nPresentazione di Luigi Accattoli<br \/>\nStilo Editrice 2003<\/p>\n<p>AA.VV.<br \/>\n<a title=\"copertina\" href=\"http:\/\/www.luigiaccattoli.it\/blog\/?page_id=1012\">Il pianto di Maria. La lacrimazione di Siracusa tra storia e fede<\/a><br \/>\nA cura di Giuseppe Greco<br \/>\nContributo di Luigi Accattoli: Lacrime e comunicazione<br \/>\nCitt\u00e0 Nuova 2003<\/p>\n<p>Domenico Del Rio<br \/>\n<a title=\"copertina\" href=\"http:\/\/www.luigiaccattoli.it\/blog\/?page_id=835\">Karol il grande. Storia di Giovanni Paolo II<\/a><br \/>\nPrefazione di Luigi Accattoli<br \/>\nEdizioni Paoline 2003<\/p>\n<p>Attilio Danese e Giulia Paola Di Nicola<br \/>\n<a title=\"copertina\" href=\"http:\/\/www.luigiaccattoli.it\/blog\/?page_id=846\">Un&#8217;aureola per due. Maria Corsini e Luigi Beltrame Quattrocchi<\/a><br \/>\nPrefazione di Luigi Accattoli<br \/>\nCitt\u00e0 Nuova editrice 2001<\/p>\n<p>Adriana Chemello (a cura di)<br \/>\n<a title=\"copertina\" href=\"http:\/\/www.luigiaccattoli.it\/blog\/?page_id=926\">Filippo Sacchi e Silvio Negro scrittori-giornalisti vicentini del Novecento<\/a><br \/>\nCapitolo di Luigi Accattoli:<br \/>\nSilvio Negro l&#8217;iniziatore del vaticanismo contemporaneo<br \/>\nMarsilio Editori 2001<\/p>\n<p><a title=\"copertina\" href=\"http:\/\/www.luigiaccattoli.it\/blog\/?page_id=1330\">La Calabria verso il Terzo Millennio.<br \/>\nCassiodoro e il dono silenzioso della salvezza<\/a><br \/>\nCapitolo di Luigi Accattoli: Cassiodoro a Roma e in Santa Maria Maggiore<br \/>\nLa Chiesa nel tempo. Rivista quadrimestrale di vita e di cultura<br \/>\nDiocesi di Reggio C.-Bova &#8211; Anno XVI &#8211; nn. 2-3\/2000<\/p>\n<p>Antonio Thellung<br \/>\n<a title=\"copertina\" href=\"http:\/\/www.luigiaccattoli.it\/blog\/?page_id=945\">Accanto al malato&#8230; sino alla fine.<br \/>\nAssistere i malati terminali in casa: esperienze e testimonianze<\/a><br \/>\nPrefazione di Luigi Accattoli<br \/>\nAncora Editrice 1998<\/p>\n<p>Chiara Amirante<br \/>\n<a title=\"copertina\" href=\"http:\/\/www.luigiaccattoli.it\/blog\/?page_id=811\">Nuovi orizzonti. La nostra avventura nel mondo della strada<\/a><br \/>\nPresentazione di Luigi Accattoli<br \/>\nCitt\u00e0 Nuova editrice 1996<\/p>\n<p>Giuseppe Zois<br \/>\n<a title=\"copertina\" href=\"http:\/\/www.luigiaccattoli.it\/blog\/?page_id=904\">Ersilio Tonini. Comunicare col cuore<\/a><br \/>\nTestimonianza di Luigi Accattoli: Con voce di padre<br \/>\nFerrari Editrice 1994<\/p>\n<p>Claudio Principi<br \/>\n<a href=\"http:\/\/www.luigiaccattoli.it\/blog\/prefazioni-e-capitoli\/a-loreto-un-poco-a-piedi-e-un-poco-camminando\/\" target=\"_blank\" rel=\"noopener\"><em>A Loreto un poco a piedi e un poco camminando.<\/em><\/a><br \/>\nMemoria folclorica sulla devozione mariana<br \/>\ne i pellegrinaggi lauretani dei marchigiani<br \/>\nPresentazione di Luigi Accattoli<br \/>\nSico editore 1994<\/p>\n<p><a title=\"copertina\" href=\"http:\/\/www.luigiaccattoli.it\/blog\/?page_id=901\">Paul VI et la modernit\u00e9 dans l&#8217;\u00c9glise<\/a><br \/>\nActes du colloque organis\u00e9 par l&#8217;\u00c9cole fran\u00e7aise de Rome<br \/>\n(Rome 2-4 juin 1983)<br \/>\nCapitolo di Luigi Accattoli: La figura di Paolo VI nell\u2019opinione pubblica italiana<br \/>\n\u00c9cole fran\u00e7aise de Rome 1984<\/p>\n","protected":false},"excerpt":{"rendered":"<p>Tito Brandsma Amore per gli animali e amore per l&#8217;uomo Prefazione di Luigi Accattoli alle pagine 5-8 Graphe edizioni 2022 \u201cFrancesco. Il Papa delle prime volte\u201d di Gerolamo Fazzini e&#8230;<\/p>\n<div class=\"more-link-wrapper\"><a class=\"more-link\" href=\"http:\/\/www.luigiaccattoli.it\/blog\/prefazioni-e-capitoli\/\">Read More<span class=\"screen-reader-text\">Prefazioni e Capitoli<\/span><\/a><\/div>\n","protected":false},"author":1,"featured_media":0,"parent":0,"menu_order":4,"comment_status":"open","ping_status":"closed","template":"","meta":{"_monsterinsights_skip_tracking":false,"_monsterinsights_sitenote_active":false,"_monsterinsights_sitenote_note":"","_monsterinsights_sitenote_category":0,"footnotes":""},"class_list":["post-109","page","type-page","status-publish","hentry","excerpt"],"_links":{"self":[{"href":"http:\/\/www.luigiaccattoli.it\/blog\/wp-json\/wp\/v2\/pages\/109","targetHints":{"allow":["GET"]}}],"collection":[{"href":"http:\/\/www.luigiaccattoli.it\/blog\/wp-json\/wp\/v2\/pages"}],"about":[{"href":"http:\/\/www.luigiaccattoli.it\/blog\/wp-json\/wp\/v2\/types\/page"}],"author":[{"embeddable":true,"href":"http:\/\/www.luigiaccattoli.it\/blog\/wp-json\/wp\/v2\/users\/1"}],"replies":[{"embeddable":true,"href":"http:\/\/www.luigiaccattoli.it\/blog\/wp-json\/wp\/v2\/comments?post=109"}],"version-history":[{"count":39,"href":"http:\/\/www.luigiaccattoli.it\/blog\/wp-json\/wp\/v2\/pages\/109\/revisions"}],"predecessor-version":[{"id":27953,"href":"http:\/\/www.luigiaccattoli.it\/blog\/wp-json\/wp\/v2\/pages\/109\/revisions\/27953"}],"wp:attachment":[{"href":"http:\/\/www.luigiaccattoli.it\/blog\/wp-json\/wp\/v2\/media?parent=109"}],"curies":[{"name":"wp","href":"https:\/\/api.w.org\/{rel}","templated":true}]}}