{"id":11057,"date":"2013-03-13T10:30:17","date_gmt":"2013-03-13T09:30:17","guid":{"rendered":"http:\/\/www.luigiaccattoli.it\/blog\/?page_id=11057"},"modified":"2013-03-13T10:30:17","modified_gmt":"2013-03-13T09:30:17","slug":"i-dieci-%e2%80%9cpiu-nominati%e2%80%9d-prima-dell%e2%80%99extra-omnes","status":"publish","type":"page","link":"http:\/\/www.luigiaccattoli.it\/blog\/articoli-del-corriere-della-sera\/i-dieci-%e2%80%9cpiu-nominati%e2%80%9d-prima-dell%e2%80%99extra-omnes\/","title":{"rendered":"I dieci \u201cpi\u00f9 nominati\u201d prima dell\u2019Extra Omnes"},"content":{"rendered":"<p><em>Pubblicato dal \u201cCorriere della Sera\u201d il 13 marzo <\/em><\/p>\n<p>&nbsp;<\/p>\n<p><strong>TIMOTHY DOLAN (Usa) 63 anni<\/strong><\/p>\n<p><em>Arcivescovo di New York<\/em><\/p>\n<p>Uomo energico e simpatico, disponibile a entrare in contatto con ogni ambiente, \u00e8 presidente della Conferenza episcopale Usa e arcivescovo di New York: la sua elezione a Papa costituirebbe il superamento della \u00abineleggibilit\u00e0\u00bb di un cardinale \u00abyankee\u00bb, come gi\u00e0 fu superata la presunta ineleggibilit\u00e0 di un uomo di un paese comunista nel 1978 e quella di un tedesco nel 2005. La sua fama di comunicatore \u00e8 mitica: ha presenziato alla convention repubblicana e a quella democratica durante le ultime elezioni presidenziali. A chi l\u2019interrogava in questi giorni sulla sua fama di \u201cpapabile\u201d diceva: \u201cMa quanta marjuana avete fumato?\u201d Si \u00e8 adoperato con efficacia per il risanamento dell\u2019arcidiocesi di New York dallo scandalo della pedofilia. Sostiene che il cristiano dev\u2019essere un \u201ccomunicatore di gioia\u201d.<\/p>\n<p>&nbsp;<\/p>\n<p><strong>PETER\u00a0ERDO (Ungheria) 60 anni<\/strong><\/p>\n<p><em>Arcivescovo di Strigonio-Budapest<\/em><\/p>\n<p>Il Primate d\u2019Ungheria parla sette lingue e benissimo l\u2019italiano. Dal 2006 \u00e8 anche presidente del Consiglio delle Conferenze Episcopali d\u2019Europa, carica alla quale \u00e8 stato rieletto nel 2011. In tale ruolo ha conquistato la stima di molti cardinali europei e africani che sono elettori nel Conclave: ha lanciato l\u2019idea di meeting biennali per lo scambio tra Chiese europee e Chiese dell\u2019Africa che hanno riscosso grande approvazione tra i vescovi dei due continenti. E\u2019 molto impegnato anche in campo ecumenico. Come formazione \u00e8 un canonista e un teologo, ha collaborato alla rivista \u201cCommunio\u201d fondata da Ratzinger nel 1972. Ha studiato a Berkeley e ha un orientamento culturale complessivamente conservatore ma senza rigidezze ed \u00e8 favorevole a un pi\u00f9 stretto rapporto con le Chiese dell\u2019Ortodossia e con l\u2019Ebraismo.<\/p>\n<p>&nbsp;<\/p>\n<p><strong>SEAN PATRICK\u00a0 O\u2019MALLEY\u00a0(Usa) 68 anni<\/strong><\/p>\n<p><em>Arcivescovo di Boston<\/em><\/p>\n<p>Cappuccino, 68 anni, missionario sull\u2019Isola di Pasqua, cappellano per i latinos a Washington (insegnava letteratura ispanica e portoghese all\u2019Universit\u00e0 Cattolica), coraggioso nella \u201cpenitenza\u201d per la pedofilia. Sarebbe un Papa in saio, fautore di un deciso rinnovamento spirituale e anche riformatore. Ha venduto l\u2019episcopio andando a vivere in una appartamento per pagare i debiti della diocesi dopo gli scandali legati alla pedofilia. E\u2019 stato tra i primi vescovi americani a gestire di persona un blog con il quale comunica con una grande quantit\u00e0 di visitatori. L\u2019obiezione che un Papa americano proietterebbe un\u2019ombra di potere politico e militare sul Papato sarebbe facilmente dissipata \u2013 se venisse eletto \u2013 dal suo aspetto mite e affabile, francescano nell\u2019immagine della barba e dei sandali prima ancora che nei convincimenti.<\/p>\n<p>&nbsp;<\/p>\n<p><strong>MARC OUELLET (Canada) 68 anni<\/strong><\/p>\n<p><em>Prefetto della Congregazione per i Vescovi<\/em><\/p>\n<p>Era considerato gi\u00e0 un papabile nel 2005, quand\u2019era arcivescovo di Quebec. Papa Ratzinger l\u2019ha chiamato nel 2010 a dirigere uno degli organismi pi\u00f9 importanti della Curia romana: la Congregazione che istruisce le nomine dei vescovi dove ha preso il posto del cardinale Re. Di tratto gentile, gran lavoratore, poliglotta e conoscitore sia del mondo ecclesiastico romano sia dell\u2019America Latina: ha fatto per sei anni il missionario in Colombia e a Roma ha compiuto gli studi di teologia alla Gregoriana e di filosofia all\u2019Angelicum. E\u2019 stato anche docente per alcuni anni alla Lateranense e\u00a0 collabora alla rivista di teologia \u201cCommunio\u201d, fondata da Ratzinger nel 1972. Le sue posizioni sono simili a quelle di Papa Benedetto in liturgia, ma di maggiore impegno nella promozione della collegialit\u00e0 e del laicato.<\/p>\n<p>&nbsp;<\/p>\n<p><strong>GIANFRANCO RAVASI (Italia) 70 anni<\/strong><\/p>\n<p><em>Presidente del Pontificio Consiglio per la Cultura<\/em><\/p>\n<p>E\u2019 il pi\u00f9 colto tra i cardinali e Papa Ratzinger l\u2019ha chiamato nel 2007 in Curia per dirigere il dicastero della Cultura, incaricandolo anche dell\u2019iniziativa di dialogo con gli ambienti laici denominata \u201cCortile dei Gentili\u201d. Il suo debole \u00e8 che non ha esperienza pastorale avendo sempre fatto il professore e lo scrittore. Ha una grande facilit\u00e0 di parola, \u00e8 un comunicatore affascinante, biblista di formazione e autore di una grande quantit\u00e0 di commenti scritturistici. Papa Benedetto l\u2019ha incaricato di scrivere i testi per la Via Crucis del 2007 e di tenere gli Esercizi di Quaresima di quest\u2019anno alla Curia Romana. La sua elezione starebbe a indicare un\u2019intenzione di porre al centro la Parola scritturistica, facendone il fulcro del rinnovamento della comunit\u00e0 e del dialogo ecumenico e interreligioso.<\/p>\n<p>&nbsp;<\/p>\n<p><strong>JOSE FRANCISCO ROBLES ORTEGA (Messico)<\/strong><\/p>\n<p><em>Arcivescovo di Guadalajara<\/em><\/p>\n<p>E\u2019 presidente della Conferenza episcopale del Messico, \u00e8 stato arcivescovo di Monterrey dove ha affrontato efficacemente grandi questioni sociali impegnando la comunit\u00e0 cattolica al fianco dei pi\u00f9 bisognosi. Ha un bell\u2019aspetto meticcio e un carattere tenace. Conosce abbastanza il mondo curiale vaticano, avendo studiato all\u2019Universit\u00e0 Gregoriana di Roma. Ha capito prima di altri lo scandalo del fondatore messicano dei Legionari di Cristo, Maciel Degollado, che riusc\u00ec a nascondere nei decenni \u2013 sia ai vescovi messicani sia ai responsabili del Vaticano \u2013 la sua condotta \u201cscandalosa\u201d di \u201cpoligamo\u201d e pedofilo. E\u2019 un comunicatore nato, sia nel contatto personale, sia attraverso i media. Capace di grande iniziativa nel contatto con ogni ambiente, twitta abitualmente con i fedeli e cura personalmente questa attivit\u00e0.<\/p>\n<p>&nbsp;<\/p>\n<p><strong>ODILO PEDRO SCHERER (Brasile) 63anni<\/strong><\/p>\n<p><em>Arcivescovo di San Paolo del Brasile<\/em><\/p>\n<p>Conosce bene la Curia romana dove ha lavorato e dove fa parte delle commissioni per lo Ior e il bilancio, ma conosce ancora meglio la povert\u00e0 delle periferie di San Paolo: \u00e8 un uomo di modi semplici, gestisce personalmente l\u2019Arsenale della Speranza, aperto ogni giorno ad oltre mille poveri e lo considera la sua \u00abseconda cattedrale\u00bb. E\u2019 descritto come impegnato nel sociale ma critico dei teologi della liberazione schierati in politica. Ha dichiarato che occorre avere \u00abtolleranza zero\u00bb contro i preti pedofili: \u201cLa Chiesa non li copra, ognuno deve rispondere delle sue azioni\u201d. Ha fama di essere sostenuto dai responsabili della Curia romana: la sua elezione potrebbe portare a un riassetto che ne migliorerebbe la governance e la comunicazione con il mondo. Sua eminenza \u00e8 in Twitter, dove ha 20 mila followers.<\/p>\n<p>&nbsp;<\/p>\n<p><strong>ANGELO SCOLA (Italia) 71 anni<\/strong><\/p>\n<p><em>Arcivescovo di Milano<\/em><\/p>\n<p>La sua elezione riporterebbe il Papato in Italia dopo i 35 anni dei Papi polacco e tedesco. Abbina il carisma dello studioso con quello del pastore. Ha esperienza romana (\u00e8 stato un collaboratore di Ratzinger alla Dottrina della Fede e Rettore dell\u2019Universit\u00e0 Lateranense) ma non \u00e8 un uomo di Curia. Porterebbe a compimento l\u2019attenzione degli ultimi due Papi ai movimenti ecclesiali. La sua provenienza da Comunione e liberazione \u00e8 temuta dai colleghi italiani ma non \u00e8 una cattiva carta \u2013 \u00e8 anzi ottima \u2013 per i cardinali non italiani. Prima di essere chiamato a Milano era stato Patriarca di Venezia. Ha iniziativa nel dialogo interreligioso ed \u00e8 stimato dagli interlocutori musulmani. Danneggiato dalla richiesta del capo di CL di mandarlo a Milano per correggere l\u2019eredit\u00e0 dei \u201cprogressisti\u201d Martini e Tettamanzi.<\/p>\n<p>&nbsp;<\/p>\n<p><strong>LUIS ANTONIO\u00a0TAGLE (Filippine)\u00a0 56 anni<\/strong><\/p>\n<p><em>Arcivescovo di Manila<\/em><\/p>\n<p>E\u2019 giovane \u2013 forse troppo \u2013 ma \u00e8 preparatissimo come studi e come esperienze internazionali: di padre filippino e di madre cinese, \u00e8 arcivescovo di Manila, ha studiato negli Usa e ha fatto parte della Commissione teologica internazionale, \u00e8 uno degli autori della <em>Storia del Concilio Vaticano II<\/em> diretta da Alberigo (Il Mulino). Si rapporta con spontaneit\u00e0 alla gente pi\u00f9 povera delle sterminate periferie di Manila e la sua immagine sorridente attira rapidamente le simpatie. Al Sinodo dello scorso ottobre ha reagito cos\u00ec ai lamenti sulla crisi della Chiesa in Europa: \u201cHo accolto con stupore le osservazioni sulla paura di essere in decrescita, sul numero dei praticanti, sulla reale influenza: io vengo dall\u2019Asia e l\u00e0 noi non siamo mai stati in maggioranza eppure la nostra Chiesa \u00e8 viva ed esprime gioia\u201d.<\/p>\n<p>&nbsp;<\/p>\n<p><strong>PETER KODWO APPIAH TURKSON (Ghana) 64 anni<\/strong><\/p>\n<p><em>Presidente del Pontificio Consiglio per la Giustizia e la Pace<\/em><\/p>\n<p>E\u2019 stato arcivescovo di Cape Coast e presidente della Conferenza episcopale del Ghana, relatore generale al Sinodo per l\u2019Africa del 2009 e da quell\u2019anno \u00e8 presidente del Pontificio Consiglio per la Giustizia e la Pace: conosce dunque sia l\u2019Africa sia la Curia romana. Uomo di indole cordiale, sorridente, impersona una figura di cristiano attiva nell\u2019aiuto ai poveri, ben decisa nel confronto con l\u2019Islam, attenta alla protezione della natura, desiderosa di contribuire alla comprensione tra i popoli e alla pace in Africa e nel mondo: \u201cLa Chiesa \u2013 ha detto in una dichiarazione di questi giorni \u2013 esiste per accompagnare l\u2019umanit\u00e0 nel suo cammino cercando di indicare, sulla base del Vangelo, le strade che l\u2019umanit\u00e0 pu\u00f2 seguire. Io ho grande fiducia che la Chiesa e l\u2019umanit\u00e0 possano fare insieme quel cammino\u201d.<\/p>\n","protected":false},"excerpt":{"rendered":"<p>Pubblicato dal \u201cCorriere della Sera\u201d il 13 marzo &nbsp; TIMOTHY DOLAN (Usa) 63 anni Arcivescovo di New York Uomo energico e simpatico, disponibile a entrare in contatto con ogni ambiente,&#8230;<\/p>\n<div class=\"more-link-wrapper\"><a class=\"more-link\" href=\"http:\/\/www.luigiaccattoli.it\/blog\/articoli-del-corriere-della-sera\/i-dieci-%e2%80%9cpiu-nominati%e2%80%9d-prima-dell%e2%80%99extra-omnes\/\">Read More<span class=\"screen-reader-text\">I dieci \u201cpi\u00f9 nominati\u201d prima dell\u2019Extra Omnes<\/span><\/a><\/div>\n","protected":false},"author":1,"featured_media":0,"parent":7661,"menu_order":0,"comment_status":"open","ping_status":"closed","template":"","meta":{"_monsterinsights_skip_tracking":false,"_monsterinsights_sitenote_active":false,"_monsterinsights_sitenote_note":"","_monsterinsights_sitenote_category":0,"footnotes":""},"class_list":["post-11057","page","type-page","status-publish","hentry","excerpt"],"_links":{"self":[{"href":"http:\/\/www.luigiaccattoli.it\/blog\/wp-json\/wp\/v2\/pages\/11057","targetHints":{"allow":["GET"]}}],"collection":[{"href":"http:\/\/www.luigiaccattoli.it\/blog\/wp-json\/wp\/v2\/pages"}],"about":[{"href":"http:\/\/www.luigiaccattoli.it\/blog\/wp-json\/wp\/v2\/types\/page"}],"author":[{"embeddable":true,"href":"http:\/\/www.luigiaccattoli.it\/blog\/wp-json\/wp\/v2\/users\/1"}],"replies":[{"embeddable":true,"href":"http:\/\/www.luigiaccattoli.it\/blog\/wp-json\/wp\/v2\/comments?post=11057"}],"version-history":[{"count":1,"href":"http:\/\/www.luigiaccattoli.it\/blog\/wp-json\/wp\/v2\/pages\/11057\/revisions"}],"predecessor-version":[{"id":11058,"href":"http:\/\/www.luigiaccattoli.it\/blog\/wp-json\/wp\/v2\/pages\/11057\/revisions\/11058"}],"up":[{"embeddable":true,"href":"http:\/\/www.luigiaccattoli.it\/blog\/wp-json\/wp\/v2\/pages\/7661"}],"wp:attachment":[{"href":"http:\/\/www.luigiaccattoli.it\/blog\/wp-json\/wp\/v2\/media?parent=11057"}],"curies":[{"name":"wp","href":"https:\/\/api.w.org\/{rel}","templated":true}]}}