{"id":11133,"date":"2013-03-17T23:54:01","date_gmt":"2013-03-17T22:54:01","guid":{"rendered":"http:\/\/www.luigiaccattoli.it\/blog\/?page_id=11133"},"modified":"2013-03-18T15:44:57","modified_gmt":"2013-03-18T14:44:57","slug":"un-papa-nuovo-solo-in-strada-e-solo-alla-finestra","status":"publish","type":"page","link":"http:\/\/www.luigiaccattoli.it\/blog\/articoli-del-corriere-della-sera\/un-papa-nuovo-solo-in-strada-e-solo-alla-finestra\/","title":{"rendered":"Un Papa nuovo. Solo in strada e solo alla finestra"},"content":{"rendered":"<p><em>Pubblicato dal \u201cCorriere della Sera\u201d del 18 marzo<\/em><\/p>\n<p>&nbsp;<\/p>\n<p>Primo affaccio del Papa nuovo alla finestra dello studio e forte impressione \u2013 magari ingiusta, o disinformata \u2013 di una sua solitudine. L\u2019hanno avuta in tanti a vederlo lass\u00f9 in alto, nel vuoto della finestra, senza nessuno intorno che facesse da coro alla preghiera. Quanto potr\u00e0 andare avanti cos\u00ec il Papa \u201cfai da te\u201d, che non ha ancora un segretario \u201cparticolare\u201d e non accetta i discorsi preparati dagli uffici?<\/p>\n<p>Papa Bergoglio non ha un segretario come non l\u2019aveva a Buenos Aires. Alfred Xuereb, il prete maltese che dal 2007 era il secondo segretario di Papa Benedetto, si \u00e8 intravisto ieri che gli passava i fogli del discorso al momento dell\u2019<em>Angelus<\/em>. Ma un segretario tutto suo gli sar\u00e0 necessario per difendere la propria autonomia e far marciare la giornata.<\/p>\n<p>Come non aveva voluto un discorso preparato dallo staff curiale per la messa di gioved\u00ec nella Sistina, cos\u00ec non ha voluto che gli uffici predisponessero un testo per l\u2019<em>Angelus<\/em> di ieri come anche per la messa nella chiesa di Sant\u2019Anna. Quella messa poi era senza precedenti: pare che nessun Papa sia mai andato a celebrare nella \u201cparrocchia del Vaticano\u201d all\u2019inizio del Pontificato. Un tipico gesto da Papa parroco ma che non era stato compiuto neanche da Giovanni Paolo I che del Papa parroco incarnava il prototipo.<\/p>\n<p>Da solo Francesco ha curato la sua presa di contatto con i \u201cparrocchiani\u201d del Vaticano, da solo si \u00e8 affacciato sulla strada per salutare la folla, da solo ha scritto e ha svolto il primo <em>Angelus<\/em>. Agli uffici si \u00e8 affidato invece per il primo twitt che \u00e8 partito ieri in nove lingue dal suo nuovo account che ha preso il posto di quello di Papa Benedetto, chiuso il 28 febbraio: come il predecessore, Francesco approva ma non prepara i testi.<\/p>\n<p>Per l\u2019Angelus non aveva preparato i saluti nelle diverse lingue e non ne ha improvvisati, pur essendo poliglotta. Forse per semplificare. O non ha avuto il tempo di pensarci. Chi gli sta intorno prevede che continui cos\u00ec, alla giornata, almeno fino a Pasqua. L\u2019osservatore esterno non sa se augurarsi che si circondi subito di gente fidata, o che vada avanti con questa spontaneit\u00e0 per non farsi ingabbiare. Ma deve ammettere che lui, Papa Francesco, non appare preoccupato o incerto su dove mettere i piedi o su che cosa dire. Con la sua disarmata sicurezza, pare Papa da sempre.<\/p>\n<p><strong>Luigi Accattoli<\/strong><\/p>\n<p>www.luigiaccattoli.it<\/p>\n","protected":false},"excerpt":{"rendered":"<p>Pubblicato dal \u201cCorriere della Sera\u201d del 18 marzo &nbsp; Primo affaccio del Papa nuovo alla finestra dello studio e forte impressione \u2013 magari ingiusta, o disinformata \u2013 di una sua&#8230;<\/p>\n<div class=\"more-link-wrapper\"><a class=\"more-link\" href=\"http:\/\/www.luigiaccattoli.it\/blog\/articoli-del-corriere-della-sera\/un-papa-nuovo-solo-in-strada-e-solo-alla-finestra\/\">Read More<span class=\"screen-reader-text\">Un Papa nuovo. Solo in strada e solo alla finestra<\/span><\/a><\/div>\n","protected":false},"author":1,"featured_media":0,"parent":7661,"menu_order":0,"comment_status":"open","ping_status":"closed","template":"","meta":{"_monsterinsights_skip_tracking":false,"_monsterinsights_sitenote_active":false,"_monsterinsights_sitenote_note":"","_monsterinsights_sitenote_category":0,"footnotes":""},"class_list":["post-11133","page","type-page","status-publish","hentry","excerpt"],"_links":{"self":[{"href":"http:\/\/www.luigiaccattoli.it\/blog\/wp-json\/wp\/v2\/pages\/11133","targetHints":{"allow":["GET"]}}],"collection":[{"href":"http:\/\/www.luigiaccattoli.it\/blog\/wp-json\/wp\/v2\/pages"}],"about":[{"href":"http:\/\/www.luigiaccattoli.it\/blog\/wp-json\/wp\/v2\/types\/page"}],"author":[{"embeddable":true,"href":"http:\/\/www.luigiaccattoli.it\/blog\/wp-json\/wp\/v2\/users\/1"}],"replies":[{"embeddable":true,"href":"http:\/\/www.luigiaccattoli.it\/blog\/wp-json\/wp\/v2\/comments?post=11133"}],"version-history":[{"count":3,"href":"http:\/\/www.luigiaccattoli.it\/blog\/wp-json\/wp\/v2\/pages\/11133\/revisions"}],"predecessor-version":[{"id":11137,"href":"http:\/\/www.luigiaccattoli.it\/blog\/wp-json\/wp\/v2\/pages\/11133\/revisions\/11137"}],"up":[{"embeddable":true,"href":"http:\/\/www.luigiaccattoli.it\/blog\/wp-json\/wp\/v2\/pages\/7661"}],"wp:attachment":[{"href":"http:\/\/www.luigiaccattoli.it\/blog\/wp-json\/wp\/v2\/media?parent=11133"}],"curies":[{"name":"wp","href":"https:\/\/api.w.org\/{rel}","templated":true}]}}