{"id":11207,"date":"2013-03-24T18:17:53","date_gmt":"2013-03-24T17:17:53","guid":{"rendered":"http:\/\/www.luigiaccattoli.it\/blog\/?page_id=11207"},"modified":"2013-03-24T18:17:53","modified_gmt":"2013-03-24T17:17:53","slug":"un-papa-nuovo-francesco-da-benedetto-ovvero-l%e2%80%99immagine-allo-specchio","status":"publish","type":"page","link":"http:\/\/www.luigiaccattoli.it\/blog\/articoli-del-corriere-della-sera\/un-papa-nuovo-francesco-da-benedetto-ovvero-l%e2%80%99immagine-allo-specchio\/","title":{"rendered":"Un Papa nuovo. Francesco da Benedetto ovvero l\u2019immagine allo specchio"},"content":{"rendered":"<p><em style=\"font-size: medium; font-family: 'Times New Roman', serif;\">Pubblicato dal \u201cCorriere della Sera\u201d del 24 marzo a pagina 21 con il titolo \u201cDifficile notare la differenza negli abiti\u201d<\/em><\/p>\n<p>&nbsp;<\/p>\n<p><span style=\"font-family: 'Times New Roman', serif;\"><span style=\"font-size: medium;\">A colpo d\u2019occhio il Papa emerito e il Papa regnante si somigliano come due gocce d\u2019acqua: non di faccia ovviamente, ma per le vesti e per l\u2019intero abbigliamento. A vederli che conversano seduti ai lati di un tavolinetto, o che si stringono le mani stando in piedi, solo un cultore della materia nota le differenze. Che sono minime perch\u00e9 i due hanno condotto \u2013 in due tempi \u2013 una specie di gara a togliere, che li ha lasciati somigliantissimi. Era come se ieri Francesco vedesse se stesso in Benedetto e viceversa, quasi in un\u2019immagine specchiata.<\/span><\/span><\/p>\n<p><span style=\"font-family: 'Times New Roman', serif;\"><span style=\"font-size: medium;\">Indossavano ambedue la talare bianca: \u201ctalare\u201d, cio\u00e8 veste che arriva ai talloni. Su di essa il Papa emerito non aveva nulla, mentre il Papa regnante aveva la mozzetta (mantellina aperta sul petto) dello stesso colore e della stessa stoffa della talare, e la fascia intorno alla vita. Il Papa emerito era dunque pi\u00f9 disadorno, ma l\u2019effetto bianco panna era lo stesso. <\/span><\/span><\/p>\n<p><span style=\"font-family: 'Times New Roman', serif;\"><span style=\"font-size: medium;\">Sapevamo gi\u00e0 che li avremmo visti cos\u00ec, perch\u00e9 il portavoce vaticano a suo tempo aveva informato che il Papa emerito avrebbe continuato a vestire la talare bianca senza mozzetta e senza fascia, e avrebbe anche lasciato le scarpe rosse per usarne di color marrone. <\/span><\/span><\/p>\n<p><span style=\"font-family: 'Times New Roman', serif;\"><span style=\"font-size: medium;\">Nelle foto e nel filmato di ieri non si distinguono le scarpe calzate dal Papa emerito, mentre Bergoglio aveva le scarpe nere con le quali \u00e8 arrivato dall\u2019Argentina e che ha sempre usato dall\u2019elezione a oggi: si dice che siano ortopediche e che gli siano necessarie per indicazione medica. Uno dunque rinuncia alle scarpe rosse e l\u2019altro non le prende ed ecco che anche per questa via le due immagini si avvicinano. <\/span><\/span><\/p>\n<p><span style=\"font-family: 'Times New Roman', serif;\"><span style=\"font-size: medium;\">La vicinanza d\u2019immagine era poi accentuata dal fatto che ambedue portavano la croce pettorale e l\u2019anello episcopale. All\u2019aperto il Papa emerito indossava sulla talare una giacca bianca con imbottiture esagonali: quella giacca, come gi\u00e0 i maglioni bianchi di Papa Wojtyla, sono arrangiamenti personali senza precedenti nella storia dell\u2019abbigliamento papale. <\/span><\/span><\/p>\n<p><span style=\"font-family: 'Times New Roman', serif;\"><span style=\"font-size: medium;\">La somiglianza d\u2019immagine tra i due Papi si lega alla contiguit\u00e0 del nome e alla vicinanza delle residenze: tre elementi decisi in autonomia dal Papa emerito quando era ancora regnante. E\u2019 stato lui a stabilire che avrebbe vestito di bianco, che si sarebbe chiamato \u201cPapa emerito\u201d e che avrebbe abitato in Vaticano. <\/span><\/span><\/p>\n<p><span style=\"font-family: 'Times New Roman', serif;\"><span style=\"font-size: medium;\">Ha riassunto queste tre permanenze con l\u2019espressione: \u201cResto nel recinto di San Pietro\u201d, come a dire che non abbandona la sfera della missione papale anche se non ne esercita pi\u00f9 la potest\u00e0 e si limita ad accompagnare con la preghiera quella esercitata dal successore. <\/span><\/span><\/p>\n<p><span style=\"font-family: 'Times New Roman', serif;\"><span style=\"font-size: medium;\">In Vaticano si chiedono se il Papa nuovo condivida questa \u201cpermanenza\u201d del Papa vecchio nel recinto di San Pietro e soprattutto se trovi opportuno che don Georg continui nel doppio ruolo di Prefetto della Casa Pontificia (che gli \u00e8 stato affidato lo scorso dicembre) e di segretario personale del vecchio Papa. Don Georg infatti risieder\u00e0 nel Monastero dei Giardini Vaticani dove andr\u00e0 ad abitare Benedetto XVI in maggio e svolger\u00e0 il suo lavoro nel Palazzo Vaticano dove sar\u00e0 in continuo contatto con Papa Bergoglio. <\/span><\/span><\/p>\n<p><span style=\"font-family: 'Times New Roman', serif;\"><span style=\"font-size: medium;\">Non sar\u00e0 un collegamento troppo stretto? Dal futuro destino di don Georg sapremo se quanto ha previsto il Papa teologo trova accoglienza nel Papa gesuita. A giudicare dalla \u201cfraternit\u00e0\u201d con cui si sono abbracciati ieri si pu\u00f2 immaginare che si vedranno ancora e che il collegamento garantito da don Georg avr\u00e0 una qualche durata. <\/span><\/span><\/p>\n<p><span style=\"font-family: 'Times New Roman', serif;\"><span style=\"font-size: medium;\"><strong>Luigi Accattoli<\/strong><\/span><\/span><\/p>\n<p><span style=\"font-family: 'Times New Roman', serif;\"><span style=\"font-size: medium;\">www.luigiaccattoli.it<\/span><\/span><\/p>\n","protected":false},"excerpt":{"rendered":"<p>Pubblicato dal \u201cCorriere della Sera\u201d del 24 marzo a pagina 21 con il titolo \u201cDifficile notare la differenza negli abiti\u201d &nbsp; A colpo d\u2019occhio il Papa emerito e il Papa&#8230;<\/p>\n<div class=\"more-link-wrapper\"><a class=\"more-link\" href=\"http:\/\/www.luigiaccattoli.it\/blog\/articoli-del-corriere-della-sera\/un-papa-nuovo-francesco-da-benedetto-ovvero-l%e2%80%99immagine-allo-specchio\/\">Read More<span class=\"screen-reader-text\">Un Papa nuovo. Francesco da Benedetto ovvero l\u2019immagine allo specchio<\/span><\/a><\/div>\n","protected":false},"author":1,"featured_media":0,"parent":7661,"menu_order":0,"comment_status":"open","ping_status":"closed","template":"","meta":{"_monsterinsights_skip_tracking":false,"_monsterinsights_sitenote_active":false,"_monsterinsights_sitenote_note":"","_monsterinsights_sitenote_category":0,"footnotes":""},"class_list":["post-11207","page","type-page","status-publish","hentry","excerpt"],"_links":{"self":[{"href":"http:\/\/www.luigiaccattoli.it\/blog\/wp-json\/wp\/v2\/pages\/11207","targetHints":{"allow":["GET"]}}],"collection":[{"href":"http:\/\/www.luigiaccattoli.it\/blog\/wp-json\/wp\/v2\/pages"}],"about":[{"href":"http:\/\/www.luigiaccattoli.it\/blog\/wp-json\/wp\/v2\/types\/page"}],"author":[{"embeddable":true,"href":"http:\/\/www.luigiaccattoli.it\/blog\/wp-json\/wp\/v2\/users\/1"}],"replies":[{"embeddable":true,"href":"http:\/\/www.luigiaccattoli.it\/blog\/wp-json\/wp\/v2\/comments?post=11207"}],"version-history":[{"count":1,"href":"http:\/\/www.luigiaccattoli.it\/blog\/wp-json\/wp\/v2\/pages\/11207\/revisions"}],"predecessor-version":[{"id":11208,"href":"http:\/\/www.luigiaccattoli.it\/blog\/wp-json\/wp\/v2\/pages\/11207\/revisions\/11208"}],"up":[{"embeddable":true,"href":"http:\/\/www.luigiaccattoli.it\/blog\/wp-json\/wp\/v2\/pages\/7661"}],"wp:attachment":[{"href":"http:\/\/www.luigiaccattoli.it\/blog\/wp-json\/wp\/v2\/media?parent=11207"}],"curies":[{"name":"wp","href":"https:\/\/api.w.org\/{rel}","templated":true}]}}