{"id":11263,"date":"2013-03-30T16:51:01","date_gmt":"2013-03-30T15:51:01","guid":{"rendered":"http:\/\/www.luigiaccattoli.it\/blog\/?page_id=11263"},"modified":"2013-03-30T16:51:01","modified_gmt":"2013-03-30T15:51:01","slug":"un-papa-nuovo-il-suo-motto-potrebbe-essere-%e2%80%9cfatti-e-non-parole%e2%80%9d","status":"publish","type":"page","link":"http:\/\/www.luigiaccattoli.it\/blog\/articoli-del-corriere-della-sera\/un-papa-nuovo-il-suo-motto-potrebbe-essere-%e2%80%9cfatti-e-non-parole%e2%80%9d\/","title":{"rendered":"Un Papa nuovo. Il suo motto potrebbe essere \u201cfatti e non parole\u201d"},"content":{"rendered":"<p><em style=\"font-size: medium; font-family: 'Times New Roman', serif;\">Pubblicato dal \u201cCorriere della Sera\u201d del 30 marzo a pagina 22 con il titolo \u201cA chi vuole riforme non offre parole ma i suoi gesti\u201d.<\/em><\/p>\n<p>&nbsp;<\/p>\n<p><span style=\"font-family: 'Times New Roman', serif;\"><span style=\"font-size: medium;\">L\u2019animoso predicatore francescano gli chiede di riportare la Chiesa alla semplicit\u00e0 delle origini e glielo chiede in nome di Francesco d\u2019Assisi e lui, Papa Francesco, ascolta pensoso e non dice nulla: \u00e8 un momento della celebrazione di ieri pomeriggio in San Pietro ed \u00e8 un\u2019immagine del momento creativo e anche drammatico che sta vivendo la Chiesa Cattolica. <\/span><\/span><\/p>\n<p><span style=\"font-family: 'Times New Roman', serif;\"><span style=\"font-size: medium;\">Ieri non era previsto che Papa Bergoglio parlasse, ma anche quando parla mai dice che cosa intenda fare. E non \u00e8 un caso che non lo dica, \u00e8 una strategia: egli va avanti con i gesti e i fatti, e si sa che la fattualit\u00e0 da sempre \u00e8 stata nel governo papale pi\u00f9 efficace e meno esposta alla contestazione rispetto alle parole. <\/span><\/span><\/p>\n<p><span style=\"font-family: 'Times New Roman', serif;\"><span style=\"font-size: medium;\">Gli storici della Chiesa descrivono spesso una legge non scritta che pu\u00f2 essere formulata cos\u00ec: il Papa ha il pieno potere decisionale ma riesce a usarlo solo se non attiva consultazioni o istruttorie e mette tutti davanti al fatto compiuto. Il Concilio convocato mezzo secolo addietro da Papa Giovanni e la \u201crinuncia\u201d di Papa Benedetto sono le verifiche pi\u00f9 recenti di quella legge.<\/span><\/span><\/p>\n<p><span style=\"font-family: 'Times New Roman', serif;\"><span style=\"font-size: medium;\">Pio XI e Pio XII studiarono per anni la possibilit\u00e0 di convocare un Concilio, consultarono l\u2019uno l\u2019intero episcopato mondiale, l\u2019altro i metropoliti e ambedue non ne fecero nulla. Papa Roncalli non consult\u00f2 nessuno, diede l\u2019annuncio come un fulmine a ciel sereno e il Concilio si \u00e8 fatto.<\/span><\/span><\/p>\n<p><span style=\"font-family: 'Times New Roman', serif;\"><span style=\"font-size: medium;\">I Papi Pacelli, Roncalli, Montini e Wojtyla fecero studiare l\u2019opportunit\u00e0 della propria \u201crinuncia\u201d al Pontificato, una volta appurate le invalidit\u00e0 e i malanni della vecchiaia, ma ne furono sconsigliati e rimasero al loro posto. Ratzinger non ha consultato nessuno e la sua rinuncia \u00e8 stata subito un fatto.<\/span><\/span><\/p>\n<p><span style=\"font-family: 'Times New Roman', serif;\"><span style=\"font-size: medium;\">Papa Francesco fino a oggi ha preso solo piccole decisioni, ma le ha prese tutte fattualmente, senza preannuncio e addirittura senza spiegazioni neanche post factum e hanno \u2013 ovviamente \u2013 funzionato. C\u2019\u00e8 da scommettere che egli voglia applicare lo stesso metodo alle grandi questioni. <\/span><\/span><\/p>\n<p><span style=\"font-family: 'Times New Roman', serif;\"><span style=\"font-size: medium;\">Ha rinunciato alla mozzetta rossa, al rocchetto e allo stolone con cui i Papi si presentavano alla Loggia dopo l\u2019elezione; ha mantenuto la croce pettorale e la mitria di quando era arcivescovo; non ha voluto le scarpe rosse; \u00e8 restato fino a oggi e ha fatto sapere che rester\u00e0 ancora \u201cper un certo periodo di tempo\u201d al Santa Marta; ha lavato i piedi l\u2019altro ieri ai carcerati, compresi due musulmani e due donne: tutti \u201cgesti\u201d che gli sarebbero stati sconsigliati se avesse chiesto un parere. <\/span><\/span><\/p>\n<p><span style=\"font-family: 'Times New Roman', serif;\"><span style=\"font-size: medium;\">Supponiamo che egli voglia lasciare per sempre il Palazzo Papale, che troppo l\u2019allontana dalla comune umanit\u00e0: potrebbe semplicemente restare al Santa Marta senza dire nulla n\u00e9 alla Curia n\u00e9 al mondo fino al consolidamento del nuovo corso. Lo stesso potrebbe fare, se volesse, con la chiusura dello IOR che ha provocato nei decenni enorme danno all\u2019immagine della Chiesa Cattolica: se la fa studiare lo bloccano, ma se l\u2019annuncia improvvisamente la cosa funziona. <\/span><\/span><\/p>\n<p>\u201c<span style=\"font-family: 'Times New Roman', serif;\"><span style=\"font-size: medium;\">Nessuna miglior maniera di dire le cose che farle\u201d sosteneva don Giuseppe De Luca, un coltissimo prete romano che fu consigliere di Giovanni XXIII. De Luca aveva studiato dai Gesuiti ed \u00e8 verosimile che il gesuita Bergoglio condivida quel principio. <\/span><\/span><\/p>\n<p><span style=\"font-family: 'Times New Roman', serif;\"><span style=\"font-size: medium;\">Sta di fatto che fino a oggi non ha mai parlato di riforme se non in un caso emblematico, narrando ai giornalisti il 16 marzo una \u201cbattuta\u201d che gli \u00e8 stata rivolta in Conclave al momento della scelta del nome, quando qualcuno tra i cardinali gli ebbe a dire: \u201cTu dovresti chiamarti Adriano, perch\u00e9 Adriano VI \u00e8 stato il riformatore, bisogna riformare\u201d.<\/span><\/span><\/p>\n<p><span style=\"font-family: 'Times New Roman', serif;\"><span style=\"font-size: medium;\">Ecco il punto: Bergoglio d\u00e0 per scontato che \u201cbisogna riformare\u201d. Ma sa che l\u2019argomento \u00e8 tab\u00f9 ai piani alti della Chiesa. E dunque non ne parla. Finch\u00e8 non dir\u00e0 nulla possiamo immaginare che qualche riforma potr\u00e0 farla. <\/span><\/span><\/p>\n<p><span style=\"font-family: 'Times New Roman', serif;\"><span style=\"font-size: medium;\"><strong>Luigi Accattoli<\/strong><\/span><\/span><\/p>\n<p><span style=\"font-family: 'Times New Roman', serif;\"><span style=\"font-size: medium;\">www.luigiaccattoli.it<\/span><\/span><\/p>\n","protected":false},"excerpt":{"rendered":"<p>Pubblicato dal \u201cCorriere della Sera\u201d del 30 marzo a pagina 22 con il titolo \u201cA chi vuole riforme non offre parole ma i suoi gesti\u201d. &nbsp; L\u2019animoso predicatore francescano gli&#8230;<\/p>\n<div class=\"more-link-wrapper\"><a class=\"more-link\" href=\"http:\/\/www.luigiaccattoli.it\/blog\/articoli-del-corriere-della-sera\/un-papa-nuovo-il-suo-motto-potrebbe-essere-%e2%80%9cfatti-e-non-parole%e2%80%9d\/\">Read More<span class=\"screen-reader-text\">Un Papa nuovo. Il suo motto potrebbe essere \u201cfatti e non parole\u201d<\/span><\/a><\/div>\n","protected":false},"author":1,"featured_media":0,"parent":7661,"menu_order":0,"comment_status":"open","ping_status":"closed","template":"","meta":{"_monsterinsights_skip_tracking":false,"_monsterinsights_sitenote_active":false,"_monsterinsights_sitenote_note":"","_monsterinsights_sitenote_category":0,"footnotes":""},"class_list":["post-11263","page","type-page","status-publish","hentry","excerpt"],"_links":{"self":[{"href":"http:\/\/www.luigiaccattoli.it\/blog\/wp-json\/wp\/v2\/pages\/11263","targetHints":{"allow":["GET"]}}],"collection":[{"href":"http:\/\/www.luigiaccattoli.it\/blog\/wp-json\/wp\/v2\/pages"}],"about":[{"href":"http:\/\/www.luigiaccattoli.it\/blog\/wp-json\/wp\/v2\/types\/page"}],"author":[{"embeddable":true,"href":"http:\/\/www.luigiaccattoli.it\/blog\/wp-json\/wp\/v2\/users\/1"}],"replies":[{"embeddable":true,"href":"http:\/\/www.luigiaccattoli.it\/blog\/wp-json\/wp\/v2\/comments?post=11263"}],"version-history":[{"count":1,"href":"http:\/\/www.luigiaccattoli.it\/blog\/wp-json\/wp\/v2\/pages\/11263\/revisions"}],"predecessor-version":[{"id":11264,"href":"http:\/\/www.luigiaccattoli.it\/blog\/wp-json\/wp\/v2\/pages\/11263\/revisions\/11264"}],"up":[{"embeddable":true,"href":"http:\/\/www.luigiaccattoli.it\/blog\/wp-json\/wp\/v2\/pages\/7661"}],"wp:attachment":[{"href":"http:\/\/www.luigiaccattoli.it\/blog\/wp-json\/wp\/v2\/media?parent=11263"}],"curies":[{"name":"wp","href":"https:\/\/api.w.org\/{rel}","templated":true}]}}