{"id":12649,"date":"2013-10-02T14:31:09","date_gmt":"2013-10-02T12:31:09","guid":{"rendered":"http:\/\/www.luigiaccattoli.it\/blog\/?page_id=12649"},"modified":"2013-10-02T14:31:09","modified_gmt":"2013-10-02T12:31:09","slug":"%e2%80%9cappena-eletto-chiesi-di-potermi-ritirare-per-qualche-minuto%e2%80%9d-l%e2%80%99intervista-del-papa-a-scalfari","status":"publish","type":"page","link":"http:\/\/www.luigiaccattoli.it\/blog\/articoli-del-corriere-della-sera\/%e2%80%9cappena-eletto-chiesi-di-potermi-ritirare-per-qualche-minuto%e2%80%9d-l%e2%80%99intervista-del-papa-a-scalfari\/","title":{"rendered":"\u201cAppena eletto chiesi di potermi ritirare per qualche minuto\u201d. L\u2019intervista del Papa a Scalfari"},"content":{"rendered":"<p><em>Pubblicato dal Corriere della Sera del 2 ottobre a pagina 27 con il titolo \u201cQuell\u2019illuminazione nella Sistina che alimenta le scelte innovative\u201d<\/em><\/p>\n<p>&nbsp;<\/p>\n<p>Dal buio alla luce, dall\u2019ansia alla pace: nel colloquio con Scalfari il Papa ci informa che all\u2019origine della sua accettazione del Papato ci fu un\u2019esperienza mistica, la chiama proprio cos\u00ec. \u201cChiesi di potermi ritirare per qualche minuto\u201d, racconta: \u201cChiusi gli occhi\u201d e \u201cuna grande luce mi invase\u201d.<\/p>\n<p>Quella luce nel buio della Sistina, che lo fa Papa, non \u00e8 solo un vivissimo elemento autobiografico, ma ci fornisce la chiave per intendere la serenit\u00e0 e l\u2019audacia con cui egli va avanti da Papa: non voleva il Papato, ora sa che lo vivr\u00e0 \u201ccon fermezza e tenacia\u201d, con \u201cl\u2019umilt\u00e0 e l\u2019ambizione\u201d che un tale ruolo richiede. Anche queste sono parole dell\u2019intervista e le usa per dire che terr\u00e0 fede all\u2019impegno di realizzare una Chiesa povera, staccata dagli interessi temporali, capace di \u201cincludere gli esclusi\u201d.<\/p>\n<p>Dopo quest\u2019intervista sappiamo qualcosa di pi\u00f9 sulla nuova figura papale impersonata da Francesco: da dove gli venga la libert\u00e0 e si direbbe l\u2019allegria con cui compie continue scelte innovative e le difende e le moltiplica con parole tranquille che non si sarebbero potute immaginare tenendo conto che il cardinale Bergoglio era gi\u00e0 stato votato nel Conclave del 2005 e si era \u201ctirato indietro\u201d: per umilt\u00e0, si diceva. Ovvero sconvolto del confronto negli scrutini con il \u201cdecano\u201d Ratzinger.<\/p>\n<p>Ricordo un colloquio con il cardinale argentino Jorge Mejia alla vigilia del Conclave del 2005. Alla domanda sull\u2019eventualit\u00e0 dell\u2019elezione di Bergoglio esclam\u00f2: \u201cE\u2019 meglio che non lo votino! E\u2019 un santo, sarebbe un bel Papa, ma \u00e8 cos\u00ec umile e si spaventa cos\u00ec facilmente che sarebbe capace di non accettare\u201d.<\/p>\n<p>Quell\u2019impressione che avevano allora i cardinali che lo conoscevano risult\u00f2 poi confermata nella pausa del pranzo del secondo giorno di quel Conclave, dopo il terzo scrutinio nel quale pare fosse arrivato ad avere 40 voti, quando preg\u00f2 i sostenitori votare Ratzinger. E\u2019 tornato a spaventarsi otto anni pi\u00f9 tardi, ma stavolta ha trovato il coraggio di osare il Papato. Per un dono del Cielo, ci assicura.<\/p>\n<p>Il portatore di un tale Pontificato, accettato dopo cos\u00ec viva resistenza, pu\u00f2 trarre dall\u2019esperienza stessa dell\u2019accettazione, che avr\u00e0 comportato pena e consolazione, pi\u00f9 di un incoraggiamento: per esempio a non temere critiche e calcoli, essendoci stato all\u2019inizio quel doppio tuffo nel buio e nella luce.<\/p>\n<p>L\u2019intervista conferma la sua mancanza di timori. Dice che vuole una Chiesa al servizio dell\u2019uomo: \u201cche lo sia di pi\u00f9\u201d. Le parole sulla coscienza da seguire sempre che aveva detto nella lettera a Scalfari \u2013 e che avevano provocato polemiche \u2013 qui le \u201cripete\u201d senza esitare. Promette che \u201cfar\u00e0 di tutto per cambiare\u201d la veduta \u201cvaticano-centrica\u201d della Curia romana. Afferma che la Chiesa \u201cnon si occuper\u00e0 di politica\u201d almeno \u201cfino a quando io sar\u00f2 qui\u201d. Chi potr\u00e0 obiettare a uno che non volle essere Papa e confessa che lo \u00e8 per una luce dall\u2019alto?<\/p>\n<p><strong>Luigi Accattoli<\/strong><\/p>\n<p>www.luigiaccattoli.it<\/p>\n","protected":false},"excerpt":{"rendered":"<p>Pubblicato dal Corriere della Sera del 2 ottobre a pagina 27 con il titolo \u201cQuell\u2019illuminazione nella Sistina che alimenta le scelte innovative\u201d &nbsp; Dal buio alla luce, dall\u2019ansia alla pace:&#8230;<\/p>\n<div class=\"more-link-wrapper\"><a class=\"more-link\" href=\"http:\/\/www.luigiaccattoli.it\/blog\/articoli-del-corriere-della-sera\/%e2%80%9cappena-eletto-chiesi-di-potermi-ritirare-per-qualche-minuto%e2%80%9d-l%e2%80%99intervista-del-papa-a-scalfari\/\">Read More<span class=\"screen-reader-text\">\u201cAppena eletto chiesi di potermi ritirare per qualche minuto\u201d. L\u2019intervista del Papa a Scalfari<\/span><\/a><\/div>\n","protected":false},"author":1,"featured_media":0,"parent":7661,"menu_order":0,"comment_status":"open","ping_status":"closed","template":"","meta":{"_monsterinsights_skip_tracking":false,"_monsterinsights_sitenote_active":false,"_monsterinsights_sitenote_note":"","_monsterinsights_sitenote_category":0,"footnotes":""},"class_list":["post-12649","page","type-page","status-publish","hentry","excerpt"],"_links":{"self":[{"href":"http:\/\/www.luigiaccattoli.it\/blog\/wp-json\/wp\/v2\/pages\/12649","targetHints":{"allow":["GET"]}}],"collection":[{"href":"http:\/\/www.luigiaccattoli.it\/blog\/wp-json\/wp\/v2\/pages"}],"about":[{"href":"http:\/\/www.luigiaccattoli.it\/blog\/wp-json\/wp\/v2\/types\/page"}],"author":[{"embeddable":true,"href":"http:\/\/www.luigiaccattoli.it\/blog\/wp-json\/wp\/v2\/users\/1"}],"replies":[{"embeddable":true,"href":"http:\/\/www.luigiaccattoli.it\/blog\/wp-json\/wp\/v2\/comments?post=12649"}],"version-history":[{"count":1,"href":"http:\/\/www.luigiaccattoli.it\/blog\/wp-json\/wp\/v2\/pages\/12649\/revisions"}],"predecessor-version":[{"id":12650,"href":"http:\/\/www.luigiaccattoli.it\/blog\/wp-json\/wp\/v2\/pages\/12649\/revisions\/12650"}],"up":[{"embeddable":true,"href":"http:\/\/www.luigiaccattoli.it\/blog\/wp-json\/wp\/v2\/pages\/7661"}],"wp:attachment":[{"href":"http:\/\/www.luigiaccattoli.it\/blog\/wp-json\/wp\/v2\/media?parent=12649"}],"curies":[{"name":"wp","href":"https:\/\/api.w.org\/{rel}","templated":true}]}}