{"id":12993,"date":"2013-11-17T20:42:14","date_gmt":"2013-11-17T19:42:14","guid":{"rendered":"http:\/\/www.luigiaccattoli.it\/blog\/?page_id=12993"},"modified":"2013-11-17T20:47:19","modified_gmt":"2013-11-17T19:47:19","slug":"prefazione","status":"publish","type":"page","link":"http:\/\/www.luigiaccattoli.it\/blog\/prefazioni-e-capitoli\/prefazione\/","title":{"rendered":"Perch\u00e8 il battesimo"},"content":{"rendered":"<p>Il battesimo \u00e8 semplice come la nascita. La nascita contiene misteriosamente, nel prodigio del Dna, l\u2019intero progetto della vita che a essa seguir\u00e0 e il battesimo ha in s\u00e9 tutti i doni dei quali l\u2019esistenza del cristiano potr\u00e0 dare manifestazione.<br \/>\nUna semplicit\u00e0 e una ricchezza che vengono qui spiegati, con le parole di ogni giorno, da Roberta e Matteo, genitori generati alla vita cristiana dal battesimo e per tre volte sovrabbondantemente rigenerati dal battesimo dei figli.<br \/>\nE\u2019 cosa buona e giusta che siano un pap\u00e0 e una mamma a parlare del battesimo, a guidare cio\u00e8 altri pap\u00e0 e altre mamme a intendere il fatto grande della venuta alla luce divina dei loro figli e a intenderlo a similitudine del parto da cui sono partite tutte le meraviglie della loro paternit\u00e0 e della loro maternit\u00e0.<br \/>\nLa Chiesa genera figli nell\u2019acqua del battesimo, i genitori generano figli alla Chiesa nella carne. \u201cGener\u00f2 figli e figlie\u201d: sono le parole splendenti che il capitolo 5 della Genesi ripete per gli otto patriarchi che vanno da Adamo a No\u00e8, come a segnalare che in ci\u00f2 consiste la prima missione di ogni uomo sulla terra.<br \/>\nDunque Set, Enos, Kenan e gli altri patriarchi generarono figli. Poi quei figli fecero guerre e divennero, anche, idolatri. Si uccisero fra loro, litigarono per l\u2019eredit\u00e0. Ma resta la gloria dei padri che li generarono. E ci\u00f2 vale anche per noi, padri e madri di oggi. Questi nostri figli abbandoneranno magari la pratica della Chiesa per i venti o trent\u2019anni centrali della loro vita, riprendendola forse dopo i cinquanta. Rifiuteranno il matrimonio per un tempo troppo lungo rispetto a ogni nostro consiglio e desiderio. Qualcuno far\u00e0 causa ai fratelli per soldi, come \u00e8 sempre capitato. E potr\u00e0 avvenire anche di peggio, ma rester\u00e0 valido il nostro titolo d\u2019averli generati e d\u2019averli portati al fonte della vita cristiana.<br \/>\nPerch\u00e9 grande \u00e8 la missione di generare figli e altrettanto grande \u00e8 quella di segnarli con il segno del battesimo. Come non finiremo di capire il prodigio d\u2019averli noi partoriti, cos\u00ec non comprenderemo mai del tutto il mistero del fonte che li rigenera in Cristo e infatti la Chiesa \u2013madre e maestra \u2013 continuer\u00e0 a riproporci l\u2019esperienza battesimale in tutte le notti di tutte le Pasque della nostra vita e in ogni battesimo del nostro giro parentale e della nostra comunit\u00e0.<br \/>\nIl volumetto dipana le varie fasi dell\u2019esperienza fondante del battesimo. Con la cura che i genitori pongono a ogni aspetto della nascita e della crescita dei figli, specie quando sono appena arrivati, questi due genitori guidano gli altri a intendere le parole antiche che la Chiesa evoca per questo sacramento e a intenderne i vivi segni che l\u2019accompagnano: quello dell\u2019acqua e quello della luce, quello della veste bianca e quello del dono della parola, cio\u00e8 dell\u2019Effat\u00e0, dell\u2019 \u201caprirsi\u201d alla vita di Dio.<br \/>\nRoberta e Matteo parlano per esperienza e non per dottrina. Hanno sperimentato con i figli sia il battesimo per infusione, sia quello per immersione e incoraggiano gli altri genitori a scegliere quest\u2019ultima forma, qualora ne fossero intimoriti pensando ai rischi del \u201cbagnetto\u201d. Raccontano d\u2019averla trovata \u201cpi\u00f9 efficace e concreta\u201d nella resa simbolica del \u201cfatto\u201d che nel battesimo si realizza.<br \/>\nA interpretazione della \u201cluce che riceve il battezzato\u201d con la consegna della candela accesa al Cero pasquale, segnalano \u2013 con un\u2019attitudine domestica appresa dall\u2019accompagnamento dei piccoli \u2013 che si tratta di una \u201cilluminazione che permette di affrontare anche il buio\u201d e di mostrarci \u201cdove appoggiare il passo\u201d. Proprio come in casa quando va via la luce e i bambini quasi gridano di paura.<br \/>\nI nostri autori invitano con parole generose a pregustare l\u2019esperienza del battesimo dei figli come un acquisto per gli stessi genitori, quando si vedranno investiti dal \u201cprofluvio di Spirito Santo\u201d che scende sui loro piccoli. Questa mi \u00e8 parsa la parola pi\u00f9 vera del volumetto.<br \/>\nMa segnalano anche \u2013 come \u00e8 giusto \u2013 la seriet\u00e0 dell\u2019impresa, avvertendo che con il battesimo \u201csi entra in una vita un po\u2019 spericolata\u201d, perch\u00e9 molto esigente e soprattutto controcorrente: una vita che sar\u00e0 comunque \u201cricca e bellissima\u201d, arricchente del centuplo \u201cgi\u00e0 nel presente, qui ed ora\u201d.<br \/>\nIl capitolo pi\u00f9 bello \u00e8 l\u2019ultimo che spiega con novit\u00e0 di linguaggio la portata evangelica e la pienezza umana della Grazia che la vita nostra riceve dal battesimo. La Chiesa afferma che il battezzato \u00e8 Sacerdote Re e Profeta e uno quasi si vergogna di ripeterlo e fa difficolt\u00e0 a capirlo ed ecco un pap\u00e0 e una mamma che ci spiegano pazientemente come invece quelle parole bibliche tocchino \u2013 possano e debbano toccare \u2013 la vita quotidiana. Sacerdote perch\u00e9 benedici i figli e consacri il mondo con il tuo lavoro, Re perch\u00e9 modifichi la realt\u00e0 che ti circonda e in essa cerchi di attuare la giustizia, Profeta perch\u00e9 guardi alle vicende umane con l\u2019occhio di Dio.<br \/>\nEcco dunque un padre e una madre che portano al battesimo il loro bambino e l\u00ec incontrano altri due simili a loro che gli dicono, per esserci passati, che quello \u00e8 per loro il giorno dei giorni. E che non conta il passato, non conta il peccato, perch\u00e9 ora si va all\u2019incontro con l\u2019acqua del Signore che lava e rigenera.<br \/>\nRoberta e Matteo parlano per esserci passati e ripassati in quel giorno segnalato, arrivando a viverlo con piena avvertenza. Con discrezione narrano quella ripetuta esperienza. Una foto che \u00e8 a met\u00e0 del libretto mostra il terzo delle loro creature al momento dell\u2019immersione nel fonte. Esercitano dunque in parole e segni quel magistero della vita che \u00e8 proprio dei cristiani comuni e che meglio pu\u00f2 essere inteso da altri cristiani, in un servizio da simile verso il simile che prende forza e competenza \u2013 per l\u2019appunto \u2013 dalle risorse del battesimo.<br \/>\nLuigi Accattoli<br \/>\nwww.luigiaccattoli.it<\/p>\n","protected":false},"excerpt":{"rendered":"<p>Il battesimo \u00e8 semplice come la nascita. La nascita contiene misteriosamente, nel prodigio del Dna, l\u2019intero progetto della vita che a essa seguir\u00e0 e il battesimo ha in s\u00e9 tutti&#8230;<\/p>\n<div class=\"more-link-wrapper\"><a class=\"more-link\" href=\"http:\/\/www.luigiaccattoli.it\/blog\/prefazioni-e-capitoli\/prefazione\/\">Read More<span class=\"screen-reader-text\">Perch\u00e8 il battesimo<\/span><\/a><\/div>\n","protected":false},"author":1,"featured_media":0,"parent":109,"menu_order":0,"comment_status":"open","ping_status":"closed","template":"","meta":{"_monsterinsights_skip_tracking":false,"_monsterinsights_sitenote_active":false,"_monsterinsights_sitenote_note":"","_monsterinsights_sitenote_category":0,"footnotes":""},"class_list":["post-12993","page","type-page","status-publish","hentry","excerpt"],"_links":{"self":[{"href":"http:\/\/www.luigiaccattoli.it\/blog\/wp-json\/wp\/v2\/pages\/12993","targetHints":{"allow":["GET"]}}],"collection":[{"href":"http:\/\/www.luigiaccattoli.it\/blog\/wp-json\/wp\/v2\/pages"}],"about":[{"href":"http:\/\/www.luigiaccattoli.it\/blog\/wp-json\/wp\/v2\/types\/page"}],"author":[{"embeddable":true,"href":"http:\/\/www.luigiaccattoli.it\/blog\/wp-json\/wp\/v2\/users\/1"}],"replies":[{"embeddable":true,"href":"http:\/\/www.luigiaccattoli.it\/blog\/wp-json\/wp\/v2\/comments?post=12993"}],"version-history":[{"count":2,"href":"http:\/\/www.luigiaccattoli.it\/blog\/wp-json\/wp\/v2\/pages\/12993\/revisions"}],"predecessor-version":[{"id":12998,"href":"http:\/\/www.luigiaccattoli.it\/blog\/wp-json\/wp\/v2\/pages\/12993\/revisions\/12998"}],"up":[{"embeddable":true,"href":"http:\/\/www.luigiaccattoli.it\/blog\/wp-json\/wp\/v2\/pages\/109"}],"wp:attachment":[{"href":"http:\/\/www.luigiaccattoli.it\/blog\/wp-json\/wp\/v2\/media?parent=12993"}],"curies":[{"name":"wp","href":"https:\/\/api.w.org\/{rel}","templated":true}]}}