{"id":13350,"date":"2014-01-13T11:19:06","date_gmt":"2014-01-13T10:19:06","guid":{"rendered":"http:\/\/www.luigiaccattoli.it\/blog\/?page_id=13350"},"modified":"2014-01-13T11:19:06","modified_gmt":"2014-01-13T10:19:06","slug":"nuovi-cardinali-francesco-spariglia-e-volta-pagina","status":"publish","type":"page","link":"http:\/\/www.luigiaccattoli.it\/blog\/articoli-del-corriere-della-sera\/nuovi-cardinali-francesco-spariglia-e-volta-pagina\/","title":{"rendered":"Nuovi cardinali: Francesco spariglia e volta pagina"},"content":{"rendered":"<p>Pubblicato dal \u201cCorriere della Sera\u201d del 13 gennaio 2014<\/p>\n<p>Non fa cardinale chi si aspetta di diventarlo e fa chi non ci pensa, battezza la figlia di una coppia di \u201cpubblici peccatori\u201d com\u2019erano definiti qui da noi fino agli anni Cinquanta del secolo scorso quelli che si sposavano solo in comune: non c\u2019\u00e8 settimana che Francesco non compia un gesto inaspettato, ma i due di ieri hanno un che di programmatico che promette di portare lontano. Verso lo scardinamento del carrierismo del clero il primo e verso il superamento delle \u201cdogane pastorali\u201d il secondo.<br \/>\nSi attendevano due cardinali residenziali italiani, Venezia e Torino e non sono venuti. E non \u00e8 stato solo per mancanza di posti, perch\u00e9 \u00e8 stato inserito nella lista l\u2019arcivescovo di Perugia che non \u00e8 pi\u00f9 sede cardinalizia da quando \u00e8 cessato lo Stato Pontificio. Lo si era gi\u00e0 visto con le nomine alla Cei e in Curia ma ora la faccenda \u00e8 pi\u00f9 chiara: Bergoglio ama sparigliare i giochi della nomenklatura ecclesiastica, in particolare di quella italiana che \u00e8 la prima al mondo per numero e ambizioni.<br \/>\nIn novembre aveva spostato il vescovo Mariano Crociata dalla segreteria della Cei a Latina, e nessuno fino a oggi ha saputo spiegare quella \u201cretrocessione\u201d. In dicembre sorprendendo ogni aspettativa ha messo al posto di Crociata il vescovo di Cassano all\u2019Jonio Nunzio Galantino: probabilmente mira a scardinale il gioco delle cordate, che piazzano loro esponenti a Venezia e a Torino, poniamo, e cos\u00ec si garantiscono due \u201cporpore\u201d; oppure riescono a infilare in una terna un loro amico per la nomina a segretario della Cei.<br \/>\nSpariglia i giochi, volta pagina, rimedia ad antiche dimenticanze. Il rimedio lo si \u00e8 visto con Loris Capovilla, che diviene cardinale a 90 anni compiuti. La pagina voltata possiamo vederla nel fatto che Bassetti, fiorentino, a suo tempo era stato mandato a Perugia invece che a Firenze; e con la stessa logica erano stati nominati gli attuali titolari delle sedi di Torino e Venezia.<br \/>\nQuesti giochi riguardano l\u2019alto clero, come si diceva una volta; la faccenda del battesimo riguarda invece i cristiani comuni, anzi quelli \u201cirregolari\u201d: un tale ampliamento di ammissioni al Papa battezzatore non si era mai visto con Wojtyla e Ratzinger che gi\u00e0 celebravano battesimi di gruppo nella Sistina. Il problema non era \u2013 non \u00e8 \u2013 del diritto a chiedere il battesimo di una figlia da parte di una coppia sposata solo civilmente (il battesimo pu\u00f2 essere chiesto anche da genitori non sposati) ma sull\u2019opportunit\u00e0 di \u201cpremiare\u201d con un approccio al Papa persone in situazione irregolare rispetto alla disciplina canonica. Pi\u00f9 volte Francesco aveva parlato contro le \u201cdogane\u201d  che allontanano gli irregolari dai sacramenti e ha voluto dare un esempio di loro superamento.<br \/>\nLuigi Accattoli<br \/>\nwww.luigiaccattoli.it<\/p>\n","protected":false},"excerpt":{"rendered":"<p>Pubblicato dal \u201cCorriere della Sera\u201d del 13 gennaio 2014 Non fa cardinale chi si aspetta di diventarlo e fa chi non ci pensa, battezza la figlia di una coppia di&#8230;<\/p>\n<div class=\"more-link-wrapper\"><a class=\"more-link\" href=\"http:\/\/www.luigiaccattoli.it\/blog\/articoli-del-corriere-della-sera\/nuovi-cardinali-francesco-spariglia-e-volta-pagina\/\">Read More<span class=\"screen-reader-text\">Nuovi cardinali: Francesco spariglia e volta pagina<\/span><\/a><\/div>\n","protected":false},"author":1,"featured_media":0,"parent":7661,"menu_order":0,"comment_status":"open","ping_status":"closed","template":"","meta":{"_monsterinsights_skip_tracking":false,"_monsterinsights_sitenote_active":false,"_monsterinsights_sitenote_note":"","_monsterinsights_sitenote_category":0,"footnotes":""},"class_list":["post-13350","page","type-page","status-publish","hentry","excerpt"],"_links":{"self":[{"href":"http:\/\/www.luigiaccattoli.it\/blog\/wp-json\/wp\/v2\/pages\/13350","targetHints":{"allow":["GET"]}}],"collection":[{"href":"http:\/\/www.luigiaccattoli.it\/blog\/wp-json\/wp\/v2\/pages"}],"about":[{"href":"http:\/\/www.luigiaccattoli.it\/blog\/wp-json\/wp\/v2\/types\/page"}],"author":[{"embeddable":true,"href":"http:\/\/www.luigiaccattoli.it\/blog\/wp-json\/wp\/v2\/users\/1"}],"replies":[{"embeddable":true,"href":"http:\/\/www.luigiaccattoli.it\/blog\/wp-json\/wp\/v2\/comments?post=13350"}],"version-history":[{"count":1,"href":"http:\/\/www.luigiaccattoli.it\/blog\/wp-json\/wp\/v2\/pages\/13350\/revisions"}],"predecessor-version":[{"id":13351,"href":"http:\/\/www.luigiaccattoli.it\/blog\/wp-json\/wp\/v2\/pages\/13350\/revisions\/13351"}],"up":[{"embeddable":true,"href":"http:\/\/www.luigiaccattoli.it\/blog\/wp-json\/wp\/v2\/pages\/7661"}],"wp:attachment":[{"href":"http:\/\/www.luigiaccattoli.it\/blog\/wp-json\/wp\/v2\/media?parent=13350"}],"curies":[{"name":"wp","href":"https:\/\/api.w.org\/{rel}","templated":true}]}}