{"id":13391,"date":"2014-01-18T17:11:37","date_gmt":"2014-01-18T16:11:37","guid":{"rendered":"http:\/\/www.luigiaccattoli.it\/blog\/?page_id=13391"},"modified":"2014-01-18T17:12:00","modified_gmt":"2014-01-18T16:12:00","slug":"suora-che-partorisce-le-saremo-vicini-dice-il-vescovo","status":"publish","type":"page","link":"http:\/\/www.luigiaccattoli.it\/blog\/articoli-del-corriere-della-sera\/suora-che-partorisce-le-saremo-vicini-dice-il-vescovo\/","title":{"rendered":"Suora che partorisce: \u201cLe saremo vicini\u201d dice il vescovo"},"content":{"rendered":"<p><i>Pubblicato dal Corriere della Sera del 18 gennaio a pagina 21<\/i><\/p>\n<p>&nbsp;<\/p>\n<p>CITTA\u2019 DEL VATICANO \u2013 \u201cQuesta suora dovr\u00e0 lasciare la vita religiosa e del resto lei stessa gi\u00e0 si propone di fare questo, ma non sono da prevedere altri provvedimenti canonici a suo carico. Le dir\u00f2 poi che certamente c\u2019\u00e8 la mancata fedelt\u00e0 a un voto, cio\u00e8 a un impegno solenne, e questo in me provoca rammarico, ma va apprezzato il fatto che la gravidanza non si sia conclusa con l\u2019aborto e infine va detto che una vita \u00e8 sempre un dono del Signore. Noi dunque le saremo vicini e confido che anche la nostra gente possa capirla e aiutarla\u201d: \u00e8 serena la reazione del vescovo di Rieti Delio Lucarelli che invita a trattare la vicenda \u201ccon il rispetto che sempre meritano le persone anche quando sbagliano, come ci insegna Papa Francesco\u201d.<\/p>\n<p>Per il Diritto canonico (canone 696) la maternit\u00e0 di una \u201cconsacrata\u201d \u00e8 una \u201cviolazione\u201d del \u201cvoto di castit\u00e0\u201d che comporta la \u201cdimissione dall\u2019istituto\u201d cio\u00e8 l\u2019obbligato abbandono della famiglia religiosa di appartenenza. Se avesse abortito la suora \u2013 come ogni altra donna \u2013 sarebbe incorsa nella scomunica.<\/p>\n<p>Quanto a Papa Francesco non abbiamo sue parole su casi simili, ma da arcivescovo di Buenos Aires si trov\u00f2 a trattare con preti che l\u2019informavano di avere un figlio e risulta che si adoperasse perch\u00e9 lasciassero il sacerdozio e si occupassero del bambino. Nel libro \u201cIl Cielo e la terra\u201d (tradotto ora da Mondadori e pubblicato in Argentina nel 2010) cos\u00ec parla di quei casi: \u201cIl diritto naturale viene prima del suo diritto in quanto prete, di conseguenza deve lasciare il ministero e farsi carico del figlio, anche nel caso decida di non sposare la donna. Perch\u00e9 come quel bambino ha diritto ad avere una madre, ha anche il diritto di avere un padre con un volto\u201d.<\/p>\n<p><b>Luigi Accattoli<\/b><\/p>\n<p>www.luigiaccattoli.it<\/p>\n","protected":false},"excerpt":{"rendered":"<p>Pubblicato dal Corriere della Sera del 18 gennaio a pagina 21 &nbsp; CITTA\u2019 DEL VATICANO \u2013 \u201cQuesta suora dovr\u00e0 lasciare la vita religiosa e del resto lei stessa gi\u00e0 si&#8230;<\/p>\n<div class=\"more-link-wrapper\"><a class=\"more-link\" href=\"http:\/\/www.luigiaccattoli.it\/blog\/articoli-del-corriere-della-sera\/suora-che-partorisce-le-saremo-vicini-dice-il-vescovo\/\">Read More<span class=\"screen-reader-text\">Suora che partorisce: \u201cLe saremo vicini\u201d dice il vescovo<\/span><\/a><\/div>\n","protected":false},"author":1,"featured_media":0,"parent":7661,"menu_order":0,"comment_status":"open","ping_status":"closed","template":"","meta":{"_monsterinsights_skip_tracking":false,"_monsterinsights_sitenote_active":false,"_monsterinsights_sitenote_note":"","_monsterinsights_sitenote_category":0,"footnotes":""},"class_list":["post-13391","page","type-page","status-publish","hentry","excerpt"],"_links":{"self":[{"href":"http:\/\/www.luigiaccattoli.it\/blog\/wp-json\/wp\/v2\/pages\/13391","targetHints":{"allow":["GET"]}}],"collection":[{"href":"http:\/\/www.luigiaccattoli.it\/blog\/wp-json\/wp\/v2\/pages"}],"about":[{"href":"http:\/\/www.luigiaccattoli.it\/blog\/wp-json\/wp\/v2\/types\/page"}],"author":[{"embeddable":true,"href":"http:\/\/www.luigiaccattoli.it\/blog\/wp-json\/wp\/v2\/users\/1"}],"replies":[{"embeddable":true,"href":"http:\/\/www.luigiaccattoli.it\/blog\/wp-json\/wp\/v2\/comments?post=13391"}],"version-history":[{"count":1,"href":"http:\/\/www.luigiaccattoli.it\/blog\/wp-json\/wp\/v2\/pages\/13391\/revisions"}],"predecessor-version":[{"id":13392,"href":"http:\/\/www.luigiaccattoli.it\/blog\/wp-json\/wp\/v2\/pages\/13391\/revisions\/13392"}],"up":[{"embeddable":true,"href":"http:\/\/www.luigiaccattoli.it\/blog\/wp-json\/wp\/v2\/pages\/7661"}],"wp:attachment":[{"href":"http:\/\/www.luigiaccattoli.it\/blog\/wp-json\/wp\/v2\/media?parent=13391"}],"curies":[{"name":"wp","href":"https:\/\/api.w.org\/{rel}","templated":true}]}}