{"id":13399,"date":"2014-01-18T17:34:10","date_gmt":"2014-01-18T16:34:10","guid":{"rendered":"http:\/\/www.luigiaccattoli.it\/blog\/?page_id=13399"},"modified":"2014-01-18T17:34:10","modified_gmt":"2014-01-18T16:34:10","slug":"francesco-prima-denuncia-dei-mali-di-roma","status":"publish","type":"page","link":"http:\/\/www.luigiaccattoli.it\/blog\/articoli-del-corriere-della-sera\/francesco-prima-denuncia-dei-mali-di-roma\/","title":{"rendered":"Francesco: prima denuncia dei mali di Roma"},"content":{"rendered":"<p>&nbsp;<\/p>\n<p><i>Pubblicato dal \u201cCorriere della Sera Roma\u201d come editoriale il 2 gennaio 2014<\/i><\/p>\n<p>&nbsp;<\/p>\n<p>Forse non c\u2019\u00e8 nessuno a Roma che si occupi della citt\u00e0 quanto Papa Francesco, che \u00e8 l\u2019ultimo arrivato: e questo fatto spiega qualcosa del nostro degrado. Mentre ogni romano aveva la mente al cenone, l\u2019immigrato Bergoglio ha chiesto l\u2019altro ieri durante il \u201cTe Deum\u201d di fine anno in San Pietro: \u201cNoi cittadini romani, pensiamo a questa citt\u00e0 di Roma?\u201d La risposta onesta sarebbe: no, non ci pensiamo.<\/p>\n<p>Bergoglio si presenta come uno che abita la citt\u00e0: \u201cnoi romani\u201d esordisce, come fosse fatto suo, per dirla secondo la nostra lingua romanesca. Wojtyla dopo un quarto di secolo che era qua arriv\u00f2 a dire \u201csemo romani \u2013 damose da fa\u2019\u201d ma Francesco ci rivolge lo stesso richiamo fin dall\u2019inizio.<\/p>\n<p>Dopo essersi qualificato come romano, il Papa argentino ci interroga sulla \u201cqualit\u00e0 della nostra cittadinanza\u201d: ed \u00e8 un punto dolente, perch\u00e9 non ha a che fare con il clima e la storia che ci fanno ricchi ma punta alle responsabilit\u00e0 d\u2019ognuno che ci fanno deboli. \u201c<em>Noi come cittadini noi come popolo\u201d \u00e8 il titolo di un testo del cardinale Bergoglio, nel quale distingueva la condizione del \u201ccittadino\u201d argentino da quella dell\u2019abitante in Argentina: traducendo nella nostra realt\u00e0, vuol dire distinguere chi \u00e8 romano perch\u00e9 abita entro il Raccordo Anulare da chi si fa responsabile della \u201cpolis\u201d romana.<\/em><\/p>\n<p><em>Il male di Roma \u00e8 che noi tutti i suoi abitatori siamo orgogliosi di stare qui, ma pochi tra noi si fanno responsabili della \u201ccivitas\u201d romana e dunque si pongono non solo come fruitori delle sue risorse, ma anche come costruttori del suo futuro. Nel 2013 a Roma abbiamo avuto le elezioni e con esse abbiamo messo Marino al posto di Alemanno, ma l\u2019esigente Bergoglio non si interessa a questi fatti di facciata. Chiede piuttosto a \u201ctutti noi\u201d, cio\u00e8 a ognuno: \u201cQuest\u2019anno a<\/em>bbiamo contribuito, nel nostro piccolo, a rendere Roma vivibile, ordinata, accogliente?<em>\u201d <\/em><\/p>\n<p>Nel nostro piccolo immagineremmo che uno che viene da Buenos Aires non abbia che da ringraziare della grandezza di Roma, ma per fortuna Jorge Mario Bergoglio va diritto a ci\u00f2 che conta, ossia a quanto viene fatto all\u2019uomo e la nostra citt\u00e0 \u2013 ci dice impietosamente \u2013 \u00e8 piena di \u201cpoveri, infelici, sofferenti\u201d. E dettaglia: \u00e8 piena di turisti ma anche di \u201crifugiati\u201d e da costretti a \u201clavori indegni\u201d. Nella sua requisitoria il \u201cVescovo di Roma\u201d ci ha sfidati tutti a guardare alla citta vedendone le piaghe e non a guardarla \u201cdal balcone\u201d.<\/p>\n<p><a name=\"_GoBack\"><\/a>Sappiamo quanto forse frontale e sfrontata la predicazione del cardinale Bergoglio sui mali di Buenos Aires e non ci resta che sperare che altrettanto severa abbia a essere \u2013 nel suo pieno sviluppo \u2013 quella che l\u2019altro ieri ha iniziato a svolgere sui mali di Roma. Entro gennaio ricever\u00e0 gli amministratori del Comune, della Provincia e della Regione: \u00e8 prevedibile la grandine e sar\u00e0 bene che i chicchi siano grossi. Siamo in troppi a dormire in questa citt\u00e0.<\/p>\n<p><b>Luigi Accattoli<\/b><\/p>\n<p>www.luigiaccattoli.it<\/p>\n","protected":false},"excerpt":{"rendered":"<p>&nbsp; Pubblicato dal \u201cCorriere della Sera Roma\u201d come editoriale il 2 gennaio 2014 &nbsp; Forse non c\u2019\u00e8 nessuno a Roma che si occupi della citt\u00e0 quanto Papa Francesco, che \u00e8&#8230;<\/p>\n<div class=\"more-link-wrapper\"><a class=\"more-link\" href=\"http:\/\/www.luigiaccattoli.it\/blog\/articoli-del-corriere-della-sera\/francesco-prima-denuncia-dei-mali-di-roma\/\">Read More<span class=\"screen-reader-text\">Francesco: prima denuncia dei mali di Roma<\/span><\/a><\/div>\n","protected":false},"author":1,"featured_media":0,"parent":7661,"menu_order":0,"comment_status":"open","ping_status":"closed","template":"","meta":{"_monsterinsights_skip_tracking":false,"_monsterinsights_sitenote_active":false,"_monsterinsights_sitenote_note":"","_monsterinsights_sitenote_category":0,"footnotes":""},"class_list":["post-13399","page","type-page","status-publish","hentry","excerpt"],"_links":{"self":[{"href":"http:\/\/www.luigiaccattoli.it\/blog\/wp-json\/wp\/v2\/pages\/13399","targetHints":{"allow":["GET"]}}],"collection":[{"href":"http:\/\/www.luigiaccattoli.it\/blog\/wp-json\/wp\/v2\/pages"}],"about":[{"href":"http:\/\/www.luigiaccattoli.it\/blog\/wp-json\/wp\/v2\/types\/page"}],"author":[{"embeddable":true,"href":"http:\/\/www.luigiaccattoli.it\/blog\/wp-json\/wp\/v2\/users\/1"}],"replies":[{"embeddable":true,"href":"http:\/\/www.luigiaccattoli.it\/blog\/wp-json\/wp\/v2\/comments?post=13399"}],"version-history":[{"count":1,"href":"http:\/\/www.luigiaccattoli.it\/blog\/wp-json\/wp\/v2\/pages\/13399\/revisions"}],"predecessor-version":[{"id":13400,"href":"http:\/\/www.luigiaccattoli.it\/blog\/wp-json\/wp\/v2\/pages\/13399\/revisions\/13400"}],"up":[{"embeddable":true,"href":"http:\/\/www.luigiaccattoli.it\/blog\/wp-json\/wp\/v2\/pages\/7661"}],"wp:attachment":[{"href":"http:\/\/www.luigiaccattoli.it\/blog\/wp-json\/wp\/v2\/media?parent=13399"}],"curies":[{"name":"wp","href":"https:\/\/api.w.org\/{rel}","templated":true}]}}