{"id":13494,"date":"2014-02-06T09:31:40","date_gmt":"2014-02-06T08:31:40","guid":{"rendered":"http:\/\/www.luigiaccattoli.it\/blog\/?page_id=13494"},"modified":"2014-02-06T10:56:59","modified_gmt":"2014-02-06T09:56:59","slug":"un-attacco-ideologico-dellonu-alla-chiesa","status":"publish","type":"page","link":"http:\/\/www.luigiaccattoli.it\/blog\/articoli-del-corriere-della-sera\/un-attacco-ideologico-dellonu-alla-chiesa\/","title":{"rendered":"Un attacco ideologico dell\u2019Onu alla Chiesa"},"content":{"rendered":"<p><i>Pubblicato dal \u201cCorriere della Sera\u201d del 6 febbraio 2014 a pagina 15 con il titolo &#8220;Ma la Chiesa ha da anni cambiato la sua rotta&#8221;<\/i><\/p>\n<p>&nbsp;<\/p>\n<p>Non \u00e8 la prima volta che ambienti dell\u2019Onu criticano il Vaticano e viceversa, ma quello esploso ieri \u00e8 il pi\u00f9 clamoroso tra questi incidenti ed \u00e8 anche, probabilmente, quello con minore contenuto concreto: esso a una prima lettura appare dovuto per met\u00e0 all\u2019invadenza dell\u2019ideologia e per met\u00e0 al peso della storia. Ma forse lo scontro non risulter\u00e0 inutile se spinger\u00e0 gli ambienti Onu a prestare maggiore attenzione alla nuova politica vaticano-cattolica in materia di abusi sui minori e se stimoler\u00e0 il Papa e i suoi a dare compiti adeguati alla \u201cCommissione per la protezione dei fanciulli\u201d annunciata il dicembre scorso.<\/p>\n<p>L\u2019invadenza dell\u2019ideologia \u00e8 evidente nei rilievi riguardanti l\u2019omosessualit\u00e0, l\u2019aborto, l\u2019identit\u00e0 di genere, la contraccezione. Affermare che la Chiesa Cattolica debba rivedere la propria dottrina e il proprio codice riguardo a queste materie perch\u00e9 essi confliggono con i convincimenti dei componenti di un comitato delle Nazioni Unite \u2013 ovvero: con l\u2019interpretazione che questo comitato d\u00e0 a documenti Onu \u2013 appare fuori di verosimiglianza.<\/p>\n<p>Il peso della storia svolge invece un ruolo decisivo nella critica riguardante il perseguimento dei reati di abuso sessuale: copertura dei colpevoli, loro spostamento \u201cda una parrocchia a un\u2019altra\u201d per poterli mantenere in attivit\u00e0, mancata collaborazione con le autorit\u00e0 civili, insufficiente o nulla considerazione dei diritti delle vittime hanno caratterizzato certamente il comportamento storico della Chiesa Cattolica \u2013 simile nella sostanza a quello delle altre Chiese e di altre istituzioni \u2013 ma l\u2019ultimo decennio ha visto un rapido cambiamento di rotta.<\/p>\n<p>Quattrocento preti ridotti allo stato laicale nel solo biennio 2011-2012, la disposizione ai vescovi di collaborare con le autorit\u00e0 dei diversi paesi, l\u2019ordine di fare fronte \u201csecondo giustizia\u201d al risarcimento delle vittime, la vicinanza a queste sollecitata da Papa Benedetto con una decina di incontri a Roma e nei viaggi: ci saranno senz\u2019altro altri passi da compiere e residue zone d\u2019ombra, ma se non si riconosce quanto gi\u00e0 realizzato sar\u00e0 difficile suggerire i giusti rimedi.<\/p>\n<p>Curiosamente proprio il 16 gennaio, quando a Ginevra la delegazione vaticana incontrava il Comitato dell\u2019Onu, Papa Francesco pronunciava la parola pi\u00f9 severa sullo scandalo degli abusi, definendolo \u201cla vergogna della Chiesa\u201d. Una vergogna grande di suo, ma che getta un\u2019ombra ancora pi\u00f9 grande.<\/p>\n<p><b>Luigi Accattoli<\/b><\/p>\n<p>www.luigiaccattoli.it<\/p>\n","protected":false},"excerpt":{"rendered":"<p>Pubblicato dal \u201cCorriere della Sera\u201d del 6 febbraio 2014 a pagina 15 con il titolo &#8220;Ma la Chiesa ha da anni cambiato la sua rotta&#8221; &nbsp; Non \u00e8 la prima&#8230;<\/p>\n<div class=\"more-link-wrapper\"><a class=\"more-link\" href=\"http:\/\/www.luigiaccattoli.it\/blog\/articoli-del-corriere-della-sera\/un-attacco-ideologico-dellonu-alla-chiesa\/\">Read More<span class=\"screen-reader-text\">Un attacco ideologico dell\u2019Onu alla Chiesa<\/span><\/a><\/div>\n","protected":false},"author":1,"featured_media":0,"parent":7661,"menu_order":0,"comment_status":"open","ping_status":"closed","template":"","meta":{"_monsterinsights_skip_tracking":false,"_monsterinsights_sitenote_active":false,"_monsterinsights_sitenote_note":"","_monsterinsights_sitenote_category":0,"footnotes":""},"class_list":["post-13494","page","type-page","status-publish","hentry","excerpt"],"_links":{"self":[{"href":"http:\/\/www.luigiaccattoli.it\/blog\/wp-json\/wp\/v2\/pages\/13494","targetHints":{"allow":["GET"]}}],"collection":[{"href":"http:\/\/www.luigiaccattoli.it\/blog\/wp-json\/wp\/v2\/pages"}],"about":[{"href":"http:\/\/www.luigiaccattoli.it\/blog\/wp-json\/wp\/v2\/types\/page"}],"author":[{"embeddable":true,"href":"http:\/\/www.luigiaccattoli.it\/blog\/wp-json\/wp\/v2\/users\/1"}],"replies":[{"embeddable":true,"href":"http:\/\/www.luigiaccattoli.it\/blog\/wp-json\/wp\/v2\/comments?post=13494"}],"version-history":[{"count":3,"href":"http:\/\/www.luigiaccattoli.it\/blog\/wp-json\/wp\/v2\/pages\/13494\/revisions"}],"predecessor-version":[{"id":13501,"href":"http:\/\/www.luigiaccattoli.it\/blog\/wp-json\/wp\/v2\/pages\/13494\/revisions\/13501"}],"up":[{"embeddable":true,"href":"http:\/\/www.luigiaccattoli.it\/blog\/wp-json\/wp\/v2\/pages\/7661"}],"wp:attachment":[{"href":"http:\/\/www.luigiaccattoli.it\/blog\/wp-json\/wp\/v2\/media?parent=13494"}],"curies":[{"name":"wp","href":"https:\/\/api.w.org\/{rel}","templated":true}]}}