{"id":14894,"date":"2014-09-29T12:51:51","date_gmt":"2014-09-29T10:51:51","guid":{"rendered":"http:\/\/www.luigiaccattoli.it\/blog\/?page_id=14894"},"modified":"2014-09-29T12:51:51","modified_gmt":"2014-09-29T10:51:51","slug":"francesco-ai-gesuiti-sulla-chiesa-sballottata","status":"publish","type":"page","link":"http:\/\/www.luigiaccattoli.it\/blog\/articoli-del-corriere-della-sera\/francesco-ai-gesuiti-sulla-chiesa-sballottata\/","title":{"rendered":"Francesco ai Gesuiti sulla Chiesa sballottata"},"content":{"rendered":"<p><i>Pubblicato dal \u201cCorriere della Sera\u201d del 28 settembre 2014 alle pagine 1 e 19 con il titolo \u201cIl Papa: anch\u2019io remo per la Chiesa sballottata\u201d<\/i><\/p>\n<p>Papa Francesco parla del dramma vissuto dal suo ordine, quello dei Gesuiti, che fu soppresso (nel 1773) e poi ricostituito (nel 1814) e accenna con parole drammatiche, in lui insolite, alla possibilit\u00e0 che \u201canche oggi\u201d la Chiesa e la stessa \u201cbarca di Pietro\u201d possano essere \u201csballottate\u201d dalle onde. Per la prima volta da quando \u00e8 Papa, ieri Bergoglio \u00e8 parso guardare con qualche allarme al ruolo che da un anno e mezzo viene svolgendo con straordinari consensi sulla scena mondiale.<\/p>\n<p>Celebrava al Ges\u00f9 un Vespro di \u201cringraziamento\u201d per i duecent\u2019anni della ricostituzione della Compagnia di Ges\u00f9 e ha cos\u00ec ricordato i quattro decenni della soppressione: \u201cLa nave della Compagnia \u00e8 stata sballottata dalle onde e non c\u2019\u00e8 da meravigliarsi di questo. Anche la barca di Pietro lo pu\u00f2 essere oggi. La notte e il potere delle tenebre sono sempre vicini. Costa fatica remare\u201d.<\/p>\n<p>Dopo aver ricordato che Pio VII, nel richiamare in vita la Compagnia di Ges\u00f9, aveva qualificato i Gesuiti come \u00abrematori esperti e valorosi\u00bb, ha cos\u00ec continuato: \u201cRemate dunque! Remate, siate forti, anche col vento contrario! Remiamo a servizio della Chiesa. Remiamo insieme! Ma mentre remiamo \u2013 tutti remiamo, anche il Papa rema nella barca di Pietro \u2013 dobbiamo pregare tanto: Signore, salvaci\u201d.<\/p>\n<p>E\u2019 abituale, nel linguaggio dei Papi, la metafora della \u201cbarca di Pietro\u201d sbattuta dalle onde. Negli ultimi tempi sono stati soprattutto Paolo VI e Benedetto XVI a usare quest\u2019immagine drammatizzante, e del resto sono stati anche i Papi che hanno subito pi\u00f9 assalti. Benedetto il 29 giugno 2006 era arrivato a evocare lo spettro del naufragio: \u201cSempre di nuovo la piccola barca della Chiesa \u00e8 squassata dal vento delle ideologie, che con le loro acque penetrano in essa e sembrano condannarla all\u2019affondamento\u201d.<\/p>\n<p>Papa Bergoglio ieri forse ha detto di meno, quanto alla drammaticit\u00e0 del quadro, ma ha detto di pi\u00f9 in riferimento a s\u00e9 stesso, descrivendosi remante nella tempesta mentre \u201cil potere delle tenebre\u201d scatena i venti all\u2019intorno. Due o tre elementi del suo richiamo alle onde segnalano che forse l\u2019uomo Jorge Mario Bergoglio presente l\u2019arrivo di una stagione difficile, dopo un primo tempo da Papa che dev\u2019essergli apparso inaspettatamente sereno, all\u2019indomani dello tsunami che aveva squassato il pontificato precedente.<\/p>\n<p>Ha detto che la barca pu\u00f2 essere sballottata \u201coggi\u201d: dunque ritiene che al momento non lo sia, o avverte che potrebbe esserlo in modo pi\u00f9 forte. Ha poi segnalato che \u201canche il Papa rema\u201d invocando il soccorso dall\u2019alto. Infine \u00e8 sembrato chiedere aiuto ai confratelli Gesuiti: \u201cRemiamo insieme\u201d. Due volte ha detto \u201cremate\u201d ma quattro volte ha usato quel verbo alla prima persona plurale, \u201cremiamo\u201d, mettendosi ai banchi con gli altri rematori. Tra gli elementi dell\u2019allarme papale possiamo immaginare che vi siano l\u2019emergere \u2013 che pare inarrestabile \u2013 di storie di pedofilia del clero e il profilarsi di contrasti sui divorziati risposati alla vigilia del Sinodo che si apre domenica.<\/p>\n<p><b>Luigi Accattoli<\/b><\/p>\n<p>www.luigiaccattoli.it<\/p>\n","protected":false},"excerpt":{"rendered":"<p>Pubblicato dal \u201cCorriere della Sera\u201d del 28 settembre 2014 alle pagine 1 e 19 con il titolo \u201cIl Papa: anch\u2019io remo per la Chiesa sballottata\u201d Papa Francesco parla del dramma&#8230;<\/p>\n<div class=\"more-link-wrapper\"><a class=\"more-link\" href=\"http:\/\/www.luigiaccattoli.it\/blog\/articoli-del-corriere-della-sera\/francesco-ai-gesuiti-sulla-chiesa-sballottata\/\">Read More<span class=\"screen-reader-text\">Francesco ai Gesuiti sulla Chiesa sballottata<\/span><\/a><\/div>\n","protected":false},"author":1,"featured_media":0,"parent":7661,"menu_order":0,"comment_status":"open","ping_status":"closed","template":"","meta":{"_monsterinsights_skip_tracking":false,"_monsterinsights_sitenote_active":false,"_monsterinsights_sitenote_note":"","_monsterinsights_sitenote_category":0,"footnotes":""},"class_list":["post-14894","page","type-page","status-publish","hentry","excerpt"],"_links":{"self":[{"href":"http:\/\/www.luigiaccattoli.it\/blog\/wp-json\/wp\/v2\/pages\/14894","targetHints":{"allow":["GET"]}}],"collection":[{"href":"http:\/\/www.luigiaccattoli.it\/blog\/wp-json\/wp\/v2\/pages"}],"about":[{"href":"http:\/\/www.luigiaccattoli.it\/blog\/wp-json\/wp\/v2\/types\/page"}],"author":[{"embeddable":true,"href":"http:\/\/www.luigiaccattoli.it\/blog\/wp-json\/wp\/v2\/users\/1"}],"replies":[{"embeddable":true,"href":"http:\/\/www.luigiaccattoli.it\/blog\/wp-json\/wp\/v2\/comments?post=14894"}],"version-history":[{"count":1,"href":"http:\/\/www.luigiaccattoli.it\/blog\/wp-json\/wp\/v2\/pages\/14894\/revisions"}],"predecessor-version":[{"id":14895,"href":"http:\/\/www.luigiaccattoli.it\/blog\/wp-json\/wp\/v2\/pages\/14894\/revisions\/14895"}],"up":[{"embeddable":true,"href":"http:\/\/www.luigiaccattoli.it\/blog\/wp-json\/wp\/v2\/pages\/7661"}],"wp:attachment":[{"href":"http:\/\/www.luigiaccattoli.it\/blog\/wp-json\/wp\/v2\/media?parent=14894"}],"curies":[{"name":"wp","href":"https:\/\/api.w.org\/{rel}","templated":true}]}}