{"id":15687,"date":"2015-01-30T13:02:19","date_gmt":"2015-01-30T12:02:19","guid":{"rendered":"http:\/\/www.luigiaccattoli.it\/blog\/?page_id=15687"},"modified":"2015-01-31T16:11:06","modified_gmt":"2015-01-31T15:11:06","slug":"pier-santi-mattarella-martire-della-politica-con-le-carte-in-regola","status":"publish","type":"page","link":"http:\/\/www.luigiaccattoli.it\/blog\/cerco-fatti-di-vangelo\/nuovi-martiri\/c-martiri-della-giustizia\/pier-santi-mattarella-martire-della-politica-con-le-carte-in-regola\/","title":{"rendered":"Piersanti Mattarella testimone della politica \u201ccon le carte in regola\u201d"},"content":{"rendered":"<p><span style=\"font-family: 'Times New Roman', serif;\"><span style=\"font-size: large;\">Piersanti Mattarella (1935-1980)<\/span><\/span><b> <\/b><span style=\"font-family: 'Times New Roman', serif;\"><span style=\"font-size: large;\">componente della direzione centrale della Dc e presidente della Regione Siciliana, viene assassinato da un killer della mafia mentre va a messa con la famiglia il 6 gennaio 1980. Piersanti \u00e8 figlio di Bernardo Mattarella (1905-1971: deputato della Dc alla Costituente, pi\u00f9 volte ministro) e fratello maggiore di Sergio che entrer\u00e0 in politica dopo la sua uccisione, assumendone l\u2019eredit\u00e0.<\/span><\/span><\/p>\n<p><span style=\"font-family: 'Courier New', serif;\"><span style=\"font-size: small;\"><span style=\"font-family: 'Times New Roman', serif;\"><span style=\"font-size: large;\">Nato a Castellammare del Golfo (Trapani), si laurea in giurisprudenza a Roma e s\u2019impegna in Azione cattolica, entrando a far parte della presidenza nazionale. La sua attivit\u00e0 politica inizia con l\u2019elezione nel Comitato provinciale Dc a Palermo nel 1961. Moroteo nello schieramento interno al partito, da subito in Sicilia rappresenta un modo nuovo di fare politica. Nello svolgimento degli incarichi sue principali preoccupazioni saranno il risanamento dell\u2019amministrazione e la riforma della burocrazia. <\/span><\/span><\/span><\/span><\/p>\n<p><span style=\"font-family: 'Courier New', serif;\"><span style=\"font-size: small;\"><span style=\"font-family: 'Times New Roman', serif;\"><span style=\"font-size: large;\">Nel 1978 diviene presidente della Regione ed \u00e8 riconosciuto da tutti come \u201cuomo nuovo\u201d della Dc siciliana: si occupa di politiche culturali e giovanili e di rinnovamento del ruolo del partito, che non intende come <\/span><\/span><span style=\"font-family: 'Times New Roman', serif;\"><span style=\"font-size: large;\"><i>\u201cmacchina elettorale\u201d<\/i><\/span><\/span><span style=\"font-family: 'Times New Roman', serif;\"><span style=\"font-size: large;\">, ma <\/span><\/span><span style=\"font-family: 'Times New Roman', serif;\"><span style=\"font-size: large;\"><i>\u201cservizio\u201d <\/i><\/span><\/span><span style=\"font-family: 'Times New Roman', serif;\"><span style=\"font-size: large;\">a disposizione della societ\u00e0 civile. \u201cLa profonda formazione religiosa, convalidata da una pratica personale continua, lo indusse a una tale coerenza nell\u2019azione politica che costitu\u00ec la ragione preminente della sua affermazione come leader e della sua condanna a morte\u201d (Leopoldo Elia).<\/span><\/span><\/span><\/span><\/p>\n<p><span style=\"font-family: 'Courier New', serif;\"><span style=\"font-size: small;\"><span style=\"font-family: 'Times New Roman', serif;\"><span style=\"font-size: large;\">Imputato dapprima al terrorismo, il suo assassinio, avvenuto al culmine della carriera politica, sar\u00e0 in seguito ritenuto opera della mafia.<\/span><\/span> <span style=\"font-family: 'Times New Roman', serif;\"><span style=\"font-size: large;\">Nel 1993 il pentito Tommaso Buscetta dir\u00e0 ai magistrati inquirenti che l\u2019atteggiamento antimafia di Mattarella si fa \u201crigoroso e severo\u201d dopo l\u2019uccisione di Michele Reina (1979), segretario provinciale della Dc, che fu il primo delitto politico di Cosa Nostra. In particolare Mattarella presidente della Regione avvi\u00f2 un\u2019opera di bonifica nell\u2019assegnazione degli appalti che la mafia ritenne inaccettabile e che port\u00f2 all&#8217;assassinio. Nel 1995 saranno condannati all\u2019ergastolo, come mandanti del suo omicidio, i boss mafiosi di Cosa nostra Salvatore Riina, Michele Greco, Bernardo Brusca, Bernardo Provenzano, Giuseppe Cal\u00f2, Francesco Madonia, Nen\u00e8 Geraci. <\/span><\/span><\/span><\/span><\/p>\n<p>\u201c<span style=\"font-family: 'Courier New', serif;\"><span style=\"font-size: small;\"><span style=\"font-family: 'Times New Roman', serif;\"><span style=\"font-size: large;\"><i>Piersanti Mattarella un democristiano onesto e coraggioso ucciso proprio perch\u00e9 onesto e coraggioso<\/i><\/span><\/span><span style=\"font-family: 'Times New Roman', serif;\"><span style=\"font-size: large;\">\u201d sar\u00e0 il giudizio del procuratore Giancarlo Caselli, in un\u2019intervista a \u201cRepubblica\u201d del 12 agosto 1997. Il Procuratore nazionale antimafia Pietro Grasso, nel libro \u201cPer non morire di mafia\u201d (<\/span><\/span><span style=\"font-family: 'Times New Roman', serif;\"><span style=\"font-size: large;\">Sperling &amp; Kupfer 2009, pag. 7)<\/span><\/span><span style=\"font-family: 'Times New Roman', serif;\"><span style=\"font-size: large;\">, scriver\u00e0 che Piersanti Mattarella \u201cstava provando a realizzare un nuovo progetto politico-amministrativo, un&#8217;autentica rivoluzione. La sua politica di radicale moralizzazione della vita pubblica, secondo lo slogan che la Sicilia doveva mostrarsi \u2018con le carte in regola\u2019, aveva turbato il sistema degli appalti pubblici con gesti clamorosi, mai attuati nell\u2019isola\u201d.<\/span><\/span><\/span><\/span><\/p>\n<p><span style=\"font-family: 'Courier New', serif;\"><span style=\"font-size: small;\"><span style=\"font-family: 'Times New Roman', serif;\"><span style=\"font-size: large;\">Le caratteristiche dell\u2019uomo e politico Piersanti Mattarella sono state cos\u00ec descritte dal fratello Sergio in un\u2019intervista contenuta nel volume di Pierluigi Basile, <\/span><\/span><span style=\"font-family: 'Times New Roman', serif;\"><span style=\"font-size: large;\"><i>Le carte in regola. Piersanti Mattarella un democristiano diverso<\/i><\/span><\/span><span style=\"font-family: 'Times New Roman', serif;\"><span style=\"font-size: large;\"> (Palermo 1982): \u201cOttimismo, motivazione, rigore e chiarezza di posizioni, concretezza amministrativa, insofferenza alla prepotenza della forza, tutela del ruolo politico e istituzionale\u201d.<\/span><\/span><\/span><\/span><\/p>\n<p>\u201c<span style=\"font-family: 'Courier New', serif;\"><span style=\"font-size: small;\"><span style=\"font-family: 'Times New Roman', serif;\"><span style=\"font-size: large;\">Martire della legalit\u00e0 e della buona politica\u201d lo definir\u00e0 in un\u2019occasione pubblica Andrea Riccardi, il 6 gennaio 2013, mettendo in risalto la sua \u201cdeterminazione nel combattere la mafia nonostante le minacce ricevute\u201d.<\/span><\/span><\/span><\/span><\/p>\n<p><span style=\"font-family: 'Courier New', serif;\"><span style=\"font-size: small;\"><span style=\"font-family: 'Times New Roman', serif;\"><span style=\"font-size: medium;\"><i><b>Scritti e discorsi di Piersanti Mattarella<\/b><\/i><\/span><\/span><span style=\"font-family: 'Times New Roman', serif;\"><span style=\"font-size: medium;\"><b>, con introduzione di Leopoldo Elia, 2 voll., Palermo 1980<\/b><\/span><\/span><i><b> <\/b><\/i><span style=\"font-family: 'Times New Roman', serif;\"><span style=\"font-size: medium;\"><b>(raccolta curata da un comitato di redazione con la collaborazione del fratello Sergio)<\/b><\/span><\/span><span style=\"font-family: 'Times New Roman', serif;\"><span style=\"font-size: medium;\"><i><b>. Dizionario storico del movimento cattolico in Italia<\/b><\/i><\/span><\/span><span style=\"font-family: 'Times New Roman', serif;\"><span style=\"font-size: medium;\"><b>, Marietti 1982, III\/2, pp. 530s. Andrea Riccardi firma la prefazione al volume di Giovanni Grasso, <\/b><\/span><\/span><span style=\"font-family: 'Times New Roman', serif;\"><span style=\"font-size: medium;\"><i><b>Piersanti Mattarella. Da solo contro la mafia<\/b><\/i><\/span><\/span><span style=\"font-family: 'Times New Roman', serif;\"><span style=\"font-size: medium;\"><b>, San Paolo 2014.<\/b><\/span><\/span><\/span><\/span><\/p>\n<p><span style=\"font-family: 'Courier New', serif;\"><span style=\"font-size: small;\"><span style=\"font-family: 'Times New Roman', serif;\"><span style=\"font-size: medium;\"><b>[Profilo del volume \u201cNuovi Martiri\u201d (San Paolo 2000) \u2013 aggiornato al 2014]<\/b><\/span><\/span><\/span><\/span><\/p>\n","protected":false},"excerpt":{"rendered":"<p>Piersanti Mattarella (1935-1980) componente della direzione centrale della Dc e presidente della Regione Siciliana, viene assassinato da un killer della mafia mentre va a messa con la famiglia il 6&#8230;<\/p>\n<div class=\"more-link-wrapper\"><a class=\"more-link\" href=\"http:\/\/www.luigiaccattoli.it\/blog\/cerco-fatti-di-vangelo\/nuovi-martiri\/c-martiri-della-giustizia\/pier-santi-mattarella-martire-della-politica-con-le-carte-in-regola\/\">Read More<span class=\"screen-reader-text\">Piersanti Mattarella testimone della politica \u201ccon le carte in regola\u201d<\/span><\/a><\/div>\n","protected":false},"author":1,"featured_media":0,"parent":2214,"menu_order":0,"comment_status":"open","ping_status":"closed","template":"","meta":{"_monsterinsights_skip_tracking":false,"_monsterinsights_sitenote_active":false,"_monsterinsights_sitenote_note":"","_monsterinsights_sitenote_category":0,"footnotes":""},"class_list":["post-15687","page","type-page","status-publish","hentry","excerpt"],"_links":{"self":[{"href":"http:\/\/www.luigiaccattoli.it\/blog\/wp-json\/wp\/v2\/pages\/15687","targetHints":{"allow":["GET"]}}],"collection":[{"href":"http:\/\/www.luigiaccattoli.it\/blog\/wp-json\/wp\/v2\/pages"}],"about":[{"href":"http:\/\/www.luigiaccattoli.it\/blog\/wp-json\/wp\/v2\/types\/page"}],"author":[{"embeddable":true,"href":"http:\/\/www.luigiaccattoli.it\/blog\/wp-json\/wp\/v2\/users\/1"}],"replies":[{"embeddable":true,"href":"http:\/\/www.luigiaccattoli.it\/blog\/wp-json\/wp\/v2\/comments?post=15687"}],"version-history":[{"count":4,"href":"http:\/\/www.luigiaccattoli.it\/blog\/wp-json\/wp\/v2\/pages\/15687\/revisions"}],"predecessor-version":[{"id":15702,"href":"http:\/\/www.luigiaccattoli.it\/blog\/wp-json\/wp\/v2\/pages\/15687\/revisions\/15702"}],"up":[{"embeddable":true,"href":"http:\/\/www.luigiaccattoli.it\/blog\/wp-json\/wp\/v2\/pages\/2214"}],"wp:attachment":[{"href":"http:\/\/www.luigiaccattoli.it\/blog\/wp-json\/wp\/v2\/media?parent=15687"}],"curies":[{"name":"wp","href":"https:\/\/api.w.org\/{rel}","templated":true}]}}