{"id":16007,"date":"2015-03-23T19:44:30","date_gmt":"2015-03-23T18:44:30","guid":{"rendered":"http:\/\/www.luigiaccattoli.it\/blog\/?page_id=16007"},"modified":"2015-03-24T21:14:55","modified_gmt":"2015-03-24T20:14:55","slug":"con-il-battesimo-ho-trovato-una-famiglia","status":"publish","type":"page","link":"http:\/\/www.luigiaccattoli.it\/blog\/cerco-fatti-di-vangelo\/20-preghiera-pubblica\/con-il-battesimo-ho-trovato-una-famiglia\/","title":{"rendered":"Con il battesimo ho trovato una famiglia"},"content":{"rendered":"<p>Questa \u00e8 la storia di un ragazzo albanese portato al battesimo da missionarie italiane che me l\u2019hanno narrata chiedendo di restare anonime e di mantenere riservati i nomi delle persone e dei luoghi. Rispetto la richiesta e ringrazio per il dono di un racconto dei nostri fratelli pi\u00f9 poveri che incoraggia a credere noi distratti e immemori d\u2019essere in possesso, da sempre, della fortuna del battesimo e di una comunit\u00e0 di fede.<\/p>\n<p><span style=\"font-size: large;\"><i>Mi chiamo K. e sono nato nel 1982 a B. nel sud dell&#8217;Albania. Siamo due fratelli e una sorella. Mia madre \u00e8 rimasta vedova quando ero un ragazzo. Il ricordo di mio padre \u00e8 quello di un uomo retto, musulmano di tradizione, che ci ha educati al rispetto e al senso del dovere. Mio padre durante il regime era perseguitato, perch\u00e9 era un uomo che leggeva e che non accettava facilmente le idee degli altri. In casa aveva nascosto molti libri di cultura e anche una copia del Corano e della Bibbia, che abbiamo ancora nella nostra casa. Mi diceva che i due libri sono santi e che l&#8217;islam e il cristianesimo sono due religioni buone, che insegnano la via di Dio. <\/i><\/span><\/p>\n<p><span style=\"font-size: large;\"><i>Nel 1997, quando avevo 15 anni, in Albania \u2013 appena uscita dalla pazzia comunista \u2013 scoppiarono molti disordini. Il popolo era ancora nella miseria dovuta agli anni duri del regime, si era appena aperta la democrazia, quando di nuovo molti rimasero vittima dell&#8217;inganno: con investimenti \u201cpiramidali\u201d venivano promessi facili e grossi guadagni. Le persone investivano tutto e si fidavano di queste promesse. Poi, ad un certo punto, i soldi investiti sono spariti e molti si sono trovati senza casa, senza nulla. Alcuni nella disperazione si toglievano la vita. Altri imbracciarono le armi, rimaste nei depositi o assaltando le caserme militari. Fu guerra civile, l&#8217;uno contro l&#8217;altro, senza nessuna ragione, senza pi\u00f9 il controllo. Io in quei giorni continuavo la mia vita di ragazzo, anche se le strade erano pericolose. Dopo l&#8217;imbrunire nessuno girava pi\u00f9. <\/i><\/span><\/p>\n<p><span style=\"font-size: large;\"><i>Un pomeriggio stavo giocando per strada con i miei amici. Mia mamma mi chiamava, vieni in casa che si fa tardi. Io pensai \u201cancora una partita e vado\u201d. Proprio allora, pochi minuti dopo, una pallottola vagante mi colp\u00ec alla schiena. Quel giorno la mia vita cambi\u00f2. Rimasi paralizzato agli arti inferiori e costretto a letto. Mia madre fu molto forte e fece di tutto per me, rivolgendosi in ogni posto. Un giorno and\u00f2 alla Chiesa Cattolica presente in citt\u00e0. And\u00f2 come a chiedere l&#8217;elemosina, era disperata e non si aspettava neppure una risposta positiva per i tanti rifiuti ricevuti fino a quel giorno. Ma alla Chiesa trov\u00f2 persone accoglienti, che si interessarono di noi e ci aiutarono. Sentimmo molta gratitudine per i cristiani. Dopo alcuni anni arrivarono le sorelle della P.F.. Mia madre si rivolse a loro per chiedere un aiuto e l\u00ec trovammo oltre che un aiuto, una vera famiglia. <\/i><\/span><\/p>\n<p><span style=\"font-size: large;\"><i>Le sorelle mi hanno dato la possibilit\u00e0 di trascorrere dei periodi in Italia per fare fisioterapia intensiva, che in Albania dovevo fare da solo. Con il lavoro intenso ho avuto miglioramenti, ora sto in carrozzina, mi sposto da solo, esco. Mia madre intanto inizi\u00f2 il cammino di catecumenato per ricevere il Battesimo. Dopo di lei, anche io sentii il desiderio di diventare cristiano e nel 2012 abbiamo ricevuto insieme il Battesimo. Il Signore ha benedetto ancora la mia famiglia. Dopo di noi anche mio fratello F. ha conosciuto la fede cristiana e ha chiesto di unirsi a noi ricevendo i sacramenti con la moglie e il piccolo appena nato. <\/i><\/span><\/p>\n<p><span style=\"font-size: large;\"><i>L\u2019incontro con la fede e con la comunit\u00e0 cristiana \u00e8 stato per me come una nuova nascita, che mi ha tolto dalla disperazione. Avevo tanta forza di volont\u00e0, ma nessuna possibilit\u00e0 ed ero da solo. Con la fede ho trovato una famiglia che mi ha sostenuto e ora anche la mia famiglia \u00e8 interamente cristiana. Questo mi d\u00e0 la forza di affrontare le mie difficolt\u00e0 e una pace che finora non avevo conosciuto.<\/i><\/span><\/p>\n<p><span style=\"font-size: medium;\"><b>Ho conosciuto la storia di K. da una missionaria italiana in Albania nel febbraio del 20915. Le ho chiesto di metterlo per iscritto e lei me l&#8217;ha inviato in questa forma.<\/b><\/span><\/p>\n<p><span style=\"font-size: medium;\"><b>[marzo 2015]<\/b><\/span><\/p>\n","protected":false},"excerpt":{"rendered":"<p>Questa \u00e8 la storia di un ragazzo albanese portato al battesimo da missionarie italiane che me l\u2019hanno narrata chiedendo di restare anonime e di mantenere riservati i nomi delle persone&#8230;<\/p>\n<div class=\"more-link-wrapper\"><a class=\"more-link\" href=\"http:\/\/www.luigiaccattoli.it\/blog\/cerco-fatti-di-vangelo\/20-preghiera-pubblica\/con-il-battesimo-ho-trovato-una-famiglia\/\">Read More<span class=\"screen-reader-text\">Con il battesimo ho trovato una famiglia<\/span><\/a><\/div>\n","protected":false},"author":1,"featured_media":0,"parent":2141,"menu_order":0,"comment_status":"open","ping_status":"closed","template":"","meta":{"_monsterinsights_skip_tracking":false,"_monsterinsights_sitenote_active":false,"_monsterinsights_sitenote_note":"","_monsterinsights_sitenote_category":0,"footnotes":""},"class_list":["post-16007","page","type-page","status-publish","hentry","excerpt"],"_links":{"self":[{"href":"http:\/\/www.luigiaccattoli.it\/blog\/wp-json\/wp\/v2\/pages\/16007","targetHints":{"allow":["GET"]}}],"collection":[{"href":"http:\/\/www.luigiaccattoli.it\/blog\/wp-json\/wp\/v2\/pages"}],"about":[{"href":"http:\/\/www.luigiaccattoli.it\/blog\/wp-json\/wp\/v2\/types\/page"}],"author":[{"embeddable":true,"href":"http:\/\/www.luigiaccattoli.it\/blog\/wp-json\/wp\/v2\/users\/1"}],"replies":[{"embeddable":true,"href":"http:\/\/www.luigiaccattoli.it\/blog\/wp-json\/wp\/v2\/comments?post=16007"}],"version-history":[{"count":3,"href":"http:\/\/www.luigiaccattoli.it\/blog\/wp-json\/wp\/v2\/pages\/16007\/revisions"}],"predecessor-version":[{"id":16017,"href":"http:\/\/www.luigiaccattoli.it\/blog\/wp-json\/wp\/v2\/pages\/16007\/revisions\/16017"}],"up":[{"embeddable":true,"href":"http:\/\/www.luigiaccattoli.it\/blog\/wp-json\/wp\/v2\/pages\/2141"}],"wp:attachment":[{"href":"http:\/\/www.luigiaccattoli.it\/blog\/wp-json\/wp\/v2\/media?parent=16007"}],"curies":[{"name":"wp","href":"https:\/\/api.w.org\/{rel}","templated":true}]}}