{"id":16980,"date":"2015-09-30T10:41:43","date_gmt":"2015-09-30T08:41:43","guid":{"rendered":"http:\/\/www.luigiaccattoli.it\/blog\/?page_id=16980"},"modified":"2015-09-30T10:41:43","modified_gmt":"2015-09-30T08:41:43","slug":"marino-e-la-telefonata-del-finto-renzi-al-vero-paglia","status":"publish","type":"page","link":"http:\/\/www.luigiaccattoli.it\/blog\/articoli-del-corriere-della-sera\/marino-e-la-telefonata-del-finto-renzi-al-vero-paglia\/","title":{"rendered":"Marino e la telefonata del finto Renzi al vero Paglia"},"content":{"rendered":"<p><a name=\"_GoBack\"><\/a><i>Pubblicato dal \u201cCorriere della Sera\u201d del 30 settembre 2015<\/i><\/p>\n<p>La malevola telefonata del finto Renzi al vero Paglia ha reso comprensibile la brusca risposta data dal Papa in aereo sul sindaco Marino, che sul momento era parsa eccessiva, come se Francesco avesse da regolare dei conti con il primo cittadino di Roma, con il quale pareva invece intrattenere un buon rapporto. Ora sappiamo che un minimo conto l\u2019aveva da regolare davvero, con il povero sindaco: un conto che potremmo chiamare \u201cuso politico dell\u2019immagine papale\u201d.<\/p>\n<p>L\u2019intera vicenda ci d\u00e0 tre informazioni minime ma a loro modo utili: che Marino \u2013 senza avvedersene \u2013 \u00e8 andato troppo oltre nella strategia filo-Papa, con la quale pure aveva ottenuto in precedenza qualche risultato; che lo stesso pu\u00f2 capitare a ogni politico ansioso di collezionare \u201cbaciamano\u201d, come in Vaticano \u00e8 detto il saluto al Pontefice in margine a eventi pubblici; che Francesco davvero e con tutti \u00e8 allergico alla cattura d\u2019immagine nei contatti che intrattiene e che l\u2019uomo Bergoglio ha un carattere risentito che all\u2019occasione l\u2019aiuta a mordere.<\/p>\n<p>La combinazione delle tre circostanze ha fatto s\u00ec che Marino stavolta paghi uno scotto pi\u00f9 grande del vantaggio che aveva sperato di ottenere con la carta Philadelphia. Prima ancora che dalla richiesta di Marino per un incontro nelle giornate americane, Bergoglio deve aver percepito come inopportuna la presenza del sindaco, in fascia tricolore, ai suoi appuntamenti pubblici: quella presenza non poteva sfuggire all\u2019occhio esercitato dell\u2019ex arcivescovo di Buenos Aires che tanti conflitti aveva avuto con i politici di laggi\u00f9, intesi pi\u00f9 dei nostri a occupare la scena delle sue celebrazioni.<\/p>\n<p>Pi\u00f9 volte il cardinale Bergoglio aveva affermato che \u201cd\u2019ordinario\u201d non dava di persona la comunione, nelle messe, per evitare che \u201cvengano da me per fare la foto\u201d. Da Papa ha lamentato \u2013 anche ultimamente \u2013 di \u201csentirsi usato\u201d da persone che gli si presentano come amiche \u201ce che forse non avevo visto pi\u00f9 di una o due volte in vita mia\u201d. \u201cHanno usato questo \u2013 cio\u00e8 la millantata amicizia \u2013 per il loro vantaggio\u201d, ha detto in un\u2019intervista di met\u00e0 settembre a una radio argentina, Fm Milenium.<\/p>\n<p>Ma non si pu\u00f2 capire la triste vicenda di Philadelphia se non si tiene conto che un filo di simpatia e di intesa tra Francesco e Marino c\u2019era stato davvero, e magari c\u2019\u00e8 ancora, a motivo dell\u2019aiuto che il sindaco chirurgo e trapiantista aveva dato al Papa sul fronte della lotta al commercio di organi, nella quale sono ambedue impegnati e pubblicamente alleati.<\/p>\n<p>Non abbiamo motivo per dubitare che fossero ottime le intenzioni che avevano portato il sindaco di Roma in America nei giorni della presenza del Papa, da lui ripetutamente dichiarate. Ma \u00e8 ragionevole attendersi che nelle prossime occasioni di contatto con Francesco \u2013 ce ne saranno tante: \u00e8 in arrivo il Giubileo \u2013 Marino adotti un protocollo di maggiore discrezione. I suoi buoni rapporti con Bergoglio erano una risorsa per la citt\u00e0 che amministra e perch\u00e9 tornino a esserlo \u00e8 forse necessario un passo indietro.<\/p>\n<p><b>Luigi Accattoli<\/b><\/p>\n<p>www.luigiaccattoli.it<\/p>\n","protected":false},"excerpt":{"rendered":"<p>Pubblicato dal \u201cCorriere della Sera\u201d del 30 settembre 2015 La malevola telefonata del finto Renzi al vero Paglia ha reso comprensibile la brusca risposta data dal Papa in aereo sul&#8230;<\/p>\n<div class=\"more-link-wrapper\"><a class=\"more-link\" href=\"http:\/\/www.luigiaccattoli.it\/blog\/articoli-del-corriere-della-sera\/marino-e-la-telefonata-del-finto-renzi-al-vero-paglia\/\">Read More<span class=\"screen-reader-text\">Marino e la telefonata del finto Renzi al vero Paglia<\/span><\/a><\/div>\n","protected":false},"author":1,"featured_media":0,"parent":7661,"menu_order":0,"comment_status":"open","ping_status":"closed","template":"","meta":{"_monsterinsights_skip_tracking":false,"_monsterinsights_sitenote_active":false,"_monsterinsights_sitenote_note":"","_monsterinsights_sitenote_category":0,"footnotes":""},"class_list":["post-16980","page","type-page","status-publish","hentry","excerpt"],"_links":{"self":[{"href":"http:\/\/www.luigiaccattoli.it\/blog\/wp-json\/wp\/v2\/pages\/16980","targetHints":{"allow":["GET"]}}],"collection":[{"href":"http:\/\/www.luigiaccattoli.it\/blog\/wp-json\/wp\/v2\/pages"}],"about":[{"href":"http:\/\/www.luigiaccattoli.it\/blog\/wp-json\/wp\/v2\/types\/page"}],"author":[{"embeddable":true,"href":"http:\/\/www.luigiaccattoli.it\/blog\/wp-json\/wp\/v2\/users\/1"}],"replies":[{"embeddable":true,"href":"http:\/\/www.luigiaccattoli.it\/blog\/wp-json\/wp\/v2\/comments?post=16980"}],"version-history":[{"count":1,"href":"http:\/\/www.luigiaccattoli.it\/blog\/wp-json\/wp\/v2\/pages\/16980\/revisions"}],"predecessor-version":[{"id":16981,"href":"http:\/\/www.luigiaccattoli.it\/blog\/wp-json\/wp\/v2\/pages\/16980\/revisions\/16981"}],"up":[{"embeddable":true,"href":"http:\/\/www.luigiaccattoli.it\/blog\/wp-json\/wp\/v2\/pages\/7661"}],"wp:attachment":[{"href":"http:\/\/www.luigiaccattoli.it\/blog\/wp-json\/wp\/v2\/media?parent=16980"}],"curies":[{"name":"wp","href":"https:\/\/api.w.org\/{rel}","templated":true}]}}