{"id":17370,"date":"2016-01-02T22:28:29","date_gmt":"2016-01-02T21:28:29","guid":{"rendered":"http:\/\/www.luigiaccattoli.it\/blog\/?page_id=17370"},"modified":"2016-01-02T22:28:29","modified_gmt":"2016-01-02T21:28:29","slug":"bergoglio-e-le-gravi-incertezze-della-citta-di-roma","status":"publish","type":"page","link":"http:\/\/www.luigiaccattoli.it\/blog\/articoli-del-corriere-della-sera\/bergoglio-e-le-gravi-incertezze-della-citta-di-roma\/","title":{"rendered":"Bergoglio e le \u201cgravi incertezze\u201d della citt\u00e0 di Roma"},"content":{"rendered":"<p><i>Pubblicato dal \u201cCorriere della Sera &#8211; Roma\u201d del 2 gennaio 2016 a pagina 1 con il titolo \u201cBergoglio, Roma e la sua debolezza\u201d <\/i><\/p>\n<p><a name=\"_GoBack\"><\/a>Com\u2019\u00e8 sua consuetudine, Bergoglio dedica il \u201cTe Deum\u201d di fine anno, che ha celebrato l\u2019altro ieri in San Pietro, ai mali di Roma: il 31 dicembre 2014 aveva accusato la societ\u00e0 romana di costringere i poveri a \u201cmafiarsi\u201d (era appena esploso lo scandalo di Mafia Capitale), quest\u2019anno ha denunciato le \u201cgravi incertezze\u201d che hanno dominato la nostra citt\u00e0 lungo gli ultimi dodici mesi, che sono \u201csintomi di scarso senso di dedizione al bene comune\u201d.<\/p>\n<p>Il linguaggio stavolta \u00e8 stato pi\u00f9 cauto perch\u00e9 \u00e8 venuta in primo piano la politica (avremo le elezioni amministrative a giugno) e il Papa argentino non vuole mescolarsi a essa, ma il contenuto \u00e8 altrettanto drammatico: riguarda la debolezza della politica in una citt\u00e0 commissariata, la perdurante incapacit\u00e0 della comunit\u00e0 cittadina a occuparsi degli ultimi, la mancanza di voce pubblica della comunit\u00e0 cattolica.<\/p>\n<p>E\u2019 ovvio che al passaggio dell\u2019anno il Papa pensi ai continui rilanci dell\u2019azione della magistratura che scopre interminabili catene di malaffare in cui sono coinvolte sia la destra sia la sinistra, nonch\u00e9 all\u2019attuale \u2013 mortificante \u2013 paralisi amministrativa dopo la troppo lenta uscita di scena del sindaco Marino, alla quale si direbbe che Francesco abbia posto mano in prima persona. Ma non c\u2019\u00e8 solo la politica nella veduta di Bergoglio. L\u2019altro ieri ha svolto questa implorazione rivolta alla Chiesa romana: \u201cNon manchi mai l\u2019apporto positivo della testimonianza cristiana per consentire a Roma di essere interprete privilegiata di fede, di accoglienza, di fraternit\u00e0 e di pace\u201d.<\/p>\n<p>Chi frequenta Papa Francesco conosce la sua preoccupazione per l\u2019incapacit\u00e0 dei cattolici romani a far sentire la loro voce nella scena pubblica. Al \u201cTe Deum\u201d del 2014 aveva rivolto ai fedeli di Roma la domanda inchiodante: \u201cIn questa citt\u00e0 siamo sale e luce? Oppure siamo spenti, irrilevanti, stanchi?\u201d. Ecco la parola: \u201cirrilevanti\u201d. La comunit\u00e0 cattolica di Roma rischia oggi l\u2019irrilevanza nella vita pubblica.<\/p>\n<p>Da due anni c\u2019\u00e8 un \u201cOsservatorio sulla citta\u201d \u2013 promosso dal cardinale Vallini \u2013 dal quale fino a oggi non \u00e8 venuta una sola parola utile alla convivenza cittadina. Lo scorso novembre \u00e8 stata pubblicata una \u201cLettera [della Chiesa locale] alla citt\u00e0 di Roma\u201d che non ha avuto alcuna eco pubblica. Il Papa dei poveri e delle periferie, che con un\u2019omelia faceva tremare l\u2019ufficialit\u00e0 argentina, stenta a capire questa \u201cirrilevanza\u201d. Ne terr\u00e0 conto per la nomina del nuovo vicario che dovrebbe arrivare nei prossimi mesi.<\/p>\n<p><b>Luigi Accattoli<\/b><\/p>\n<p>www.luigiaccattoli.it<\/p>\n","protected":false},"excerpt":{"rendered":"<p>Pubblicato dal \u201cCorriere della Sera &#8211; Roma\u201d del 2 gennaio 2016 a pagina 1 con il titolo \u201cBergoglio, Roma e la sua debolezza\u201d Com\u2019\u00e8 sua consuetudine, Bergoglio dedica il \u201cTe&#8230;<\/p>\n<div class=\"more-link-wrapper\"><a class=\"more-link\" href=\"http:\/\/www.luigiaccattoli.it\/blog\/articoli-del-corriere-della-sera\/bergoglio-e-le-gravi-incertezze-della-citta-di-roma\/\">Read More<span class=\"screen-reader-text\">Bergoglio e le \u201cgravi incertezze\u201d della citt\u00e0 di Roma<\/span><\/a><\/div>\n","protected":false},"author":1,"featured_media":0,"parent":7661,"menu_order":0,"comment_status":"open","ping_status":"closed","template":"","meta":{"_monsterinsights_skip_tracking":false,"_monsterinsights_sitenote_active":false,"_monsterinsights_sitenote_note":"","_monsterinsights_sitenote_category":0,"footnotes":""},"class_list":["post-17370","page","type-page","status-publish","hentry","excerpt"],"_links":{"self":[{"href":"http:\/\/www.luigiaccattoli.it\/blog\/wp-json\/wp\/v2\/pages\/17370","targetHints":{"allow":["GET"]}}],"collection":[{"href":"http:\/\/www.luigiaccattoli.it\/blog\/wp-json\/wp\/v2\/pages"}],"about":[{"href":"http:\/\/www.luigiaccattoli.it\/blog\/wp-json\/wp\/v2\/types\/page"}],"author":[{"embeddable":true,"href":"http:\/\/www.luigiaccattoli.it\/blog\/wp-json\/wp\/v2\/users\/1"}],"replies":[{"embeddable":true,"href":"http:\/\/www.luigiaccattoli.it\/blog\/wp-json\/wp\/v2\/comments?post=17370"}],"version-history":[{"count":1,"href":"http:\/\/www.luigiaccattoli.it\/blog\/wp-json\/wp\/v2\/pages\/17370\/revisions"}],"predecessor-version":[{"id":17371,"href":"http:\/\/www.luigiaccattoli.it\/blog\/wp-json\/wp\/v2\/pages\/17370\/revisions\/17371"}],"up":[{"embeddable":true,"href":"http:\/\/www.luigiaccattoli.it\/blog\/wp-json\/wp\/v2\/pages\/7661"}],"wp:attachment":[{"href":"http:\/\/www.luigiaccattoli.it\/blog\/wp-json\/wp\/v2\/media?parent=17370"}],"curies":[{"name":"wp","href":"https:\/\/api.w.org\/{rel}","templated":true}]}}