{"id":17700,"date":"2016-03-11T16:09:47","date_gmt":"2016-03-11T15:09:47","guid":{"rendered":"http:\/\/www.luigiaccattoli.it\/blog\/?page_id=17700"},"modified":"2016-03-11T16:10:04","modified_gmt":"2016-03-11T15:10:04","slug":"prudenti-vigilanti-leali-trasparenti-per-dire-no-con-coraggio-alla-corruzione","status":"publish","type":"page","link":"http:\/\/www.luigiaccattoli.it\/blog\/conferenze-e-dibattiti-2\/prudenti-vigilanti-leali-trasparenti-per-dire-no-con-coraggio-alla-corruzione\/","title":{"rendered":"Prudenti vigilanti leali trasparenti per dire no con coraggio alla corruzione"},"content":{"rendered":"<p>Incontro diocesano per persone impegnate nella vita pubblica<\/p>\n<p>Tivoli sabato 30 gennaio 2016<\/p>\n<p><b>La \u201cMisericordiae Vultus\u201d al paragrafo 19<\/b>:<\/p>\n<p>\u201cLa corruzione, piaga putrefatta della societ\u00e0 \u00e8 un grave peccato che grida verso il cielo, perch\u00e9 mina fin dalle fondamenta la vita personale e sociale. La corruzione impedisce di guardare al futuro con speranza, perch\u00e9 con la sua prepotenza e avidit\u00e0 distrugge i progetti dei deboli e schiaccia i pi\u00f9 poveri. \u00c8 un male che si annida nei gesti quotidiani per estendersi poi negli scandali pubblici. La corruzione \u00e8 un accanimento nel peccato, che intende sostituire Dio con l\u2019illusione del denaro come forma di potenza. \u00c8 un\u2019opera delle tenebre, sostenuta dal sospetto e dall\u2019intrigo. Corruptio optimi pessima, diceva con ragione san Gregorio Magno, per indicare che nessuno pu\u00f2 sentirsi immune da questa tentazione. Per debellarla dalla vita personale e sociale sono necessarie prudenza, vigilanza, lealt\u00e0, trasparenza, unite al coraggio della denuncia. Se non la si combatte apertamente, presto o tardi rende complici e distrugge l\u2019esistenza\u201d.<\/p>\n<p><b>La corruzione domina l\u2019Italia <\/b><\/p>\n<p>Siglato oggi, in occasione della presentazione dell&#8217;Indice di Percezione della Corruzione 2015 (CPI) di Transparency International, il\u00a0Protocollo d&#8217;Intesa tra l&#8217;Autorit\u00e0 Nazionale Anticorruzione e Transparency International Italia\u00a0(TI-It). Il Protocollo \u00e8 finalizzato a stabilire un rapporto di collaborazione tra Anac e Transparency International Italia per promuovere iniziative sui temi della trasparenza, dell&#8217;integrit\u00e0 e della\u00a0lotta alla corruzione.<\/p>\n<p>L&#8217;Italia, con un punteggio di 44 su 100, \u00e8\u00a0al 61\/o posto al mondo nella classifica del Rapporto sulla corruzione della pubblica amministrazione\u00a0pubblicato da Transparency International, alla pari con Lesotho, Senegal, Sudafrica e Montenegro. Tra i 28 paesi della Ue solo la Bulgaria (69\/a con 41 punti) sta peggio. Il paese meno corrotto \u00e8 la Danimarca (91 punti), davanti a Finlandia (90) e Svezia (89). Gli Usa sono sedicesimi. I paesi pi\u00f9 corrotti in assoluto sono Somalia e Corea del Nord.<\/p>\n<p><b>La predicazione di Papa Francesco<\/b><\/p>\n<p>\u201cQuanta corruzione c\u2019\u00e8 nel mondo!\u201d esclama Francesco il 21 marzo 2015 in visita a Scampia, quartiere simbolo della Napoli pi\u00f9 attanagliata dai mali sociali e quell\u2019esclamazione potrebbe essere posta a titolo di molte sue invettive pronunciate in vari luoghi dell\u2019Italia e del pianeta. Della corruzione parla con parole di fuoco il 27 luglio 2013 a Rio de Janeiro visitando una favela, il 26 luglio 2014 a Caserta, il 16 gennaio 2015 a Manila nel palazzo presidenziale.<\/p>\n<p>Bergoglio non ha dubbi sul ruolo dominante che la corruzione va acquisendo nel mondo ai giorni nostri. Nell\u2019intervista del 25 maggio 2015 al quotidiano argentino \u00abLa Voz del Pueblo\u00bb cos\u00ec risponde alla domanda su quali siano i \u201cmali peggiori\u201d che affliggono oggi l\u2019umanit\u00e0: \u201cPovert\u00e0, corruzione, tratta\u201d. Egli viene da un\u2019area continentale che ha un\u2019esperienza maggiore della nostra in materia di povert\u00e0 e di tratta, ma con \u201cMafia Capitale\u201d \u2013 denominazione di un\u2019inchiesta giudiziaria sulla corruzione a Roma, avviata nel dicembre 2014 \u2013 dev\u2019essersi reso conto che quanto alla corruzione la capitale del Cattolicesimo non \u00e8 seconda a nessuno.<\/p>\n<p>Afferma che i cristiani, \u201csale del mondo\u201d, hanno il compito di \u201cdifenderlo dalla corruzione\u201d (9 febbraio 2014); ma non nega che vi sia \u201ccorruzione nella Chiesa\u201d: per esempio ne parla con i giornalisti in aereo, tornando dal Brasile il 28 luglio 2013 e tornando dalle Filippine il 19 gennaio 2015.<\/p>\n<p>E\u2019 convinto che anche cristianamente la corruzione sia un male straordinario, di prima grandezza. Parlando a una Delegazione dell\u2019Associazione Internazionale di Diritto Penale il 23 ottobre 2014, sentenzia che \u201cla corruzione \u00e8 un male pi\u00f9 grande del peccato\u201d. Del primato dei corrotti aveva trattato da gesuita, prima di diventare vescovo, in un saggio del 1991 intitolato \u201cCorrupci\u00f2n y pecado\u201d (tradotto in italiano da Emi, nel 2013, con il titolo \u201cGuarire dalla corruzione\u201d). In esso arrivava a un\u2019affermazione sorprendente, che in varia forma ha ripreso pi\u00f9 volte da Papa: \u201cPotremmo dire che il peccato si perdona, la corruzione non pu\u00f2 essere perdonata\u201d (p. 19). L\u2019argomentazione fa perno sul fatto che il corrotto non sa chiedere perdono, perch\u00e9 \u201c\u00e8 sicuro di essere migliore degli altri\u201d (p. 23).<\/p>\n<p>Anche nei documenti pi\u00f9 solenni riserva condanne bibliche al male della corruzione: nella \u201cEvangelii Gaudium\u201d la qualifica come \u201cun cancro sociale\u201d (paragrafo 60), nella \u201cLaudato si\u2019\u201d mette in risalto la sua tendenza a prevalere sul diritto e a porsi tra le cause del degrado del pianeta (paragrafo 179).<\/p>\n<p><b>Prudenti e vigilanti<\/b><\/p>\n<p>\u201cNessuno pu\u00f2 sentirsi immune da questa tentazione\u201d dice il Papa nella Bolla. Quindi prudenza innanzitutto verso se stessi. Tenere se stessi sotto controllo.<\/p>\n<p>Parlare con i figli dell\u2019uso del denaro. Parlarne con i collaboratori.<\/p>\n<p>Avere cura che bilanci, conti di cassa, rendiconti \u2013 dalla vita familiare alla pubblica amministrazione \u2013 siano controllati e controllabili da ognuno che ne abbia diritto. In definitiva: da ogni membro della famiglia e da ogni cittadino.<\/p>\n<p>Nel libro \u201cIl nome di Dio \u00e8 Misericordia\u201d a pagina 96 c\u2019\u00e8 questo richiamo del Papa che possiamo applicare al nostro dovere di vigilanza: \u201cDobbiamo pregare in modo speciale, durante questo Giubileo, perch\u00e9 Dio faccia breccia anche nei cuori dei corrotti donando loro la grazia della vergogna, la grazia di riconoscersi peccatori bisognosi del Suo perdono\u201d. Ecco, potremmo applicare alla citt\u00e0 \u2013 alla civitas, alla polis \u2013 ma anche a noi stessi questo richiamo:<\/p>\n<p><b>Leali e trasparenti<\/b><\/p>\n<p>Nell\u2019enciclica Laudato si\u2019 il Papa, in un passo del paragrafo 179, d\u00e0 un suggerimento che trovo appropriato per chi ha il compito del risanamento dalla corruzione nella vita pubblica: \u201cPoich\u00e9 il diritto, a volte, si dimostra insufficiente a causa della corruzione, [lo dice per il contrasto dei danni ambientali, ma vale alla pari per la moralizzazione della vita pubblica] si richiede una decisione politica sotto la pressione della popolazione\u201d. Qui il Papa invita a rovesciare il criterio politico tradizionale, che puntava a tenere quieto il popolo con favori clientelari: egli invita invece a mobilitare il popolo, perch\u00e9 aiuti il politico onesto nella sua battaglia di cambiamento dell\u2019esistente.<\/p>\n<p>Omelia di ieri, 29 gennaio: \u201cQuesto \u00e8 un momento nella vita di Davide che ci fa vedere un momento per il quale tutti noi possiamo andare nella nostra vita: \u00e8 il passaggio dal peccato alla corruzione. Qui Davide incomincia, fa il primo passo verso la corruzione. Ha il potere, ha la forza. E per questo la corruzione \u00e8 un peccato pi\u00f9 facile per tutti noi che abbiamo qualche potere, sia potere ecclesiastico, religioso, economico, politico\u2026 Perch\u00e9 il diavolo ci fa sentire sicuri: \u2018Ce la faccio io\u2019\u201d.<\/p>\n<p>Ancora omelia di ieri: \u201cIl Signore sempre perdona. Ma una delle cose pi\u00f9 brutte che ha la corruzione \u00e8 che il corrotto non ha bisogno di chiedere perdono, non se la sente&#8230;\u00a0Facciamo oggi una preghiera per la Chiesa, incominciando da noi, per il Papa, per i vescovi, per i sacerdoti, per i consacrati, per i fedeli laici: \u2018Ma, Signore, salvaci, salvaci dalla corruzione. Peccatori s\u00ec, Signore, siamo tutti, ma corrotti mai!\u2019. Chiediamo questa grazia\u201d.<\/p>\n","protected":false},"excerpt":{"rendered":"<p>Incontro diocesano per persone impegnate nella vita pubblica Tivoli sabato 30 gennaio 2016 La \u201cMisericordiae Vultus\u201d al paragrafo 19: \u201cLa corruzione, piaga putrefatta della societ\u00e0 \u00e8 un grave peccato che&#8230;<\/p>\n<div class=\"more-link-wrapper\"><a class=\"more-link\" href=\"http:\/\/www.luigiaccattoli.it\/blog\/conferenze-e-dibattiti-2\/prudenti-vigilanti-leali-trasparenti-per-dire-no-con-coraggio-alla-corruzione\/\">Read More<span class=\"screen-reader-text\">Prudenti vigilanti leali trasparenti per dire no con coraggio alla corruzione<\/span><\/a><\/div>\n","protected":false},"author":1,"featured_media":0,"parent":5506,"menu_order":0,"comment_status":"closed","ping_status":"closed","template":"","meta":{"_monsterinsights_skip_tracking":false,"_monsterinsights_sitenote_active":false,"_monsterinsights_sitenote_note":"","_monsterinsights_sitenote_category":0,"footnotes":""},"class_list":["post-17700","page","type-page","status-publish","hentry","excerpt"],"_links":{"self":[{"href":"http:\/\/www.luigiaccattoli.it\/blog\/wp-json\/wp\/v2\/pages\/17700","targetHints":{"allow":["GET"]}}],"collection":[{"href":"http:\/\/www.luigiaccattoli.it\/blog\/wp-json\/wp\/v2\/pages"}],"about":[{"href":"http:\/\/www.luigiaccattoli.it\/blog\/wp-json\/wp\/v2\/types\/page"}],"author":[{"embeddable":true,"href":"http:\/\/www.luigiaccattoli.it\/blog\/wp-json\/wp\/v2\/users\/1"}],"replies":[{"embeddable":true,"href":"http:\/\/www.luigiaccattoli.it\/blog\/wp-json\/wp\/v2\/comments?post=17700"}],"version-history":[{"count":2,"href":"http:\/\/www.luigiaccattoli.it\/blog\/wp-json\/wp\/v2\/pages\/17700\/revisions"}],"predecessor-version":[{"id":17702,"href":"http:\/\/www.luigiaccattoli.it\/blog\/wp-json\/wp\/v2\/pages\/17700\/revisions\/17702"}],"up":[{"embeddable":true,"href":"http:\/\/www.luigiaccattoli.it\/blog\/wp-json\/wp\/v2\/pages\/5506"}],"wp:attachment":[{"href":"http:\/\/www.luigiaccattoli.it\/blog\/wp-json\/wp\/v2\/media?parent=17700"}],"curies":[{"name":"wp","href":"https:\/\/api.w.org\/{rel}","templated":true}]}}