{"id":1986,"date":"2009-09-11T16:47:11","date_gmt":"2009-09-11T14:47:11","guid":{"rendered":"http:\/\/www.luigiaccattoli.it\/blog\/?page_id=1986"},"modified":"2010-11-21T21:57:00","modified_gmt":"2010-11-21T21:57:00","slug":"i-luoghi-e-i-tempi-della-persecuzione-e-del-martirio-oggi","status":"publish","type":"page","link":"http:\/\/www.luigiaccattoli.it\/blog\/conferenze-e-dibattiti-2\/i-luoghi-e-i-tempi-della-persecuzione-e-del-martirio-oggi\/","title":{"rendered":"I luoghi e i tempi della persecuzione e del martirio oggi"},"content":{"rendered":"<p><em>Agor\u00e0 dei giovani del Mediterraneo <\/em>\u2013 <em>Loreto \u2013 Sabato 5 settembre 2009<\/em><em> <\/em><\/p>\n<p>Cinque giorni addietro cinque cattolici sono stati uccisi con armi da fuoco in Pakistan, nel capoluogo del Belucistan. Erano originari della provincia pachistana del Punjab, la stessa dove il 1\u00b0 agosto erano stati arsi vivi nell\u2019incendio delle loro case altri undici cristiani.<br \/>\nL\u2019ultima settimana di luglio un soprassalto di violenza islamista ha messo a ferro e fuoco villaggi non musulmani della Nigeria del Nord, con centinaia di morti \u2013 si \u00e8 detto 600 \u2013 tra i quali molti cristiani.<br \/>\nDomenica 12 luglio una raffica di bombe contro chiese cristiane ha provocato cinque morti in Iraq.<br \/>\nIl 5 luglio a Mindanao, nelle Filippine, una bomba esplode davanti alla cattedrale cattolica provocando cinque morti e una quarantina di feriti.<br \/>\nUna madre di famiglia, accusata di aver distribuito Bibbie, \u00e8 stata giustiziata il 16 giugno in Corea del Nord.<br \/>\nSono i fatti di sangue e di martirio cristiano che ho raccolto dalla cronaca quotidiana da quando mi \u00e8 stato chiesto di tenere questa relazione.<\/p>\n<p>Possiamo forse stimare in tre milioni i martiri cristiani del ventesimo secolo: ci autorizza a ci\u00f2 lo storico Andrea Riccardi che si \u00e8 posto l\u2019interrogativo nell\u2019opera pi\u00f9 impegnativa su questa materia che sia stata fino a oggi prodotta (<em>Il secolo del martirio<\/em>, Mondadori, Milano 2000, appena uscita in seconda edizione). Possiamo accostarli \u2013 questi tre milioni \u2013 ai martiri della Shoah e a quelli del genocidio armeno come parte del grande segno dell\u2019attualit\u00e0 e del prezzo della fede biblica e della tradizione ebraico-cristiana nella nostra epoca.<br \/>\nTenteremo una sintetica descrizione dei tempi e dei luoghi di tale martirio, che copre per intero il secolo scorso e tocca ogni continente. Guardando all\u2019avvio del nuovo secolo, faremo un aggiornamento agli ultimi anni, con alcune segnalazioni essenziali di come continui a risultare pericoloso dirsi cristiani ai nostri giorni, specie nelle terre dell\u2019Islam, dell\u2019Induismo e del tribalismo africano, ma anche in territori a tradizione cristiana dove una coerente testimonianza evangelica pu\u00f2 porre il credente in Ges\u00f9 in una inerme e rischiosa posizione di contrasto con i poteri dominanti o con l\u2019arbitrio dei violenti.<\/p>\n<p>\u201cNel nostro secolo sono ritornati i martiri, spesso sconosciuti, quasi \u2018militi ignoti\u2019 della grande causa di Dio\u201d: cos\u00ec Papa Wojtyla aveva presentato \u2013 nella \u201cTertio millennio adveniente\u201d (1994) \u2013 la proposta di un \u201caggiornamento del martirologio\u201d e di una giornata giubilare dedicata ai \u201cnuovi martiri\u201d.<br \/>\nNe \u00e8 venuta la bellissima <em>Commemorazione ecumenica dei testimoni della fede del secolo XX,<\/em> che si \u00e8 fatta al Colosseo il 7 maggio dell\u2019anno 2000: c\u2019erano le delegazioni delle altre Chiese e sono stati ricordati i martiri di tutte le appartenenze. L\u2019attenzione al martirio cristiano nella nostra epoca \u00e8 tra i doni di Giovanni Paolo II. Una commissione giubilare \u2013 detta \u201cper i nuovi martiri\u201d \u2013 aveva raccolto 12.692 schede di cattolici uccisi lungo il secolo per motivi legati alla \u201ctestimonianza\u201d della fede: oltre ottomila in Europa, quasi duemila in Asia, pi\u00f9 di mille nell&#8217;ex Unione sovietica, 746 in Africa, 333 nelle Americhe, 126 in Oceania.<br \/>\nInsieme ai polacchi (tremila furono solo i sacerdoti deportati nel lager nazista di Dachau), i popoli che hanno dato il maggior numero di martiri appartenenti alla comunione cattolica sono quello spagnolo, quello messicano, quello cinese e quello tedesco: ed \u00e8 cristianamente bello vedere che, insieme a tanti passivi esecutori delle direttive omicide del nazismo, la Germania abbia generato anche tanti testimoni che hanno pagato con la vita la resistenza al male. Il riconoscimento di questo martirio diffuso ha avuto momenti canonici importanti, in particolare per la Cina, il Messico, la Spagna, la Polonia. La palma qui va alla Spagna: sono a oggi 963 i martiri della guerra civile beatificati dai Papi Wojtyla e Ratzinger in dodici proclamazioni collettive. Centoventi martiri cinesi sono stati canonizzati il 1\u00b0 ottobre dell\u2019anno 2000. Centonove martiri polacchi della seconda guerra mondiale erano stati beatificati a Varsavia il 13 giugno 1993.<br \/>\nMa se la \u201ccommemorazione\u201d volesse essere davvero ecumenica, la palma andrebbe alla Russia: se ipotizziamo tre milioni di martiri nel secolo, un sesto li dovremmo cercare tra i figli della Chiesa ortodossa russa.<\/p>\n<p>Questa moltitudine di \u201ctestimoni\u201d della fede \u00e8 stata ricordata \u2013 nella celebrazione al Colosseo \u2013 suddivisa in otto categorie, o schiere raccolte dall\u2019intero pianeta e presentate con queste intestazioni:<\/p>\n<p><em>&#8211; Cristiani che hanno testimoniato la fede sotto il totalitarismo sovietico <\/em>[sono stati letti testi del Patriarca ortodosso russo Tichon e di Ol\u2019ga Jafa insegnante e pittrice russa cattolica, testimone del gulag delle Isole Solovski] ;<\/p>\n<p><em>&#8211; Testimoni della fede, vittime del comunismo in altre nazioni d\u2019Europa <\/em>[testi del vescovo greco cattolico romeno Joan Suciu e del gesuita albanese Anton Luli che pass\u00f2 17 anni in carcere e 11 ai lavori forzati];<\/p>\n<p><em>&#8211; Confessori della fede, vittime del nazismo e del fascismo <\/em>[testi del pastore luterano tedesco Paul Schneider che fu nel campo di concentramento di Buchwnwald e del vescovo polacco Ignacy Jez che fu a Dachau con il numero 37196];<\/p>\n<p><em>&#8211; Seguaci di Cristo che hanno dato la vita per l&#8217;annuncio del Vangelo in Asia e in Oceania<\/em> [testimonianze di Margherita Chou, nipote del cardinale Ignatius Kung Pin-mei vescovo di Shanghai e di un gruppo di anglicani uccisi in un campo di concentramento in Giappone];<\/p>\n<p><em>&#8211; Fedeli di Cristo perseguitati in odio alla fede cattolica<\/em> [i testimoni della Spagna e del Messico ricordati con il \u201cmemoriale\u201d di Manuel Irujo e con le parole del vescovo di Huejutla, Manr\u00ecqjuez y Zarate, pronunciate dall\u2019esilio a Laredo, Texas il 30 ottobre 1927];<\/p>\n<p><em>&#8211; Testimoni dell\u2019evangelizzazione in Africa e Madagascar<\/em> [testimonianze di Jolique Rusimnamigera, scampato al massacro del seminario di Bura, in Burundi, il 30 aprile 1997, dove sono morti 44 alunni hutu e tutsi; e di un missionario battista canadese, W.G.R. Jotcham, vittima della carit\u00e0 nel 1938 in un lebbrosario di K\u00e0tsina, nella Nigeria musulmana];<\/p>\n<p><em>&#8211; Cristiani che hanno dato la vita per amore di Cristo e dei fratelli in America <\/em>[testimonianze del vescovo missionario cattolico Alejandro Labaka che mor\u00ec in Ecuador il 21 luglio 1987 e del vescovo di Arauca, Colombia, assassinato da un gruppo di guerriglieri il 2 ottobre 1989];<\/p>\n<p><em>&#8211; Testimoni della fede in varie parti del mondo <\/em>[testamento di uno dei monaci trappisti di Tibirin, in Algeria, Christian de Cherg\u00e9, ucciso nel 1996; testo del patriarca armeno apostolico Karekine I, morto nel 1999, evocante il genocidio del popolo armeno].<\/p>\n<p>Sono stati dunque ricordati i deportati russi nelle isole Solovki, le vittime greco-cattoliche dello stalinismo, gli internati nei campi nazisti di Buchenwald e di Dachau, i cristiani uccisi in Cina e Giappone, i martiri della guerra civile di Spagna e della persecuzione del Messico, le vittime del genocidio del Ruanda e del Burundi, missionari e vescovi uccisi in America Latina (e tra essi Oscar Arnulfo Romero, nominato in una preghiera), i monaci trappisti di Tibirin (Algeria) e il genocidio armeno.<br \/>\nIl genocidio armeno avviene negli anni della prima guerra mondiale, quello del Ruanda e del Burundi infuria nel 1994: essi costituiscono come le due vendemmie di sangue cristiano che l\u2019Agnello ha permesso tingessero di rosso l\u2019avvio e la conclusione del secolo. La persecuzione messicana infuria per tre decenni a partire dal 1913, la guerra vivile spagnola produce martiri negli anni \u201830, i lager del nazismo fanno vittime negli anni della seconda guerra mondiale, la persecuzione russa e sovietica si estende dalla rivoluzione d\u2019Ottobre agli anni cinquanta.<\/p>\n<p>Se si facesse oggi la stessa inchiesta del Grande Giubileo, verrebbero in primo piano i martiri del rapporto con l\u2019islam e l\u2019induismo e dovremmo nominare l\u2019Iraq, la Nigeria, il Pakistan per l\u2019islam, lo stato indiano dell\u2019Orissa per l\u2019induismo. Ma continuerebbe a essere vasta la segnalazione di martiri della missione e della giustizia e della carit\u00e0 in America Latina e in Africa, come gi\u00e0 si riscontrava con l\u2019inchiesta giubilare.<\/p>\n<p>In America Latina, tra il 2001 e 2007 sono state segnalate 34 uccisioni di personale delle Chiese cristiane in Colombia, 8 in Brasile, 7 in Messico, 3 in El Salvador. Nel marzo del 2002 a Cal\u00ec, in Colombia, il vescovo Isaias Duarte Cancino \u2013 noto per la forte predicazione contro le violenze dei terroristi e delle forze paramilitari \u2013 fu ucciso da due killer a volto scoperto.<\/p>\n<p>Dopo le terribili vicende del Ruanda e del Burundi gi\u00e0 ricordate, i focolai di guerra e guerriglia che hanno provocato pi\u00f9 vittime cristiane nell\u2019Africa nera sono stati la guerra del Congo, ex Zaire, che secondo l\u2019Onu ha fatto tre milioni di morti tra il 1998 e il 2003; e la guerriglia che tiene stabilmente in ostaggio il nord dell\u2019Uganda. In ambedue le aree si sono visti assalti a missioni e seminari, bombe contro chiese, uccisioni di sacerdoti. Singoli episodi di violenza contro missioni e chiese si sono avuti nell\u2019Africa del Sud e in Kenya. In Kenya nel luglio del 2005 \u00e8 stato ucciso anche un vescovo missionario, Luigi Locati, impegnato nella formazione contro l\u2019odio tribale. In Burundi \u00e8 stato ucciso in un misterioso attentato il nunzio vaticano Michael Aidan Courtney nel dicembre del 2003.<br \/>\nMotivazioni complesse, pi\u00f9 economiche e tribali che religiose, sono alla base dei frequenti scontri tra comunit\u00e0 cristiane e musulmane nel nord della Nigeria, che comportano assalti a chiese e moschee, con decine di morti.<\/p>\n<p>Di pi\u00f9 chiaro segno anticristiano sono i fatti dello Stato dell\u2019Orissa, in India, che durano da una decina di anni e che hanno assunto dimensioni allarmanti lungo il 2008. L\u2019Orissa \u00e8 stato il primo Stato dell\u2019India ad adottare una legge anticonversione, gi\u00e0 nel 1967, perch\u00e9 i dalit (senza casta) e i tribali, che costituiscono quasi la met\u00e0 della popolazione, mostrano una vivace tendenza ad abbandonare l\u2019induismo che giustifica le caste e a passare al cristianesimo e al buddismo. Si sono avuti e si continuano ad avere singoli assassini, assalti a chiese, centri sociali, interi villaggi a forte presenza cristiana. Gli uccisi hanno superato il centinaio durante l\u2019estate dell\u2019anno scorso.<\/p>\n<p>Il crescendo di violenza anticristiana che abbiamo segnalato in America Latina, Africa nera e India raggiunge il suo culmine, lungo l\u2019ultimo decennio, in paesi a maggioranza musulmana segnati da guerre, guerriglie e terrorismo: Iraq, Pakistan e Afghanistan, Somalia e Sudan. E dunque questo fenomeno \u2013 spesso accompagnato dall\u2019introduzione della legge islamica, o Sharia \u2013 si estende a vaste aree continentali.<br \/>\nAttentati a chiese, rapimenti e uccisioni hanno provocato una forte emigrazione della popolazione cristiana dell\u2019Iraq, che fonti cattoliche affermano sia scesa da 700 mila persone a circa 400 mila a seguito delle vicende della guerra anglo-americana a Saddam Hussein e del marasma che ne \u00e8 seguito. Nel marzo del 2008 si \u00e8 avuto il rapimento e l\u2019uccisione di un vescovo caldeo: Paulos Faj Rahho. Secondo la comunit\u00e0 caldea sarebbero 710 i martiri cristiani che si sono avuti negli ultimi sei anni.<br \/>\nIl risveglio fondamentalista del mondo islamico \u00e8 la causa prima delle aggressioni ai cristiani che si stanno verificando in Pakistan (specie in riferimento a una legge sulla blasfemia che permette le pi\u00f9 varie accuse a chi non sia musulmano) e nell\u2019Afghanistan. Si tratta dello stesso fuoco che sta tormentando i cristiani della Somalia e che negli anni novanta aveva crocifisso i cristiani dell\u2019Algeria.<\/p>\n<p>Forti limitazioni alla libert\u00e0 religiosa si hanno in Cina, nella Corea del Nord, in Vietnam e a Cuba da parte di regimi che si richiamano al comunismo; come anche in tanti paesi a maggioranza islamica, anche quando non si registrano le uccisioni di cui abbiamo parlato sopra. Secondo stime vaticane la presenza di cattolici in paesi musulmani lungo l\u2019ultimo trentennio \u00e8 calata dallo 0,1% allo 0,01% in Iran, in Iraq dal 2,6% all1%, in Siria dal 2,8% all\u20191,9%, in Israele-Palestina dall\u20191,9% all\u20191%.<br \/>\nDa cinque anni la diplomazia vaticana si adopera perch\u00e9 la comunit\u00e0 internazionale \u201ccombatta la cristianofobia con la stessa determinazione con cui vengono combattuti  l\u2019antisemitismo e l\u2019islamofobia\u201d.<\/p>\n<p>Come italiano mi piace concludere questa rassegna rievocando le miti figure del prete romano Andrea Santoro e della missionaria laica Annalena Tonelli, ambedue uccisi in terra islamica: in Turchia nel febbraio del 2006 il primo, in Somalia nell\u2019ottobre del 2003 la seconda. Ambedue avevano fatto propria la scelta della presenza testimoniale silenziosa e isolata che era stata del beato Charles de Foucauld. Li possiamo chiamare martiri del dialogo con l\u2019islam. Possa il loro sangue aiutare i seguaci delle due religioni a scoprirsi fratelli in umanit\u00e0 e in Abramo.<\/p>\n","protected":false},"excerpt":{"rendered":"<p>Agor\u00e0 dei giovani del Mediterraneo \u2013 Loreto \u2013 Sabato 5 settembre 2009 Cinque giorni addietro cinque cattolici sono stati uccisi con armi da fuoco in Pakistan, nel capoluogo del Belucistan.&#8230;<\/p>\n<div class=\"more-link-wrapper\"><a class=\"more-link\" href=\"http:\/\/www.luigiaccattoli.it\/blog\/conferenze-e-dibattiti-2\/i-luoghi-e-i-tempi-della-persecuzione-e-del-martirio-oggi\/\">Read More<span class=\"screen-reader-text\">I luoghi e i tempi della persecuzione e del martirio oggi<\/span><\/a><\/div>\n","protected":false},"author":1,"featured_media":0,"parent":5506,"menu_order":0,"comment_status":"open","ping_status":"closed","template":"","meta":{"_monsterinsights_skip_tracking":false,"_monsterinsights_sitenote_active":false,"_monsterinsights_sitenote_note":"","_monsterinsights_sitenote_category":0,"footnotes":""},"class_list":["post-1986","page","type-page","status-publish","hentry","excerpt"],"_links":{"self":[{"href":"http:\/\/www.luigiaccattoli.it\/blog\/wp-json\/wp\/v2\/pages\/1986","targetHints":{"allow":["GET"]}}],"collection":[{"href":"http:\/\/www.luigiaccattoli.it\/blog\/wp-json\/wp\/v2\/pages"}],"about":[{"href":"http:\/\/www.luigiaccattoli.it\/blog\/wp-json\/wp\/v2\/types\/page"}],"author":[{"embeddable":true,"href":"http:\/\/www.luigiaccattoli.it\/blog\/wp-json\/wp\/v2\/users\/1"}],"replies":[{"embeddable":true,"href":"http:\/\/www.luigiaccattoli.it\/blog\/wp-json\/wp\/v2\/comments?post=1986"}],"version-history":[{"count":3,"href":"http:\/\/www.luigiaccattoli.it\/blog\/wp-json\/wp\/v2\/pages\/1986\/revisions"}],"predecessor-version":[{"id":1988,"href":"http:\/\/www.luigiaccattoli.it\/blog\/wp-json\/wp\/v2\/pages\/1986\/revisions\/1988"}],"up":[{"embeddable":true,"href":"http:\/\/www.luigiaccattoli.it\/blog\/wp-json\/wp\/v2\/pages\/5506"}],"wp:attachment":[{"href":"http:\/\/www.luigiaccattoli.it\/blog\/wp-json\/wp\/v2\/media?parent=1986"}],"curies":[{"name":"wp","href":"https:\/\/api.w.org\/{rel}","templated":true}]}}