{"id":20783,"date":"2017-12-14T20:23:56","date_gmt":"2017-12-14T19:23:56","guid":{"rendered":"http:\/\/www.luigiaccattoli.it\/blog\/?page_id=20783"},"modified":"2017-12-14T20:23:56","modified_gmt":"2017-12-14T19:23:56","slug":"intervento-alla-tavola-rotonda-per-i-50-anni-di-adista-9-dicembre-2017","status":"publish","type":"page","link":"http:\/\/www.luigiaccattoli.it\/blog\/conferenze-e-dibattiti-2\/intervento-alla-tavola-rotonda-per-i-50-anni-di-adista-9-dicembre-2017\/","title":{"rendered":"Intervento alla tavola rotonda per i 50 anni di Adista \u2013 9 dicembre 2017"},"content":{"rendered":"<p>&nbsp;<\/p>\n<p>Oltre che lettore di Adista nei decenni, sono stato anche frequentatore della sua redazione per almeno un ventennio. Inoltre negli anni \u201970 e \u201980 ho svolto la funzione di segretario di un \u201cCentro culturale per l\u2019informazione religiosa\u201d che fondai con Giancarlo Zizola, Gregorio Donato, Federico Mandillo, Giorgio Girardet e che nella sede di Adista era ospitato. Spero che questa riconoscenza memoriosa non mi faccia velo nella percezione del cambiamento dei tempi e dunque del ruolo di una testata di controinformazione cattolica.<\/p>\n<p>Cinquant\u2019anni, cio\u00e8 mezzo secolo. Dalla morte di don Milani e dalla \u201cPopulorum progressio\u201d. Dalla \u201cPrima assemblea generale ordinaria\u201d del Sinodo dei vescovi che coincise nell\u2019anno con l\u2019avvio a chiudersi della fase marciante del Pontificato di Paolo VI, che a sua volta coincise con l\u2019avvio della contestazione giovanile nella societ\u00e0 e nella Chiesa. E\u2019 del 1967 la prima occupazione della Cattolica di Milano guidata da Mario Capanna.<\/p>\n<p>\u201cIl paese si \u00e8 rimescolato\u201d dir\u00e0 poco dopo Aldo Moro e mezzo secolo dopo il rimescolamento appare compiuto. Basta guardare a questo tavolo: chi poteva allora immaginare un cattolico direttore dell\u2019Espresso e un vaticanista del TG1 che \u00e8 severo critico del Papa? Eppure eccoli qua. E qualcosa \u2013 gi\u00e0 che ci siamo \u2013 si potrebbe dire anche del vaticanista dell\u2019Espresso: che allora pungeva il Papa da sinistra e ora lo punge da destra. Si \u00e8 spostato l\u2019Espresso, si \u00e8 spostato il Papa e si \u00e8 spostato il vaticanista dell\u2019Espresso. Tutto si \u00e8 spostato in questo mezzo secolo.<\/p>\n<p>Ebbene in questo rimescolamento universale, frullato poi e omogeneizzato \u2013 ma anche speziato \u2013 dalla comunicazione digitale, che ruolo perdurante o nuovo pu\u00f2 avere Adista?<\/p>\n<p>Intanto va detto che un ruolo \u2013 nel rimescolamento \u2013 l\u2019ha svolto anche Adista. Specie nella prima fase e in particolare sul fronte politico. Quel ruolo credo non vi sia pi\u00f9. Era di documentare e rafforzare la pluralit\u00e0 di scelta politica dei cattolici e questa oggi \u00e8 acquisita. In via di acquisizione \u00e8 anche il ruolo di mediazione sui valori: di mediazione invece che di schieramento. Che \u00e8 stata \u2013 nel tempo \u2013 la seconda battaglia politica di Adista.<\/p>\n<p>A me pare invece ancora aperto, seppure di molto cambiato, in quanto da svolgere in un contesto fortemente mutato, il ruolo ecclesiale di Adista: se la pluralit\u00e0 politica dei cattolici \u00e8 acquisita, non lo \u00e8 altrettanto la pluralit\u00e0 ecclesiale. E mi piace riassumere con questo motto il conflitto che si combatte sotto Papa Francesco, tra chi vorrebbe tornare all\u2019uniformit\u00e0 di prima del Concilio e chi vorrebbe andare a una piena pluralit\u00e0 portando a compimento la riforma conciliare.<\/p>\n<p>Pluralit\u00e0 di teologie e discipline ecclesiali, di prassi pastorali, di ministeri. Amici di Adista, sotto questa parola \u201cpluralit\u00e0\u201d mi pare possa stare per intero la vostra storia e anche tutte le battaglie che ancora oggi vi impegnano.<\/p>\n","protected":false},"excerpt":{"rendered":"<p>&nbsp; Oltre che lettore di Adista nei decenni, sono stato anche frequentatore della sua redazione per almeno un ventennio. Inoltre negli anni \u201970 e \u201980 ho svolto la funzione di&#8230;<\/p>\n<div class=\"more-link-wrapper\"><a class=\"more-link\" href=\"http:\/\/www.luigiaccattoli.it\/blog\/conferenze-e-dibattiti-2\/intervento-alla-tavola-rotonda-per-i-50-anni-di-adista-9-dicembre-2017\/\">Read More<span class=\"screen-reader-text\">Intervento alla tavola rotonda per i 50 anni di Adista \u2013 9 dicembre 2017<\/span><\/a><\/div>\n","protected":false},"author":1,"featured_media":0,"parent":5506,"menu_order":0,"comment_status":"closed","ping_status":"closed","template":"","meta":{"_monsterinsights_skip_tracking":false,"_monsterinsights_sitenote_active":false,"_monsterinsights_sitenote_note":"","_monsterinsights_sitenote_category":0,"footnotes":""},"class_list":["post-20783","page","type-page","status-publish","hentry","excerpt"],"_links":{"self":[{"href":"http:\/\/www.luigiaccattoli.it\/blog\/wp-json\/wp\/v2\/pages\/20783","targetHints":{"allow":["GET"]}}],"collection":[{"href":"http:\/\/www.luigiaccattoli.it\/blog\/wp-json\/wp\/v2\/pages"}],"about":[{"href":"http:\/\/www.luigiaccattoli.it\/blog\/wp-json\/wp\/v2\/types\/page"}],"author":[{"embeddable":true,"href":"http:\/\/www.luigiaccattoli.it\/blog\/wp-json\/wp\/v2\/users\/1"}],"replies":[{"embeddable":true,"href":"http:\/\/www.luigiaccattoli.it\/blog\/wp-json\/wp\/v2\/comments?post=20783"}],"version-history":[{"count":1,"href":"http:\/\/www.luigiaccattoli.it\/blog\/wp-json\/wp\/v2\/pages\/20783\/revisions"}],"predecessor-version":[{"id":20784,"href":"http:\/\/www.luigiaccattoli.it\/blog\/wp-json\/wp\/v2\/pages\/20783\/revisions\/20784"}],"up":[{"embeddable":true,"href":"http:\/\/www.luigiaccattoli.it\/blog\/wp-json\/wp\/v2\/pages\/5506"}],"wp:attachment":[{"href":"http:\/\/www.luigiaccattoli.it\/blog\/wp-json\/wp\/v2\/media?parent=20783"}],"curies":[{"name":"wp","href":"https:\/\/api.w.org\/{rel}","templated":true}]}}