{"id":2676,"date":"2009-11-20T11:22:24","date_gmt":"2009-11-20T10:22:24","guid":{"rendered":"http:\/\/www.luigiaccattoli.it\/blog\/?page_id=2676"},"modified":"2009-11-20T15:05:10","modified_gmt":"2009-11-20T14:05:10","slug":"alex-il-pilota-e-la-bambina-senza-gambe","status":"publish","type":"page","link":"http:\/\/www.luigiaccattoli.it\/blog\/cerco-fatti-di-vangelo\/21-parabole\/alex-il-pilota-e-la-bambina-senza-gambe\/","title":{"rendered":"Alex il pilota e la bambina senza gambe"},"content":{"rendered":"<p>Alex Zanardi \u2013 bolognese, campione di automobilismo che gareggia e vince anche dopo l\u2019amputazione delle gambe a seguito di un incidente avuto nel 2001 \u2013 in un\u2019<a href=\"http:\/\/www.menstyle.it\/cont\/sport\/sport\/0907\/2105\/le-sfighe-vere-sono-altre.asp\">intervista<\/a> ha raccontato questo episodio degno delle parabole di Ges\u00f9:<\/p>\n<p><em>Una volta ero a Budrio, dove c\u2019\u00e8 il laboratorio che mi fa le protesi. Alla fine vado in un bar, si parla come al solito di auto, di Ferrari, tutti gi\u00f9 a offrirmi caff\u00e8. E vedo un uomo, alla finestra, con una bambina in braccio, che piange. Allora mi avvicino e mi accorgo che la bambina \u00e8 senza gambe. L\u2019uomo mi vede e fa: no guardi, non creda, sto piangendo di gioia, sa. Perch\u00e9 Alice \u00e8 nata senza gambe e oggi, a tre anni, le hanno potuto mettere le prime protesi e quando sono arrivato mi han detto: be\u2019, dove sono le scarpe? E io son corso a comprarle, non l\u2019avevo mai fatto, e adesso piango perch\u00e9 Alice ha le prime scarpe. Allora sono andato nel bagno del bar e mi sono detto: Sandro, tu hai avuto trentatr\u00e9 anni alla grande, Montecarlo, Indianapolis, la Formula Uno. Hai una moglie, un figlio, degli amici, i soldi, la casa e la barca. Se adesso dici che sei sfigato ti sputo addosso.<\/em><\/p>\n<p>Su Alex vedi <a href=\"http:\/\/www.luigiaccattoli.it\/blog\/?page_id=2667\">qui<\/a>, nel capitolo SAMARITANI CENTURIONI CANANEE: <em>Alex Zanardi: &#8220;Non ho le gambe ma mi butto in acqua e chi se ne frega&#8221;<\/em><\/p>\n<p><strong>[Novembre 2009]<\/strong><\/p>\n","protected":false},"excerpt":{"rendered":"<p>Alex Zanardi \u2013 bolognese, campione di automobilismo che gareggia e vince anche dopo l\u2019amputazione delle gambe a seguito di un incidente avuto nel 2001 \u2013 in un\u2019intervista ha raccontato questo&#8230;<\/p>\n<div class=\"more-link-wrapper\"><a class=\"more-link\" href=\"http:\/\/www.luigiaccattoli.it\/blog\/cerco-fatti-di-vangelo\/21-parabole\/alex-il-pilota-e-la-bambina-senza-gambe\/\">Read More<span class=\"screen-reader-text\">Alex il pilota e la bambina senza gambe<\/span><\/a><\/div>\n","protected":false},"author":1,"featured_media":0,"parent":2146,"menu_order":0,"comment_status":"open","ping_status":"closed","template":"","meta":{"_monsterinsights_skip_tracking":false,"_monsterinsights_sitenote_active":false,"_monsterinsights_sitenote_note":"","_monsterinsights_sitenote_category":0,"footnotes":""},"class_list":["post-2676","page","type-page","status-publish","hentry","excerpt"],"_links":{"self":[{"href":"http:\/\/www.luigiaccattoli.it\/blog\/wp-json\/wp\/v2\/pages\/2676","targetHints":{"allow":["GET"]}}],"collection":[{"href":"http:\/\/www.luigiaccattoli.it\/blog\/wp-json\/wp\/v2\/pages"}],"about":[{"href":"http:\/\/www.luigiaccattoli.it\/blog\/wp-json\/wp\/v2\/types\/page"}],"author":[{"embeddable":true,"href":"http:\/\/www.luigiaccattoli.it\/blog\/wp-json\/wp\/v2\/users\/1"}],"replies":[{"embeddable":true,"href":"http:\/\/www.luigiaccattoli.it\/blog\/wp-json\/wp\/v2\/comments?post=2676"}],"version-history":[{"count":5,"href":"http:\/\/www.luigiaccattoli.it\/blog\/wp-json\/wp\/v2\/pages\/2676\/revisions"}],"predecessor-version":[{"id":2733,"href":"http:\/\/www.luigiaccattoli.it\/blog\/wp-json\/wp\/v2\/pages\/2676\/revisions\/2733"}],"up":[{"embeddable":true,"href":"http:\/\/www.luigiaccattoli.it\/blog\/wp-json\/wp\/v2\/pages\/2146"}],"wp:attachment":[{"href":"http:\/\/www.luigiaccattoli.it\/blog\/wp-json\/wp\/v2\/media?parent=2676"}],"curies":[{"name":"wp","href":"https:\/\/api.w.org\/{rel}","templated":true}]}}