{"id":2725,"date":"2009-11-20T12:19:41","date_gmt":"2009-11-20T11:19:41","guid":{"rendered":"http:\/\/www.luigiaccattoli.it\/blog\/?page_id=2725"},"modified":"2009-11-20T12:19:41","modified_gmt":"2009-11-20T11:19:41","slug":"maria-immacolata-leoni-%e2%80%9cuna-vita-piena-di-luce-e-di-pace%e2%80%9d","status":"publish","type":"page","link":"http:\/\/www.luigiaccattoli.it\/blog\/cerco-fatti-di-vangelo\/6-una-razza-di-longevi\/maria-immacolata-leoni-%e2%80%9cuna-vita-piena-di-luce-e-di-pace%e2%80%9d\/","title":{"rendered":"Maria Immacolata Leoni: \u201cUna vita piena di luce e di pace\u201d"},"content":{"rendered":"<p>Maria Immacolata Leoni \u00e8 morta nel gennaio del 1999 all\u2019et\u00e0 di 1O1 anni: centouno! Per mezzo secolo \u00e8 stata Giovanna Leoni a Rieti e per un altro mezzo secolo abbondante suor Maria Immacolata a Prato e a Firenze. Prima insegnante di francese, felice di esserlo e poi suora domenicana, ancora felice di esserlo. Questo \u00e8 il suo testamento:<\/p>\n<p><em>\u00abDebbo fare anch\u2019io il mio testamento? Ma io non ho da lasciare in eredit\u00e0 nulla a nessuno. Sono completamente povera, non per nascita ma per elezione. Non c\u2019\u00e8 nulla di eroico in questa mia scelta nata dalla convinzione che il denaro non d\u00e0 mai la felicit\u00e0, anzi spesso rende egoisti e sempre pi\u00f9 avidi, e probabilmente anche dall\u2019inconscia certezza che mai mi sarebbe mancato il necessario, come infatti \u00e8 stato nel mezzo secolo che ho vissuto nel mondo e nel quasi mezzo secolo che ho passato in convento. <\/em><br \/>\n<em>\u00abMa questo vuoto economico ha riempito di luce e di pace l\u2019anima mia. Oh, potessi, nella mia povert\u00e0, lasciare a tutti la meravigliosa ricchezza che mi ha fatta felice nella mia lunga vita certo non facile: la ricchezza della fede e dell\u2019amore.<\/em><br \/>\n<em>\u00abDio esiste ed \u00e8 Amore. Chi crede in lui si sente amato, lo ama e \u2013 in lui e con lui \u2013 ama tutti e tutto e sente che la vita \u00e8 un dono meraviglioso anche nel dolore perch\u00e8 Dio \u00e8 con lui, vigila ininterrottamente su ogni sua creatura, l\u2019aiuta a superare ogni difficolt\u00e0, ogni tentazione, ogni pena.<\/em><br \/>\n<em>\u00abVorrei dire a tutti: amate e non temete. Non temete il dolore, fisico o morale che sia: esso \u00e8 per l&#8217;anima ci\u00f2 che la radice \u00e8 per l\u2019albero. E\u2019 la radice che dal buio e dal freddo d\u00e0 all\u2019albero la vigoria che lo spinge in alto, verso la luce, verso il sole che lo illuminano e lo riscaldano. <\/em><br \/>\n<em>\u00abA tutti vorrei dire: credete, amate, guardatevi intorno, rendetevi conto di quanto vi \u00e8 stato offerto in dono, gratuitamente e senza merito vostro, fin dalla nascita, e che troppo facilmente noi tutti prendiamo come un diritto senza ringraziare il Divino Donatore, pronti a reclamare se qualche cosa ci viene a mancare, come se ci fosse stato tolto ci\u00f2 che avevamo il diritto di avere.<\/em><br \/>\n<em>\u00abLa vita \u00e8 un dono; essa si svolge per ciascuno di noi sotto lo sguardo amoroso di Dio che non ci chiede, in cambio, che l\u2019osservanza della sua legge e il nostro grazie.<\/em><br \/>\n<em>\u00abE a voi che leggete queste righe, miei eredi spirituali, dico: credetemi, non sono solo parole quelle che io ho tracciate, sono il racconto di un\u2019esperienza vissuta giorno per giorno, ora per ora, in una lunga vita che ha conosciuto e superato, con il costante amoroso aiuto del Signore, sofferenze personali fisiche e morali per i suoi handicap (sordit\u00e0 e altro), dolorosi eventi familiari, guerre, calamit\u00e0, difficili situazioni sociali.<\/em><br \/>\n<em>\u00abE ora, alla fine di questo mio lungo cammino che cosa vedo? Vedo che la grandezza della creatura umana sta solo nella sua piccolezza riconosciuta e abbandonata al Creatore. Che l\u2019accoglimento di questa piccolezza, il pentimento per la propria infedelt\u00e0 davanti all\u2019assoluta santit\u00e0 di Dio non sono che l\u2019accettazione \u201csconvolgente\u201d di un amore che vince. Quante, quante meravigliose prove mi hai dato, mio Dio, della tua follia d\u2019amore per me! Grazie, mille volte grazie, mio Dio e perdona se ho cos\u00ec tiepidamente ricambiato il tuo amore\u00bb.<\/em><\/p>\n<p>Il testamento di Maria Immacolata Leoni \u00e8 stato pubblicato dalla rivista \u00abKoinonia\u00bb di Pistoia nel marzo del 1999 e risale al 1990, quando aveva 92 anni. In esso \u2013 nei saluti finali, che non ho riportato \u2013 si dice ancora commossa, dopo 42 anni, del fatto che le consorelle l\u2019avessero accolta tra loro \u00abcon tanto affetto e con tanta fiducia\u00bb essendo lei \u00abgi\u00e0 vecchia, sorda, impreparata alla vita religiosa\u00bb.<br \/>\nMacch\u00e8 vecchia allora! Il segreto di suor Maria Imacolata \u00e8 di essere restata \u00absempre straordinariamente giovane, comunicativa, aperta al nuovo e a tutti\u00bb, come mi dice il domenicano Alberto Simoni, direttore di \u00abKoinonia\u00bb, che fu il suo ultimo consigliere spirituale e al quale suor Maria Immacolata consegn\u00f2 il testamento \u00abperch\u00e8 faccia di quanto qui ho scritto l\u2019uso che crede\u00bb. E bene ha fatto il caro Alberto a pubblicarlo: perch\u00e8 aiuta ad avere fiducia nella vita, mostrando che si pu\u00f2 arrivare vicini al secolo di vita \u2013 e magari oltrepassarlo \u2013 rimanendo svegli, liberi e grati. E\u2019 la povert\u00e0 e la gratitudine che hanno mantenuto giovane Giovanna Leoni. Una povert\u00e0 volontaria, perch\u00e8 era nata da famiglia nobile. E una gratitudine che cresceva con gli anni.<br \/>\nLegata alla povert\u00e0 e alla gratitudine \u2013 e da esse generata \u2013 \u00e8 la semplicit\u00e0 che di pi\u00f9 ti commuove in questo saluto di una sorella che se ne va cantando dal suo Signore. Una semplicit\u00e0 che \u00e8 anche sorprendente, se la porta a chiamare gli amici \u00abmiei eredi spirituali\u00bb: eppure sono solo gli amici e i parenti, uomini e donne che le scrivevano e ai quali rispondeva. \u00abMa \u00e8 vero \u2013 dice padre Simoni \u2013 che nella semplicit\u00e0 \u00e8 stata una maestra di vita. Nella sua parola c\u2019era un dono di sapienza che si imponeva\u00bb.<\/p>\n<p><strong>[Testo pubblicato dall\u2019<em>Eco di San Gabriele <\/em>nell\u2019ottobre 1999]<\/strong><\/p>\n","protected":false},"excerpt":{"rendered":"<p>Maria Immacolata Leoni \u00e8 morta nel gennaio del 1999 all\u2019et\u00e0 di 1O1 anni: centouno! Per mezzo secolo \u00e8 stata Giovanna Leoni a Rieti e per un altro mezzo secolo abbondante&#8230;<\/p>\n<div class=\"more-link-wrapper\"><a class=\"more-link\" href=\"http:\/\/www.luigiaccattoli.it\/blog\/cerco-fatti-di-vangelo\/6-una-razza-di-longevi\/maria-immacolata-leoni-%e2%80%9cuna-vita-piena-di-luce-e-di-pace%e2%80%9d\/\">Read More<span class=\"screen-reader-text\">Maria Immacolata Leoni: \u201cUna vita piena di luce e di pace\u201d<\/span><\/a><\/div>\n","protected":false},"author":1,"featured_media":0,"parent":2099,"menu_order":0,"comment_status":"open","ping_status":"closed","template":"","meta":{"_monsterinsights_skip_tracking":false,"_monsterinsights_sitenote_active":false,"_monsterinsights_sitenote_note":"","_monsterinsights_sitenote_category":0,"footnotes":""},"class_list":["post-2725","page","type-page","status-publish","hentry","excerpt"],"_links":{"self":[{"href":"http:\/\/www.luigiaccattoli.it\/blog\/wp-json\/wp\/v2\/pages\/2725","targetHints":{"allow":["GET"]}}],"collection":[{"href":"http:\/\/www.luigiaccattoli.it\/blog\/wp-json\/wp\/v2\/pages"}],"about":[{"href":"http:\/\/www.luigiaccattoli.it\/blog\/wp-json\/wp\/v2\/types\/page"}],"author":[{"embeddable":true,"href":"http:\/\/www.luigiaccattoli.it\/blog\/wp-json\/wp\/v2\/users\/1"}],"replies":[{"embeddable":true,"href":"http:\/\/www.luigiaccattoli.it\/blog\/wp-json\/wp\/v2\/comments?post=2725"}],"version-history":[{"count":2,"href":"http:\/\/www.luigiaccattoli.it\/blog\/wp-json\/wp\/v2\/pages\/2725\/revisions"}],"predecessor-version":[{"id":2728,"href":"http:\/\/www.luigiaccattoli.it\/blog\/wp-json\/wp\/v2\/pages\/2725\/revisions\/2728"}],"up":[{"embeddable":true,"href":"http:\/\/www.luigiaccattoli.it\/blog\/wp-json\/wp\/v2\/pages\/2099"}],"wp:attachment":[{"href":"http:\/\/www.luigiaccattoli.it\/blog\/wp-json\/wp\/v2\/media?parent=2725"}],"curies":[{"name":"wp","href":"https:\/\/api.w.org\/{rel}","templated":true}]}}