{"id":27948,"date":"2022-05-15T10:37:08","date_gmt":"2022-05-15T08:37:08","guid":{"rendered":"http:\/\/www.luigiaccattoli.it\/blog\/?page_id=27948"},"modified":"2022-05-15T19:22:12","modified_gmt":"2022-05-15T17:22:12","slug":"27948-2","status":"publish","type":"page","link":"http:\/\/www.luigiaccattoli.it\/blog\/27948-2\/","title":{"rendered":"Tito Brandsma &#8211; Amore per gli animali e amore per l&#8217;uomo"},"content":{"rendered":"\n<p><\/p>\n\n\n\n<p>Prefazione di Luigi Accattoli alle pagine 5-8 della conferenza di Tito Brandsma: &#8220;Amore per glki animali e amore per l&#8217;uomo&#8221; &#8211; Graphe edizioni 2022<\/p>\n\n\n\n<p>Da quando in casa mia \u00e8 entrato un cane, introdotto da una figlia, ho intuito che il pi\u00f9 vistoso cambiamento dell\u2019umano intervenuto nei decenni della mia presenza sul pianeta sia da vedere nel rapporto con gli animali. Un cambiamento che non \u00e8 arrivato da solo e al quale hanno contribuito tanti amici degli animali e tra essi anche un filosofo e martire del secolo scorso.<\/p>\n\n\n\n<p>Lettore festeggia: stai per incontrare un santo dei nostri giorni che invita ad amare gli animali. Dei nostri giorni, ovvero appena di ieri: un carmelitano ucciso dai nazisti perch\u00e9 proteggeva gli ebrei negli anni della grande persecuzione.<\/p>\n\n\n\n<p>L\u2019olandese Tito Brandsma era un uomo libero e un intellettuale di punta, che amava parlare chiaro. Quando tenne questa avvincente conferenza aveva 55 anni ed era rettore dell\u2019Universit\u00e0 di Nimega, in Olanda, nella quale aveva insegnato per un ventennio materie filosofiche. Era il 1936, un anno difficile per uomini e animali sulla terra: guerra d\u2019Etiopia, guerra di Spagna, prova d\u2019alleanza tra Germania, Italia e Giappone in vista della grande mattanza. Nel suo testo il nostro autore segnala il vento di <em>grossolanit\u00e0<\/em> che soffiava pericolosamente sui popoli mentre lui argomentava per tirare i giovani ad amare gli animali, sostenendo che un atteggiamento di mitezza e di protezione verso di loro potrebbe aiutare al rispetto delle creature umane.<\/p>\n\n\n\n<p>Non dice, il Brandsma, che gli animali vanno amati per se stessi, come diremmo noi, ma \u00e8 gi\u00e0 importante che inviti ad amarli, perch\u00e9 in zona cristiana sempre si resta timorosi se si sente accostare la parola amore a qualsiasi creatura che non sia umana.<\/p>\n\n\n\n<p>Le Fonti francescane ci dicono s\u00ec che San Francesco nutriva <em>tenero amore<\/em>, <em>grande piet\u00e0<\/em>, <em>affetto fraterno<\/em> per gli animali, con i quali parlava e che gli andavano fiduciosi intorno e sulle mani: dalla cicala al leprotto, al fagiano, all\u2019allodola e ai tanti uccelli della predica, alle rondini, alle pecore, agli uccelli fluviali, ai pesci e ai falchi, fino al lupo <em>grandissimo<\/em> e <em>feroce<\/em>. N\u00e9 Francesco tra i santi \u00e8 un\u2019eccezione e ovviamente la gente semplice ha sempre amato i suoi animali, ma gli intellettuali sono restati guardinghi e quasi mai si sono azzardati a parlare di amore.<\/p>\n\n\n\n<p>Il nostro Tito invece ne parla ad abbondanza. Dice per prima cosa che dovremmo avere verso gli animali gli stessi sentimenti che Dio ebbe nel crearli: \u201cSentimenti di bont\u00e0 e di amore\u201d. E siccome Dio li ha amati creandoli, ecco che noi li ameremo a nostra volta: \u201cAmando Dio necessariamente amiamo anche ci\u00f2 che egli ama\u201d. Il giro \u00e8 largo ma infine arriva dove deve arrivare.<\/p>\n\n\n\n<p>A questo punto l\u2019audace conferenziere ci invita a vedere nella protezione degli animali una possibile scuola dell\u2019amore umano: \u201cE\u2019 come se Dio, risvegliando in noi l\u2019amore degli animali, avesse voluto renderci pi\u00f9 facile l\u2019amarci gli uni gli altri\u201d.<\/p>\n\n\n\n<p>A conclusione dei suoi argomenti, il nostro santo ci invita ad ammirare <em>non in piccolo ma in grande<\/em> il mondo umano e quello animale e a non temere di <em>dare agli animali il loro elevato, bel posto nella vita<\/em>. Le sue parole \u201camiamo gli animali, facciamo loro del bene, proteggiamoli\u201d suonano ancora come un motto aggiornato a 85 anni da quando furono scritte.<\/p>\n\n\n\n<p>Dir\u00f2 infine che l\u2019aperto invito del Brandsma ad amare gli animali, bench\u00e9 datato nel linguaggio e nelle motivazioni, \u00e8 di sette leghe pi\u00f9 avanti rispetto agli analoghi testi del magistero che tutt\u2019oggi si attardano \u2013 compresa la splendida <em>Laudato si\u2019<\/em> di Papa Francesco (2015) \u2013 a indicare \u201climiti ragionevoli\u201d alle sperimentazioni sugli animali e ad affermare che \u00e8 \u201ccontrario alla dignit\u00e0 umana farli soffrire inutilmente\u201d.<\/p>\n\n\n\n<p>E\u2019 poco e spero che presto arrivi dell\u2019altro. Perch\u00e9 quelle timide raccomandazioni erano gi\u00e0 superate e di molto dal nostro santo e nel frattempo la cultura nella quale siamo immersi \u2013 parlo quantomeno dell\u2019Europa \u2013 \u00e8 andata assai pi\u00f9 avanti.<\/p>\n\n\n\n<p>Dicevo all\u2019inizio che lungo le stagioni della mia vita, pur badando a tenere gli occhi ben aperti non ho visto altri mutamenti cos\u00ec grandi come quello dell\u2019atteggiamento verso gli animali.<\/p>\n\n\n\n<p>Nato in campagna, sono cresciuto con gli animali della stalla e del cortile. C\u2019erano cani dappertutto e noi bambini ci rotolavamo con loro in mezzo all\u2019erba. Ma i cani non potevano entrare in casa.<\/p>\n\n\n\n<p>Oggi invece battono la coda agli stipiti di ogni stanza, saltano sui letti e guardano con noi la tv. Una volta si diceva \u201cmi hanno trattato come un cane in chiesa\u201d se ti avevano cacciato in malo modo da un qualche ritrovo: oggi invece i cani nelle chiese ci stanno a loro agio quasi quanto i preti. E salgono sui treni, viaggiano in aereo, hanno il pronto soccorso e la scuola per i cuccioli.<\/p>\n\n\n\n<p>Vedendo ragazzi che parlano ai cani e ai gatti con parole brevi e che vengono intese alla perfezione \u2013 <em>resta<\/em>, <em>lascia<\/em>, <em>piede<\/em>, <em>terra<\/em> \u2013 mi sono fatto l\u2019idea che un giorno gli animali non li mangeremo pi\u00f9 e con loro converseremo. Quel giorno dovremmo ricordare che il merito sar\u00e0 \u2013 tra i santi \u2013 di Francesco d\u2019Assisi e, subito dopo, di Tito Brandsma.<\/p>\n\n\n\n<p><strong>Luigi Accattoli<\/strong><\/p>\n","protected":false},"excerpt":{"rendered":"<p>Prefazione di Luigi Accattoli alle pagine 5-8 della conferenza di Tito Brandsma: &#8220;Amore per glki animali e amore per l&#8217;uomo&#8221; &#8211; Graphe edizioni 2022 Da quando in casa mia \u00e8&#8230;<\/p>\n<div class=\"more-link-wrapper\"><a class=\"more-link\" href=\"http:\/\/www.luigiaccattoli.it\/blog\/27948-2\/\">Read More<span class=\"screen-reader-text\">Tito Brandsma &#8211; Amore per gli animali e amore per l&#8217;uomo<\/span><\/a><\/div>\n","protected":false},"author":1,"featured_media":0,"parent":0,"menu_order":0,"comment_status":"closed","ping_status":"closed","template":"","meta":{"_monsterinsights_skip_tracking":false,"_monsterinsights_sitenote_active":false,"_monsterinsights_sitenote_note":"","_monsterinsights_sitenote_category":0,"footnotes":""},"class_list":["post-27948","page","type-page","status-publish","hentry","excerpt"],"_links":{"self":[{"href":"http:\/\/www.luigiaccattoli.it\/blog\/wp-json\/wp\/v2\/pages\/27948","targetHints":{"allow":["GET"]}}],"collection":[{"href":"http:\/\/www.luigiaccattoli.it\/blog\/wp-json\/wp\/v2\/pages"}],"about":[{"href":"http:\/\/www.luigiaccattoli.it\/blog\/wp-json\/wp\/v2\/types\/page"}],"author":[{"embeddable":true,"href":"http:\/\/www.luigiaccattoli.it\/blog\/wp-json\/wp\/v2\/users\/1"}],"replies":[{"embeddable":true,"href":"http:\/\/www.luigiaccattoli.it\/blog\/wp-json\/wp\/v2\/comments?post=27948"}],"version-history":[{"count":3,"href":"http:\/\/www.luigiaccattoli.it\/blog\/wp-json\/wp\/v2\/pages\/27948\/revisions"}],"predecessor-version":[{"id":27959,"href":"http:\/\/www.luigiaccattoli.it\/blog\/wp-json\/wp\/v2\/pages\/27948\/revisions\/27959"}],"wp:attachment":[{"href":"http:\/\/www.luigiaccattoli.it\/blog\/wp-json\/wp\/v2\/media?parent=27948"}],"curies":[{"name":"wp","href":"https:\/\/api.w.org\/{rel}","templated":true}]}}