{"id":2875,"date":"2009-12-03T15:47:41","date_gmt":"2009-12-03T14:47:41","guid":{"rendered":"http:\/\/www.luigiaccattoli.it\/blog\/?page_id=2875"},"modified":"2009-12-03T15:47:41","modified_gmt":"2009-12-03T14:47:41","slug":"cristina-brambilla-canali-%e2%80%9caccetto-la-morte-ma-prima-voglio-la-vita%e2%80%9d","status":"publish","type":"page","link":"http:\/\/www.luigiaccattoli.it\/blog\/cerco-fatti-di-vangelo\/7-la-vita-e-mutata-ma-non-e-tolta\/b-il-santo-e-colui-che-acconsente-alla-morte\/cristina-brambilla-canali-%e2%80%9caccetto-la-morte-ma-prima-voglio-la-vita%e2%80%9d\/","title":{"rendered":"Cristina Brambilla Canali: \u201cAccetto la morte ma prima voglio la vita\u201d"},"content":{"rendered":"<p>Cristina \u00e8 una ragazza innamorata della vita, che nel mezzo della malattia grida al Signore: \u201cVoglio vivere\u201d. Lei crede nella vita eterna e intitola \u201cIl libro degli angeli\u201d il suo diario, ma non riesce a intendere la malattia che la sta per staccare da Carlo, il ragazzo che ha sposato e grida ancora: \u201cTi prego Signore concedimi di vivere!\u201d<br \/>\nMuore invece a 26 anni, di un linfoma maligno che inutilmente la costringe prima a un intervento di asportazione all\u2019intestino tenute e poi a un autotrapianto. Lascia un diario di una bellezza sconvolgente, che mostra quanto e come una ragazza di oggi possa combattere con il Signore e con se stessa la battaglia di Giobbe. Ci fa piangere, ma ci aiuta a credere.<\/p>\n<p><em>Com\u2019\u00e8 difficile e dura la vita, ma pi\u00f9 di tutto \u00e8 difficile accettare la morte, anche se penso che lo sia di pi\u00f9 per le persone che rimangono in vita. Non ho paura di morire perch\u00e9 ho fede e credo nella vita eterna dopo la morte, per\u00f2 mi spaventa la sofferenza, l\u2019agonia, il distacco dalle persone che amo e la disperazione che proverebbero nel vedermi morire&#8230; Voglio vivere la mia vita, desidero restare vicino a Carlo il pi\u00f9 possibile, amarlo e creare con lui una famiglia, voglio poter essere utile alle persone che soffrono, pregare per loro e cercare di rendermi utile dove il mio prossimo ha bisogno&#8230; Accetto la morte ma prima voglio la vita, voglio vivere, ti prego Signore concedimi di vivere!<\/em><br \/>\n(Da Cristina Brambilla Canali, <em>Il libro degli angeli. Diario di Cristina<\/em>, Oscar Mondadori, 1999, p. 17).<\/p>\n<p>All\u2019inizio del piccolo diario (sono appena 94 pagine) c\u2019\u00e8 una dedica di Carlo, lo sposo, posta sotto il titolo \u201cIl libro degli angeli\u201d, che dice cos\u00ec: \u201cMio dolce Angelo, come petali di fiori le pagine del tuo diario inebrieranno i cuori che si metteranno in ascolto\u201d.<br \/>\nPer me \u00e8 stato cos\u00ec: ho letto e pianto per una notte e ho deciso di riferire le parole di Cristina che pi\u00f9 mi hanno aiutato. Nel senso \u2013 come ho gi\u00e0 detto \u2013 dell\u2019aiuto a credere. Perch\u00e9 nulla ci sostiene, nell\u2019invocare la fede, quanto l\u2019esempio di quanti l\u2019hanno attestata di fronte alla morte.<br \/>\nDi Cristina sappiamo poco: solo quello che ci racconta lei nel diario che scrive durante l\u2019ultimo anno di vita: tra il gennaio del 1996 e il marzo del 1997. Muore il 13 maggio 1997. In copertina c\u2019\u00e8 una foto di una vacanza al mare, scattata al tramonto, che ci racconta la sua bellezza di ventenne, lo sguardo che cerca, una punta d\u2019ironia nella piega della bocca.<br \/>\nDalle sue confessioni veniamo a sapere che \u00e8 di Bussero (Milano), e che si cura negli ospedali di Milano e Bergamo. Fa una prima operazione a 23 anni, nel marzo del 1994. Dopo la quale sembra guarita e si sposa con Carlo nel giugno del 1995.<br \/>\nEcco la sua preghiera di fidanzata che teme di non poter celebrare le nozze per un ritorno del male e cos\u00ec chiede l\u2019aiuto di Maria: \u201c<em>Ti prego, se mi deve tornare fai che non sia adesso, fammi sposare Carlo!<\/em>\u201d Il matrimonio, tanto atteso e invocato, durer\u00e0 meno di due anni e saranno due anni di lotta con il male.<br \/>\nMa ascoltiamo un attimo la sua voce di sposa felice: \u201c<em>E\u2019 stato il giorno pi\u00f9 bello della mia vita. La cerimonia in chiesa \u00e8 stata bellissima, intorno a noi i nostri genitori, parenti e amici testimoniavano la nostra felicit\u00e0 e la nostra reciproca promessa di amore eterno. Poi sono passati come in sogno tre bellissimi mesi, la nostra casa, le vacanze, la vita spensierata<\/em>\u201d. Immaginiamo che la foto della copertina sia stata scattata da Carlo in quella vacanza.<br \/>\nScopre la ricaduta nell\u2019ottobre del 1995. Pur nello spavento che prova a pensare che la morte potrebbe staccarla da Carlo, riesce a cogliere ogni momento della vita che le \u00e8 donata: \u201c<em>La felicit\u00e0 \u00e8 il mio amore per Carlo e l\u2019amore che lui ha per me. La felicit\u00e0 sono i miei genitori e mia sorella Barbara che non si risparmiano mai, mi sono sempre vicini. La felicit\u00e0 \u00e8 pregare e avere fede, sapere che Dio ti ascolta, essere convinti della sua presenza sempre e comunque<\/em>\u201d.<br \/>\nToccante \u00e8 il paragone che fa del suo amore per lo sposo con l\u2019amore di Cristo, che \u201c\u00e8 morto sulla croce per salvarci perch\u00e9 ci amava pi\u00f9 della sua vita\u201d: \u201c<em>Bene, io amo Carlo pi\u00f9 della mia vita, voglio vivere per lui, per amarlo, proteggerlo, per creare con lui una famiglia<\/em>\u201d.<br \/>\nIn un\u2019altra pagina invoca di poter \u201cinvecchiare con Carlo\u201d. In un\u2019altra ancora cos\u00ec racconta un dono avuto da lui, in ospedale: \u201c<em>Mi ha portato un bellissimo tulipano rosso (il mio fiore preferito!) di legno che ho appeso al letto come buon augurio. Amo tantissimo Carlo!<\/em>\u201d<br \/>\nL\u2019accettazione della morte l\u2019esprime cos\u00ec, il giorno dell\u2019unzione degli infermi, alla vigilia dell\u2019autotrapianto: \u201c<em>Ho rinnovato a Ges\u00f9 il mio desiderio di ricevere pace durante tutto il periodo di questa grande prova e infine la mia totale disponibilit\u00e0 a compiere la volont\u00e0 del Padre! La gioia ha raggiunto il culmine quando alla fine io, Carlo e fra Stefano abbiamo recitato il Padre nostro tenendoci per mano, uniti in Dio Padre, speranzosi in Ges\u00f9 Cristo Salvatore!<\/em>\u201d<\/p>\n<p><strong>[Testo pubblicato dall\u2019<em>Eco di San Gabriele<\/em> nell\u2019aprile 2000]<\/strong><\/p>\n","protected":false},"excerpt":{"rendered":"<p>Cristina \u00e8 una ragazza innamorata della vita, che nel mezzo della malattia grida al Signore: \u201cVoglio vivere\u201d. Lei crede nella vita eterna e intitola \u201cIl libro degli angeli\u201d il suo&#8230;<\/p>\n<div class=\"more-link-wrapper\"><a class=\"more-link\" href=\"http:\/\/www.luigiaccattoli.it\/blog\/cerco-fatti-di-vangelo\/7-la-vita-e-mutata-ma-non-e-tolta\/b-il-santo-e-colui-che-acconsente-alla-morte\/cristina-brambilla-canali-%e2%80%9caccetto-la-morte-ma-prima-voglio-la-vita%e2%80%9d\/\">Read More<span class=\"screen-reader-text\">Cristina Brambilla Canali: \u201cAccetto la morte ma prima voglio la vita\u201d<\/span><\/a><\/div>\n","protected":false},"author":1,"featured_media":0,"parent":2227,"menu_order":0,"comment_status":"open","ping_status":"closed","template":"","meta":{"_monsterinsights_skip_tracking":false,"_monsterinsights_sitenote_active":false,"_monsterinsights_sitenote_note":"","_monsterinsights_sitenote_category":0,"footnotes":""},"class_list":["post-2875","page","type-page","status-publish","hentry","excerpt"],"_links":{"self":[{"href":"http:\/\/www.luigiaccattoli.it\/blog\/wp-json\/wp\/v2\/pages\/2875","targetHints":{"allow":["GET"]}}],"collection":[{"href":"http:\/\/www.luigiaccattoli.it\/blog\/wp-json\/wp\/v2\/pages"}],"about":[{"href":"http:\/\/www.luigiaccattoli.it\/blog\/wp-json\/wp\/v2\/types\/page"}],"author":[{"embeddable":true,"href":"http:\/\/www.luigiaccattoli.it\/blog\/wp-json\/wp\/v2\/users\/1"}],"replies":[{"embeddable":true,"href":"http:\/\/www.luigiaccattoli.it\/blog\/wp-json\/wp\/v2\/comments?post=2875"}],"version-history":[{"count":2,"href":"http:\/\/www.luigiaccattoli.it\/blog\/wp-json\/wp\/v2\/pages\/2875\/revisions"}],"predecessor-version":[{"id":2878,"href":"http:\/\/www.luigiaccattoli.it\/blog\/wp-json\/wp\/v2\/pages\/2875\/revisions\/2878"}],"up":[{"embeddable":true,"href":"http:\/\/www.luigiaccattoli.it\/blog\/wp-json\/wp\/v2\/pages\/2227"}],"wp:attachment":[{"href":"http:\/\/www.luigiaccattoli.it\/blog\/wp-json\/wp\/v2\/media?parent=2875"}],"curies":[{"name":"wp","href":"https:\/\/api.w.org\/{rel}","templated":true}]}}