{"id":2918,"date":"2009-12-04T19:46:34","date_gmt":"2009-12-04T18:46:34","guid":{"rendered":"http:\/\/www.luigiaccattoli.it\/blog\/?page_id=2918"},"modified":"2009-12-04T19:46:34","modified_gmt":"2009-12-04T18:46:34","slug":"lo-zingaro-ubriaco-e-il-bimbo-che-lo-difende","status":"publish","type":"page","link":"http:\/\/www.luigiaccattoli.it\/blog\/cerco-fatti-di-vangelo\/12-madri-e-padri-di-vocazione\/lo-zingaro-ubriaco-e-il-bimbo-che-lo-difende\/","title":{"rendered":"Lo zingaro ubriaco e il bimbo che lo difende"},"content":{"rendered":"<p>Questa parabola dello zingaro di due anni che difende a parolacce il pap\u00e0 ubriaco \u00e8 raccontata da Angelo Zamagna nel volume autobiografico <em>Dalla parte dei bambini. Mille motivi e l\u2019esperienza di una vita per essere dalla parte dell\u2019affidamento familiare<\/em>, Roma 2002, alle pp. 47 e 48.<\/p>\n<p><em>Tano \u2013 uno zingaro stanziale di Roma regalatoci dalle suore di madre Teresa \u2013 aveva moglie e otto figli, nati all\u2018incirca uno ogni anno. Per il lavoro, si arrabattava come venditore di agli e di ombrelli. Con tale attivit\u00e0 aveva collezionato un numero incredibile di condanne, principalmente per commercio abusivo e accattonaggio, per cui entrava e usciva dal carcere con assiduit\u00e0. La moglie Carmela chiedeva l\u2019elemosina davanti alle Chiese, ma doveva far mangiare i figli mentre il marito era in carcere.<\/em><br \/>\n<em>Quando cercammo di far avere loro una licenza da venditore ambulante, scoprimmo che era impossibile, perch\u00e9 Tano e Carmela erano analfabeti, oltre a non essere incensurati. Genitori e figli occupavano un piano di una casa pericolante in borgata. Scoprimmo che il Comune aveva gi\u00e0 dato due volte la casa popolare a Tano, che aveva subito rivenduto ad altri il diritto di occupazione, per qualche centinaio di migliaia di lire. Perch\u00e9 Tano era uno spirito libero. <\/em><br \/>\n<em>Tra genitori e figli c\u2019era un amore incondizionato. Una volta ho rimproverato con rabbia il padre, completamente ubriaco. Per difendere il padre, Enzo, che aveva allora circa due anni, e non lo avevo mai sentito parlare, mi si piant\u00f2 davanti coprendomi di parolacce incredibili, concluse con un \u201cattantulo!\u201d definitivo.<\/em><br \/>\n<em>Cercammo un lavoro per Tano ma al primo stipendio Carmela venne a pregarmi di farlo licenziare, perch\u00e9 Tano aveva speso tutto all\u2019osteria prendendo una sbronza colossale fino a rischiare la pelle. Per fortuna il resto dei soldi gli era stato rubato dagli amici di sbronza. Dovetti chiedere all\u2019impresa di versare a me il salario e incaricai una volontaria di gestire il mensile, accompagnando Carmela a spenderlo gradualmente per le necessit\u00e0 familiari. Ma dur\u00f2 poco. Quando Tano cap\u00ec che non poteva spendere il salario come voleva, si licenzi\u00f2.<\/em><br \/>\n<em>Seguimmo Tano e Carmela per alcuni anni, con episodi divertenti. Un giorno, genitori e figli ottennero due appartamenti adiacenti, come famiglia numerosa, in un complesso lussuoso con pavimento in moquette e completamente arredato. Sapendo che noi eravamo in cerca della casa per una figlia che doveva sposarsi, Tano venne a offrirci la chiave di uno dei due appartamenti, dicendo: \u201cA noi ne basta uno\u201d. Rifiutammo ma il gesto ci commosse profondamente.<\/em><br \/>\n<em>Tentammo pi\u00f9 volte degli affidamenti lunghi per tutti i figli di Tano con famiglie ottime, ma i risultati furono positivi solo per i pi\u00f9 piccoli. I grandi, abituati alla enorme libert\u00e0 goduta in famiglia, rifiutavano i doveri scolastici e scappavano prima o poi dalla casa degli affidatari.<\/em><br \/>\n<em>Abbiamo imparato tante cose da Tano e Carmela. Anzitutto che loro sono pi\u00f9 forti di noi, perch\u00e9 riescono a vivere e sopravvivere in condizioni estreme. Inoltre abbiamo capito che in fondo \u00e8 poco quello che serve veramente per vivere, e che quasi tutto quello che noi consideriamo indispensabile \u00e8 invece superfluo. E forse Tano e Carmela sono pi\u00f9 cristiani di noi, perch\u00e9 non si preoccupano affatto di quello che mangeranno o degli abiti con cui si vestiranno. Sembra incredibile, ma effettivamente la Provvidenza ha sempre fornito tempestivamente a Tano e Carmela tutto quello di cui hanno avuto bisogno, e spesso in abbondanza.<\/em><\/p>\n<p><strong>Delle avventure affidatarie narrate da Angelo Zamagna nel suo libretto tratta un testo che puoi leggere nel capitolo 12 di questa pagina intitolato \u201cMadri e padri di vocazione\u201d.<\/strong><br \/>\n<strong>[Novembre 2009]<\/strong><\/p>\n","protected":false},"excerpt":{"rendered":"<p>Questa parabola dello zingaro di due anni che difende a parolacce il pap\u00e0 ubriaco \u00e8 raccontata da Angelo Zamagna nel volume autobiografico Dalla parte dei bambini. Mille motivi e l\u2019esperienza&#8230;<\/p>\n<div class=\"more-link-wrapper\"><a class=\"more-link\" href=\"http:\/\/www.luigiaccattoli.it\/blog\/cerco-fatti-di-vangelo\/12-madri-e-padri-di-vocazione\/lo-zingaro-ubriaco-e-il-bimbo-che-lo-difende\/\">Read More<span class=\"screen-reader-text\">Lo zingaro ubriaco e il bimbo che lo difende<\/span><\/a><\/div>\n","protected":false},"author":1,"featured_media":0,"parent":2120,"menu_order":0,"comment_status":"open","ping_status":"closed","template":"","meta":{"_monsterinsights_skip_tracking":false,"_monsterinsights_sitenote_active":false,"_monsterinsights_sitenote_note":"","_monsterinsights_sitenote_category":0,"footnotes":""},"class_list":["post-2918","page","type-page","status-publish","hentry","excerpt"],"_links":{"self":[{"href":"http:\/\/www.luigiaccattoli.it\/blog\/wp-json\/wp\/v2\/pages\/2918","targetHints":{"allow":["GET"]}}],"collection":[{"href":"http:\/\/www.luigiaccattoli.it\/blog\/wp-json\/wp\/v2\/pages"}],"about":[{"href":"http:\/\/www.luigiaccattoli.it\/blog\/wp-json\/wp\/v2\/types\/page"}],"author":[{"embeddable":true,"href":"http:\/\/www.luigiaccattoli.it\/blog\/wp-json\/wp\/v2\/users\/1"}],"replies":[{"embeddable":true,"href":"http:\/\/www.luigiaccattoli.it\/blog\/wp-json\/wp\/v2\/comments?post=2918"}],"version-history":[{"count":1,"href":"http:\/\/www.luigiaccattoli.it\/blog\/wp-json\/wp\/v2\/pages\/2918\/revisions"}],"predecessor-version":[{"id":2919,"href":"http:\/\/www.luigiaccattoli.it\/blog\/wp-json\/wp\/v2\/pages\/2918\/revisions\/2919"}],"up":[{"embeddable":true,"href":"http:\/\/www.luigiaccattoli.it\/blog\/wp-json\/wp\/v2\/pages\/2120"}],"wp:attachment":[{"href":"http:\/\/www.luigiaccattoli.it\/blog\/wp-json\/wp\/v2\/media?parent=2918"}],"curies":[{"name":"wp","href":"https:\/\/api.w.org\/{rel}","templated":true}]}}