{"id":4344,"date":"2010-05-25T09:51:18","date_gmt":"2010-05-25T09:51:18","guid":{"rendered":"http:\/\/www.luigiaccattoli.it\/blog\/?page_id=4344"},"modified":"2010-05-25T09:51:18","modified_gmt":"2010-05-25T09:51:18","slug":"teodora-ciampa-%e2%80%9csono-una-paladina-della-gioia-anche-nel-lutto%e2%80%9d","status":"publish","type":"page","link":"http:\/\/www.luigiaccattoli.it\/blog\/cerco-fatti-di-vangelo\/16-qui-e-perfetta-letizia\/teodora-ciampa-%e2%80%9csono-una-paladina-della-gioia-anche-nel-lutto%e2%80%9d\/","title":{"rendered":"Teodora Ciampa: \u201cSono una paladina della gioia anche nel lutto\u201d"},"content":{"rendered":"<p>\u201cSono una paladina della gioia e sono riuscita a non perderla neanche di fronte a un lutto gravissimo, la morte di un figlio bellissimo di 28 anni, avvenuta una decina di anni fa quasi all\u2019uscita della A1 per Roma: Lorenzo (questo \u00e8 il suo nome) \u00e8 morto mentre prestava soccorso a un automobilista sulla corsia di emergenza: un camion ha sbandato e lo ha preso in pieno, agganciandolo e sbattendolo sull\u2019autostrada. L\u2019investitore \u00e8 fuggito lasciandolo senza soccorso. L\u2019enorme folla che \u00e8 accorsa ai funerali \u00e8 stata per noi una grande manifestazione di affetto: s\u00ec, Lorenzo conosceva tanta gente, anche a noi sconosciuta, soprattutto i barboni della stazione Ostiense. Alle molte persone che mi hanno chiesto perch\u00e9 non mi disperavo e non urlavo, la mia risposta \u00e8 stata: \u00abPerch\u00e9 ho la serenit\u00e0 nel cuore e mi consola il sapere Lorenzo nella braccia del Padre\u201d: cos\u00ec Teodora Ciampa, romana, scrive in una lettera ad Avvenire pubblicata il 9 maggio 2010 a p. 35.<br \/>\nAvendo dedicato a Teodora Ciampa un <a href=\"http:\/\/www.luigiaccattoli.it\/blog\/?p=4312\">post<\/a> nel mio blog il 19 maggio 2010, da un visitatore che si firma Gerry ho ricevuto questo ritratto di Lorenzo, figlio di Teodora:<\/p>\n<p><em>Non posso non parlare di Lorenzo e di Dora (Teodora). Teodora Ciampa \u00e8 mia zia, di mia moglie per esattezza, e Lorenzo era nostro cugino. Un ragazzo eccezionale, sempre pronto ad aiutare gli altri, e tra gli altri anche noi parenti, magari in un trasporto, in una cosa concreta. Gioiosamente come fanno gli scout, quelli veri come lui. Ha fatto tante cose nella sua breve vita e ricordo la chiesa di S. Giovanni Battista De Rossi stracolma in un\u2019atmosfera struggente ma serena, forse anche per i canti scout; davanti a me c\u2019era Francesco Rutelli, che allora era sindaco di Roma, e con lui tanti politici: perch\u00e9 Lorenzo Cuneo era \u201canche\u201d un politico, un consigliere circoscrizionale dei Verdi, al quartiere Appio Latino. Per lui l\u2019impegno era una cosa concreta, era far funzionare le cose a partire dal Parco della Caffarella, un bellissimo polmone verde, ricco di tante biodiversit\u00e0, all\u2019interno di Roma, ma anche di chiese, come l\u2019antichissima Sant\u2019 Urbano. Non era un ragazzo etichettabile in base a schemi logori: basti dire che aveva prestato servizio militare in Marina, come ufficiale imbarcato su un cacciamine e cos\u00ec al suo funerale c\u2019era anche una rappresentanza militare.<\/em><br \/>\n<em>Uno tra i ricordi \u201cpubblici\u201d pi\u00f9 belli \u00e8 stata la cerimonia alla facolt\u00e0 di Scienze della Sapienza, di cui era studente (un po\u2019 attardato negli studi non per pigrizia ma per le troppe cose che faceva, tutte bene), alla presenza delle autorit\u00e0 accademiche, a partire dal Rettore. Il ricordo che aveva lasciato in tutti era lo stesso: il suo sorriso, il suo impegno, la sua dedizione agli altri, anche nell\u2019attivit\u00e0 scientifica. E\u2019 morto cos\u00ec, di notte, in autostrada, cercando di aiutare un\u2019automobilista in difficolt\u00e0, travolto da un Tir fuggito nella notte. Sono convinto che si tratti di una vita e di una morte che parlano di santit\u00e0, una santit\u00e0 feriale che forse non sar\u00e0 mai riconosciuta canonicamente, ma non meno vera ed efficace.<\/em><br \/>\n<em>Come potevano reagire la madre Teodora, il padre Claudio? Conformemente alla speranza che \u00e8 data loro da una fede vissuta, com\u2019era quella di Lorenzo. Hanno dato vita a una piccola associazione Onlus (\u201cLorenzo Cuneo\u201d) che aiuta persone in difficolt\u00e0, ragazze madri, famiglie con problemi, ma anche organizza incontri culturali (recentemente su Matteo Ricci), o feste per raccogliere qualche fondo, come i \u201cConcerti alla Luna\u201d che si tengono ogni anno nel Parco della Caffarella (Vallecola Tacchi Venturi) la notte del plenilunio che quest\u2019anno cade il sabato 26 giugno, ricordando Lorenzo nei luoghi che ha amato e per la cui preservazione e pubblica fruizione si \u00e8 battuto.<\/em><\/p>\n<p><strong>Per una foto di Lorenzo e il recapito dell\u2019associazione \u201cLorenzo Cuneo Onlus\u201d vedi <a href=\"http:\/\/www.vicariatusurbis.org\/SantUrbano\/Onlus\/onlus.htm\">qui<\/a>. Il Municipio IX del Comune di Roma assegna un <a href=\"http:\/\/www.comune.roma.it\/repository\/ContentManagement\/information\/P1925439575\/premiocuneo2006.pdf\">premio per la solidariet\u00e0 \u201cLorenzo Cuneo\u201d<\/a> a \u201cricordo di un giovane consigliere, che ha impostato la sua esistenza nell\u2019attenzione all\u2019uomo e all\u2019ambiente e che in uno slancio di generosit\u00e0 sacrific\u00f2 la sua vita nel tentativo di portare soccorso a un automobilista in difficolt\u00e0.<\/strong><\/p>\n<p><strong>[Maggio 2010]<\/strong><\/p>\n","protected":false},"excerpt":{"rendered":"<p>\u201cSono una paladina della gioia e sono riuscita a non perderla neanche di fronte a un lutto gravissimo, la morte di un figlio bellissimo di 28 anni, avvenuta una decina&#8230;<\/p>\n<div class=\"more-link-wrapper\"><a class=\"more-link\" href=\"http:\/\/www.luigiaccattoli.it\/blog\/cerco-fatti-di-vangelo\/16-qui-e-perfetta-letizia\/teodora-ciampa-%e2%80%9csono-una-paladina-della-gioia-anche-nel-lutto%e2%80%9d\/\">Read More<span class=\"screen-reader-text\">Teodora Ciampa: \u201cSono una paladina della gioia anche nel lutto\u201d<\/span><\/a><\/div>\n","protected":false},"author":1,"featured_media":0,"parent":2132,"menu_order":0,"comment_status":"open","ping_status":"closed","template":"","meta":{"_monsterinsights_skip_tracking":false,"_monsterinsights_sitenote_active":false,"_monsterinsights_sitenote_note":"","_monsterinsights_sitenote_category":0,"footnotes":""},"class_list":["post-4344","page","type-page","status-publish","hentry","excerpt"],"_links":{"self":[{"href":"http:\/\/www.luigiaccattoli.it\/blog\/wp-json\/wp\/v2\/pages\/4344","targetHints":{"allow":["GET"]}}],"collection":[{"href":"http:\/\/www.luigiaccattoli.it\/blog\/wp-json\/wp\/v2\/pages"}],"about":[{"href":"http:\/\/www.luigiaccattoli.it\/blog\/wp-json\/wp\/v2\/types\/page"}],"author":[{"embeddable":true,"href":"http:\/\/www.luigiaccattoli.it\/blog\/wp-json\/wp\/v2\/users\/1"}],"replies":[{"embeddable":true,"href":"http:\/\/www.luigiaccattoli.it\/blog\/wp-json\/wp\/v2\/comments?post=4344"}],"version-history":[{"count":2,"href":"http:\/\/www.luigiaccattoli.it\/blog\/wp-json\/wp\/v2\/pages\/4344\/revisions"}],"predecessor-version":[{"id":4346,"href":"http:\/\/www.luigiaccattoli.it\/blog\/wp-json\/wp\/v2\/pages\/4344\/revisions\/4346"}],"up":[{"embeddable":true,"href":"http:\/\/www.luigiaccattoli.it\/blog\/wp-json\/wp\/v2\/pages\/2132"}],"wp:attachment":[{"href":"http:\/\/www.luigiaccattoli.it\/blog\/wp-json\/wp\/v2\/media?parent=4344"}],"curies":[{"name":"wp","href":"https:\/\/api.w.org\/{rel}","templated":true}]}}