{"id":4643,"date":"2010-07-19T15:48:11","date_gmt":"2010-07-19T15:48:11","guid":{"rendered":"http:\/\/www.luigiaccattoli.it\/blog\/?page_id=4643"},"modified":"2010-07-20T14:46:19","modified_gmt":"2010-07-20T14:46:19","slug":"giuseppe-totaro-%e2%80%9cti-conosco-da-sempre%e2%80%9d","status":"publish","type":"page","link":"http:\/\/www.luigiaccattoli.it\/blog\/cerco-fatti-di-vangelo\/20-preghiera-pubblica\/giuseppe-totaro-%e2%80%9cti-conosco-da-sempre%e2%80%9d\/","title":{"rendered":"Giuseppe Totaro:  \u201cTi conosco da sempre\u201d"},"content":{"rendered":"<p>Preghiera pubblica pu\u00f2 essere l\u2019intero libro autobiografico di un convertito dei nostri giorni, come quello che ho tra mano, scritto da un pugliese emigrato a Milano e intitolato <em>Ti conosco da sempre<\/em>, che termina con questo salmo di lode:<br \/>\n<em>Dio Onnipotente \/ Ora sei la mia vita, la mia via, la mia verit\u00e0 \/ Tu sei la vera libert\u00e0 \/ Sei il mio canto \/ Ti sei manifestato a me \/ Hai avuto misericordia di me \/ Mi hai donato la tua conoscenza \/ La Tua grandezza e potenza non si pu\u00f2 misurare \/ Se non edifichi Tu tutte le cose \/ invano si affaticano i costruttori \/ Dio Onnipotente \/ Ti ringrazio per tutto quello \/ che hai fatto per me.<\/em><br \/>\nIl fatto della conversione \u00e8 posto ad apertura del volumetto: \u201c<em>Fino a otto anni fa circa ero un ateo irriducibile, ostile, superbo e irriverente nei riguardi di Dio, ci\u00f2 nonostante l\u2019incrollabile fede di mia moglie, battezzata dalle mani di Padre Pio nel 1959. Non ho celebrato il matrimonio in chiesa ed ho esentato dalla formazione religiosa i nostri figli. Per trentatr\u00e9 anni ho negato Dio e vissuto nel pi\u00f9 radicale ateismo. Ma nel tardo pomeriggio del 10 aprile 2002 \u00e8 cambiato tutto. Nel mio ufficio, nella normalit\u00e0 della giornata lavorativa, con la mente pensante a tutt\u2019altro, ho incontrato e scoperto l\u2019esistenza di Dio<\/em>\u201d.<br \/>\nLa qualificazione del passato atteggiamento ateistico come \u201costile, superbo e irriverente\u201d \u00e8 spiegata da un distico posto in premessa che rimanda alla Prima lettera di Paolo a Timoteo: \u201cIo che per l\u2019innanzi ero stato ostile, superbo e irriverente\u201d. Un altro distico rimanda ad Ambrogio di Milano: \u201cNon \u00e8 l\u2019uomo che pu\u00f2 trovare la Verit\u00e0, ma \u00e8 la Verit\u00e0 che trova lui\u201d.<br \/>\nI riferimenti sono dunque solidi e la narrazione \u00e8 appassionata. L\u2019occasione per una ineludibile \u201cesperienza personale del divino\u201d che d\u00e0 luogo a un \u201ccambiamento di vita\u201d \u00e8 narrativamente minima: Giuseppe sta traslocando da un ufficio a un altro del dipartimento universitario per il quale lavora (al Politecnico di Milano), a seguito di un avanzamento di carriera e lo fa con \u201cspirito affranto\u201d per varie circostanze che non narra, \u201cquando improvvisamente il mio sguardo e il mio capo sono chiamati verso un angolino in alto dello stipite della porta di ingresso dell\u2019ufficio; con enorme sorpresa e stupore vedo un piccolo crocifisso che prima di allora non avevo mai visto, eppure stavo da diversi anni in quell\u2019ufficio: com\u2019era possibile non averlo mai notato e scoprirlo casualmente negli ultimi minuti di permanenza in quel posto? Non era assolutamente un caso, perch\u00e9 nello stesso tempo percepivo una presenza misteriosa e una voce che parlava intimamente dentro di me: \u201cSono qua, ti sono accanto, ti conosco da sempre\u201d (p. 29).<br \/>\nMette il crocifisso in tasca e corre a casa con \u201cla certezza dell\u2019esistenza di Dio\u201d che lievita in lui. Racconta a moglie e figli: \u201c<em>Mia moglie, commossa e in lacrime di gioia, mi ha rivelato che da venticinque anni pregava intimamente per la mia conversione e che il suo cuore sentiva che prima o poi questa sarebbe avvenuta (\u2026). Impressionante il riscontro nelle parole di Paolo: \u201cIl marito non credente viene reso santo dalla moglie credente (Prima Corinti 7, 14)<\/em>\u201d.<br \/>\nLascio alla lettura del volumetto l\u2019emozione descrittiva, assai efficace, del cambiamento di vita che segue a questa \u201cchiamata al mistero\u201d. Anche le giornate mediocri divengono \u201cgiorni protagonisti della grazia\u201d. La ricerca della preghiera diviene quotidiana: \u201cLo faccio in modo semplice perch\u00e9 non so pregare bene\u201d.<br \/>\nLa conversione \u201cnon annulla\u201d lo \u201cspirito critico\u201d tanto a lungo coltivato in precedenza. Dice il nuovo arrivato alla comunit\u00e0 dei credenti che \u201coccorrerebbe dare agli uomini il segno della povert\u00e0 e il rispetto della libert\u00e0 di chi non crede\u201d (p. 62). Invita alla denuncia dell\u2019ingiustizia\u00a0 (p. 65). Vorrebbe dall\u2019autorit\u00e0 della Chiesa \u201cun atto di coraggio\u201d per \u201cdichiarare che alcune problematiche non sono imposte ma solo proposte\u201d e il riferimento \u00e8 a \u201cdivorzi, procreazione assistita, celibato, sessualit\u00e0\u201d. Egli non vede ostacoli all\u2019ordinazione di \u201cdonne e uomini sposati\u201d (p. 67).<\/p>\n<p><strong>Ho conosciuto Giuseppe Totaro a Milano nella primavera 2010, in occasione di una mia conferenza al Centro San Fedele. Mi ha fatto dono del libretto \u201cTi conosco da sempre. La conversione di un irriducibile ateo\u201d, con la postfazione di Andrea Tornielli, edizioni L&#8217;Autore Libri Firenze. L\u2019ho letto in una notte e tanto mi \u00e8 piaciuta quella libera ricerca di Dio che ho sentito il bisogno di porgli una domanda conoscitiva: se si sentisse cattolico, o piuttosto un cristiano senza Chiesa che frequenta la comunit\u00e0 battesimale alla quale appartengono i suoi parenti. Questa \u00e8 stata la risposta, direi a met\u00e0 tra i due corni: \u201c<em>La tua definizione di \u2018cristiano senza chiesa\u2019 \u00e8 azzeccata: sono ecumenico per natura e andrei in qualunque comunit\u00e0 si creda in Dio con cuore sincero. Frequento la basilica di S. Carlo al Corso a Milano e aiuto il padre Danilo nell&#8217;incontro settimanale del gruppo dei giovani in ricerca<\/em>\u201d.<\/strong><\/p>\n<p><strong>[Luglio 2010]<\/strong><\/p>\n","protected":false},"excerpt":{"rendered":"<p>Preghiera pubblica pu\u00f2 essere l\u2019intero libro autobiografico di un convertito dei nostri giorni, come quello che ho tra mano, scritto da un pugliese emigrato a Milano e intitolato Ti conosco&#8230;<\/p>\n<div class=\"more-link-wrapper\"><a class=\"more-link\" href=\"http:\/\/www.luigiaccattoli.it\/blog\/cerco-fatti-di-vangelo\/20-preghiera-pubblica\/giuseppe-totaro-%e2%80%9cti-conosco-da-sempre%e2%80%9d\/\">Read More<span class=\"screen-reader-text\">Giuseppe Totaro:  \u201cTi conosco da sempre\u201d<\/span><\/a><\/div>\n","protected":false},"author":1,"featured_media":0,"parent":2141,"menu_order":0,"comment_status":"open","ping_status":"closed","template":"","meta":{"_monsterinsights_skip_tracking":false,"_monsterinsights_sitenote_active":false,"_monsterinsights_sitenote_note":"","_monsterinsights_sitenote_category":0,"footnotes":""},"class_list":["post-4643","page","type-page","status-publish","hentry","excerpt"],"_links":{"self":[{"href":"http:\/\/www.luigiaccattoli.it\/blog\/wp-json\/wp\/v2\/pages\/4643","targetHints":{"allow":["GET"]}}],"collection":[{"href":"http:\/\/www.luigiaccattoli.it\/blog\/wp-json\/wp\/v2\/pages"}],"about":[{"href":"http:\/\/www.luigiaccattoli.it\/blog\/wp-json\/wp\/v2\/types\/page"}],"author":[{"embeddable":true,"href":"http:\/\/www.luigiaccattoli.it\/blog\/wp-json\/wp\/v2\/users\/1"}],"replies":[{"embeddable":true,"href":"http:\/\/www.luigiaccattoli.it\/blog\/wp-json\/wp\/v2\/comments?post=4643"}],"version-history":[{"count":3,"href":"http:\/\/www.luigiaccattoli.it\/blog\/wp-json\/wp\/v2\/pages\/4643\/revisions"}],"predecessor-version":[{"id":4656,"href":"http:\/\/www.luigiaccattoli.it\/blog\/wp-json\/wp\/v2\/pages\/4643\/revisions\/4656"}],"up":[{"embeddable":true,"href":"http:\/\/www.luigiaccattoli.it\/blog\/wp-json\/wp\/v2\/pages\/2141"}],"wp:attachment":[{"href":"http:\/\/www.luigiaccattoli.it\/blog\/wp-json\/wp\/v2\/media?parent=4643"}],"curies":[{"name":"wp","href":"https:\/\/api.w.org\/{rel}","templated":true}]}}