{"id":4702,"date":"2010-07-21T18:22:08","date_gmt":"2010-07-21T18:22:08","guid":{"rendered":"http:\/\/www.luigiaccattoli.it\/blog\/?page_id=4702"},"modified":"2010-07-21T18:22:17","modified_gmt":"2010-07-21T18:22:17","slug":"margherita-coletta-%e2%80%9ctroppo-facile-amare-chi-ci-fa-del-bene%e2%80%9d","status":"publish","type":"page","link":"http:\/\/www.luigiaccattoli.it\/blog\/cerco-fatti-di-vangelo\/3-il-perdono-degli-uccisori-dei-parenti\/c-terrorismo\/margherita-coletta-%e2%80%9ctroppo-facile-amare-chi-ci-fa-del-bene%e2%80%9d\/","title":{"rendered":"Margherita Coletta: \u201cTroppo facile amare chi ci fa del bene\u201d"},"content":{"rendered":"<p>\u201c<em>Troppo facile amare chi ci fa del bene, la vera sfida \u00e8 riuscire a perdonare chi ci perseguita. Lo dice nostro Signore, ama il tuo nemico. Se adesso che mi hanno tolto Giuseppe io non ne fossi capace, tradirei anche lui e tutto ci\u00f2 per cui \u00e8 andato in Iraq<\/em>\u201d: cos\u00ec parla nei telegiornali dell\u201911 novembre 2003 Margherita Coletta, la vedova di Giuseppe, uno dei carabinieri morti a Nasiriyah. Margherita non smentisce negli anni quelle parole cristiane e cos\u00ec le conferma in un libro che scrive in dialogo con Lucia Bellaspiga, giornalista di <em>Avvenire<\/em>: \u201c<em>Lo diciamo tutti i giorni nel Padre nostro: rimetti a noi i nostri debiti come noi li rimettiamo ai nostri debitori. Lo stesso Ges\u00f9 ci ha lasciato il comandamento di perdonare settanta volte sette, cio\u00e8 sempre. Non vedo allora perch\u00e9 debba sembrare cos\u00ec eccezionale se un cristiano perdona chi gli ha fatto del male. Per un credente semmai dovrebbe essere strano il contrario<\/em>\u201d.<\/p>\n<p>\u201cIo e Giuseppe \u2013 dice Margherita in altra pagina di quel libro \u2013 siamo ancora uniti, ci siamo solo divisi i compiti, io qui con Maria, lui lass\u00f9 con Paolo, ma un giorno torneremo insieme\u201d: Paolo \u00e8 il primo figlio di Margherita e Giuseppe, morto di leucemia a sei anni nel 1997; Maria \u00e8 la loro figlia nata nel 2001. \u201c<em>E\u2019 stato il dolore per la morte di Paolo a spingerlo a partire per le missioni di pace, aveva un bisogno estremo di portare aiuto a quei piccoli innocenti che pagano le conseguenze di inutili conflitti<\/em>\u201d. Per restare fedele all\u2019impegno umanitario del marito, Margherita partecipa alle attivit\u00e0 dell\u2019<em><a href=\"http:\/\/www.associazionecoletta.it\/storia\/\">Associazione Giuseppe e Margherita Coletta<\/a> \u2013 Bussate e vi sar\u00e0 aperto<\/em>. Alla domanda su che cosa le manchi di Giuseppe, Margherita nel libro con la Bellaspiga risponde: \u201c<em>La carne. Lui, le sue mani soprattutto, i baci, le carezze, il sorriso, la sua fisicit\u00e0. L\u2019essere ancora moglie<\/em>\u201d.<\/p>\n<p><strong>Lucia Bellaspiga e Margherita Coletta, <em>Il seme di Nasiriyah. Giuseppe Coletta il brigadiere dei bambini<\/em>, Editrice Ancora, Milano 2008, pp. 128, 12 euro. <\/strong><\/p>\n<p><strong>[Maggio 2010]<\/strong><\/p>\n","protected":false},"excerpt":{"rendered":"<p>\u201cTroppo facile amare chi ci fa del bene, la vera sfida \u00e8 riuscire a perdonare chi ci perseguita. Lo dice nostro Signore, ama il tuo nemico. Se adesso che mi&#8230;<\/p>\n<div class=\"more-link-wrapper\"><a class=\"more-link\" href=\"http:\/\/www.luigiaccattoli.it\/blog\/cerco-fatti-di-vangelo\/3-il-perdono-degli-uccisori-dei-parenti\/c-terrorismo\/margherita-coletta-%e2%80%9ctroppo-facile-amare-chi-ci-fa-del-bene%e2%80%9d\/\">Read More<span class=\"screen-reader-text\">Margherita Coletta: \u201cTroppo facile amare chi ci fa del bene\u201d<\/span><\/a><\/div>\n","protected":false},"author":1,"featured_media":0,"parent":2239,"menu_order":0,"comment_status":"open","ping_status":"closed","template":"","meta":{"_monsterinsights_skip_tracking":false,"_monsterinsights_sitenote_active":false,"_monsterinsights_sitenote_note":"","_monsterinsights_sitenote_category":0,"footnotes":""},"class_list":["post-4702","page","type-page","status-publish","hentry","excerpt"],"_links":{"self":[{"href":"http:\/\/www.luigiaccattoli.it\/blog\/wp-json\/wp\/v2\/pages\/4702","targetHints":{"allow":["GET"]}}],"collection":[{"href":"http:\/\/www.luigiaccattoli.it\/blog\/wp-json\/wp\/v2\/pages"}],"about":[{"href":"http:\/\/www.luigiaccattoli.it\/blog\/wp-json\/wp\/v2\/types\/page"}],"author":[{"embeddable":true,"href":"http:\/\/www.luigiaccattoli.it\/blog\/wp-json\/wp\/v2\/users\/1"}],"replies":[{"embeddable":true,"href":"http:\/\/www.luigiaccattoli.it\/blog\/wp-json\/wp\/v2\/comments?post=4702"}],"version-history":[{"count":3,"href":"http:\/\/www.luigiaccattoli.it\/blog\/wp-json\/wp\/v2\/pages\/4702\/revisions"}],"predecessor-version":[{"id":4706,"href":"http:\/\/www.luigiaccattoli.it\/blog\/wp-json\/wp\/v2\/pages\/4702\/revisions\/4706"}],"up":[{"embeddable":true,"href":"http:\/\/www.luigiaccattoli.it\/blog\/wp-json\/wp\/v2\/pages\/2239"}],"wp:attachment":[{"href":"http:\/\/www.luigiaccattoli.it\/blog\/wp-json\/wp\/v2\/media?parent=4702"}],"curies":[{"name":"wp","href":"https:\/\/api.w.org\/{rel}","templated":true}]}}