{"id":4753,"date":"2010-07-23T15:34:48","date_gmt":"2010-07-23T15:34:48","guid":{"rendered":"http:\/\/www.luigiaccattoli.it\/blog\/?page_id=4753"},"modified":"2010-07-23T15:36:06","modified_gmt":"2010-07-23T15:36:06","slug":"alfredo-bonazzi-%e2%80%9csono-un-assassino-che-ha-trovato-grazia%e2%80%9d","status":"publish","type":"page","link":"http:\/\/www.luigiaccattoli.it\/blog\/cerco-fatti-di-vangelo\/3-il-perdono-degli-uccisori-dei-parenti\/d-omicidi-comuni\/alfredo-bonazzi-%e2%80%9csono-un-assassino-che-ha-trovato-grazia%e2%80%9d\/","title":{"rendered":"Alfredo Bonazzi: \u201cSono un assassino che ha trovato grazia\u201d"},"content":{"rendered":"<p><em>Sono un assassino: ho spento la luce della vita a un povero vecchio di 73 anni. Ero entrato in tabaccheria per una rapina: non sapevo che nel retrobottega dormisse questo vecchio quasi sordo: gli ho spaccato la testa con il crik che avevo in mano. Mi hanno dato 33 anni. A Porto Azzurro cominciai a scrive poesie. L\u2019ignoranza \u00e8 la protezione per il povero: attraverso la cultura cominciai a capire l\u2019abisso in cui ero precipitato, anche se, conoscendo di pi\u00f9, cominciai a soffrire di pi\u00f9. Per meriti letterari (avevo vinto il Premio Viareggio e altri premi internazionali) mi diedero la grazia, ma era un\u2019altra la grazia che io volevo: il perdono della figlia che, accorsa in aiuto del vecchio, non avevo uccisa solo perch\u00e9 la furia omicida mi si era improvvisamente calmata. Mi ritrovai con lei quando, uscito dal carcere, mi chiamarono alla trasmissione<\/em> Speciale GR<em> della radio. Mi disse: \u201c Se il martirio di mio padre, perch\u00e9 di martirio si \u00e8 trattato, \u00e8 servito alla redenzione e alla poesia di Alfredo Bonazzi, io sono ben felice di perdonarlo\u201d. Questa per me \u00e8 stata la vera grazia! Alfredo Bonazzi<\/em><\/p>\n<p><em> <\/em><\/p>\n<p><strong>Alfredo Bonazzi \u00e8 di Atripalda, Avellino, dove \u00e8 nato nel 1929. L\u2019uccisione del tabaccaio avviene nel 1960 in viale Zara a Milano. Graziato dopo 28 anni dal Presidente della Repubblica Giovanni Leone, si impegna come volontario nell\u2019aiuto ai carcerati.<br \/>\nIl primo libro di \u201cliriche\u201d \u00e8 intitolato <em>Annunciazioni, Edizioni del Forte San Giacomo, Porto Azzurro, 1969. Segue Ergastolo Azzurro, Todariana, 1970. Un testo sul mondo carcerario: Squalificati a vita: inchiesta e testimonianze sui manicomi criminali italiani, Gribaudi, 1975<\/em>.<br \/>\n<a href=\"http:\/\/www.db.agoradeigiovani.it\/agoradeigiovani\/documenti\/creativ12.doc\">Qui<\/a> la testimonianza sul perdono ricevuto.<br \/>\nIn Fabio Finazzi, <em>Fratello Lupo. Un francescano tra gli ergastolani<\/em>, l\u2019intera storia di Alfredo Bonazzi. <\/strong><\/p>\n<p><strong> <\/strong><\/p>\n<p><strong>[Giugno 2010] <\/strong><\/p>\n","protected":false},"excerpt":{"rendered":"<p>Sono un assassino: ho spento la luce della vita a un povero vecchio di 73 anni. Ero entrato in tabaccheria per una rapina: non sapevo che nel retrobottega dormisse questo&#8230;<\/p>\n<div class=\"more-link-wrapper\"><a class=\"more-link\" href=\"http:\/\/www.luigiaccattoli.it\/blog\/cerco-fatti-di-vangelo\/3-il-perdono-degli-uccisori-dei-parenti\/d-omicidi-comuni\/alfredo-bonazzi-%e2%80%9csono-un-assassino-che-ha-trovato-grazia%e2%80%9d\/\">Read More<span class=\"screen-reader-text\">Alfredo Bonazzi: \u201cSono un assassino che ha trovato grazia\u201d<\/span><\/a><\/div>\n","protected":false},"author":1,"featured_media":0,"parent":2241,"menu_order":0,"comment_status":"open","ping_status":"closed","template":"","meta":{"_monsterinsights_skip_tracking":false,"_monsterinsights_sitenote_active":false,"_monsterinsights_sitenote_note":"","_monsterinsights_sitenote_category":0,"footnotes":""},"class_list":["post-4753","page","type-page","status-publish","hentry","excerpt"],"_links":{"self":[{"href":"http:\/\/www.luigiaccattoli.it\/blog\/wp-json\/wp\/v2\/pages\/4753","targetHints":{"allow":["GET"]}}],"collection":[{"href":"http:\/\/www.luigiaccattoli.it\/blog\/wp-json\/wp\/v2\/pages"}],"about":[{"href":"http:\/\/www.luigiaccattoli.it\/blog\/wp-json\/wp\/v2\/types\/page"}],"author":[{"embeddable":true,"href":"http:\/\/www.luigiaccattoli.it\/blog\/wp-json\/wp\/v2\/users\/1"}],"replies":[{"embeddable":true,"href":"http:\/\/www.luigiaccattoli.it\/blog\/wp-json\/wp\/v2\/comments?post=4753"}],"version-history":[{"count":2,"href":"http:\/\/www.luigiaccattoli.it\/blog\/wp-json\/wp\/v2\/pages\/4753\/revisions"}],"predecessor-version":[{"id":4755,"href":"http:\/\/www.luigiaccattoli.it\/blog\/wp-json\/wp\/v2\/pages\/4753\/revisions\/4755"}],"up":[{"embeddable":true,"href":"http:\/\/www.luigiaccattoli.it\/blog\/wp-json\/wp\/v2\/pages\/2241"}],"wp:attachment":[{"href":"http:\/\/www.luigiaccattoli.it\/blog\/wp-json\/wp\/v2\/media?parent=4753"}],"curies":[{"name":"wp","href":"https:\/\/api.w.org\/{rel}","templated":true}]}}