{"id":4769,"date":"2010-07-23T15:51:13","date_gmt":"2010-07-23T15:51:13","guid":{"rendered":"http:\/\/www.luigiaccattoli.it\/blog\/?page_id=4769"},"modified":"2010-07-23T15:51:13","modified_gmt":"2010-07-23T15:51:13","slug":"venusia-e-marco-si-sposano-in-senegal","status":"publish","type":"page","link":"http:\/\/www.luigiaccattoli.it\/blog\/cerco-fatti-di-vangelo\/10-coppie-in-missione-come-aquila-e-priscilla\/venusia-e-marco-si-sposano-in-senegal\/","title":{"rendered":"Venusia e Marco si sposano in Senegal"},"content":{"rendered":"<p>Ho conosciuto Venusia Govetto e Marco Robella in una trasmissione televisiva della quale eravamo ospiti insieme: <em>Formato famiglia<\/em> di Sat 2000. Volontari internazionali, si sono conosciuti mentre erano in \u201cmissione\u201d in Senegal e laggi\u00f9 si sono sposati e sono restati con la stessa passione che ve li aveva portati. Nel 2009 hanno avuto il <em>Premio internazionale del volontariato<\/em> da parte della Focisv: Federazione organismi cristiani di servizio internazionale volontario.<br \/>\nNella motivazione si legge: \u201c<em>A Marco e Venusia che hanno scelto di vivere insieme, nel sacramento del matrimonio, il servizio al prossimo, proprio nel luogo in cui il loro incontro ha portato il frutto della loro unione, condividendo l\u2019evento con i loro amici e familiari, rendendo partecipe anche la loro \u2018nuova famiglia\u2019 senegalese, come vera esperienza missionaria<\/em>\u201d.<br \/>\nTrentuno anni alla pari, lei di Sorrento lui di Montemagno in provincia di Asti, si sono conosciuti nel 2006 a Louga, nel Senegal, e si sono sposati nell\u2019estate del 2009. Venusia al momento del matrimonio coordinava un progetto del Cisv per il miglioramento della sicurezza alimentare nella valle del fiume Senegal. Marco era responsabile di un progetto Cisv di turismo solidale. Ambedue erano attivi nel volontariato internazionale da circa un decennio. Ambedue prima che in Senegal erano stati in Mali e Marco anche nel Ruanda.<br \/>\nEcco qualcosa del racconto che mi hanno fatto:<br \/>\nVenusia:<em> \u201cMi aspettavo l\u2019Africa descritta dai giornali: tanti poveri, una natura selvaggia e tante malattie. Ho scoperto invece un\u2019Africa molto varia, persone sorridenti e solari quasi a dimostrare che le ricchezze non sono solo quelle materiali. Non ho avuto delle delusioni dalla prima esperienza, anzi, ho vissuto la \u201cscoperta\u201d che mi ha permesso di avere una maggiore consapevolezza dei problemi politici, economici e sociali di quel paese, ma soprattutto che ha cancellato quel mito dell\u2019Africa povera e affamata che noi occidentali siamo chiamati ad aiutare.<\/em><br \/>\nMarco:<em> L\u2019impatto iniziale \u00e8\u00a0stato molto intenso, nel villaggio di Oualia in provincia di Kaye (Mali). Era il 2001 a un mese dalla caduta delle Torri Gemelle negli USA e io mi sono ritrovato a trascorrere 30 giorni in una comunit\u00e0 islamica, senza acqua corrente, n\u00e8 elettricit\u00e0, in perfetta sintonia e integrazione con la comunit\u00e0 locale. Non ho provato delusione o amarezza ma un senso di impotenza al cospetto della denutrizione, della povert\u00e0 e della miseria che affliggeva la vita delle persone che ho avuto la fortuna di conoscere. <\/em><em> <\/em><br \/>\nVenusia: <em>Le affinit\u00e0 sul lavoro e la comunanza delle visioni sullo sviluppo e la cooperazione internazionale ci hanno avvicinati. Le nostre discussioni sull\u2019Africa e le politiche di sviluppo sono sempre molto stimolanti, spesso abbiamo anche posizioni diverse che non fanno che alimentare positivamente il confronto.<\/em><em> <\/em><br \/>\nMarco:<em> La maggiore difficolt\u00e0 che ci troviamo ad affrontare sono le malattie, la malaria soprattutto: se non la curi in tempo, ti uccide rapidamente. Quando ci ammaliamo ci accorgiamo veramente di vivere in Africa, una terra in cui esistono le capacit\u00e0 e le conoscenze, ma spesso mancano i mezzi: in questo caso ospedali e farmaci.<\/em><em> <\/em><br \/>\nVenusia: <em>L\u2019Africa dovrebbe riappropriarsi della facolt\u00e0\u00a0di decidere del proprio sviluppo. Spesso le organizzazioni internazionali arrivano in questi paesi con le proprie strategie e i propri modelli di sviluppo che poco hanno a che fare con la cultura e la struttura socio-economica del paese. Quello che cerchiamo di fare con la CISV \u00e8 appoggiare le dinamiche endogene di sviluppo, che promanano dalle popolazioni stesse.<\/em><em> <\/em><br \/>\nMarco:<em> A chi si meraviglia del gran numero di figli cercato dagli africani bisogna chiarire che i figli sono un investimento per loro, un vero e proprio sistema pensionistico al fine di sostenere i genitori nella vecchiaia. Condivido l\u2019idea che le sorti dell\u2019Africa dipendano dagli africani e solo da loro. In realt\u00e0 \u00e8 la politica \u201cdalle mani pulite\u201d che potrebbe cambiare le cose in Africa: fino a quando gli amministratori africani continueranno a gestire le finanze con poca trasparenza le cose non cambieranno.<\/em><\/p>\n<p><strong>La motivazione del premio Focisv \u00e8 nel n. 3, gennaio 2010 del bollettino <a href=\"http:\/\/www.cisvto.org\/public\/Nint_0110.pdf\"><em>La Cisv informa<\/em><\/a>. L\u00ec trovi anche il rimando a un numero di <a href=\"http:\/\/www.famigliacristiana.it\/Volontariato\/Volontari-nel-mondo\/articolo\/solidali-a-tempo-pieno.aspx\">Famiglia Cristiana<\/a> che il 10 gennaio 2010 dedic\u00f2 ai due una copertina.<\/strong><\/p>\n<p><strong>[Giugno 2010]<\/strong><\/p>\n","protected":false},"excerpt":{"rendered":"<p>Ho conosciuto Venusia Govetto e Marco Robella in una trasmissione televisiva della quale eravamo ospiti insieme: Formato famiglia di Sat 2000. Volontari internazionali, si sono conosciuti mentre erano in \u201cmissione\u201d&#8230;<\/p>\n<div class=\"more-link-wrapper\"><a class=\"more-link\" href=\"http:\/\/www.luigiaccattoli.it\/blog\/cerco-fatti-di-vangelo\/10-coppie-in-missione-come-aquila-e-priscilla\/venusia-e-marco-si-sposano-in-senegal\/\">Read More<span class=\"screen-reader-text\">Venusia e Marco si sposano in Senegal<\/span><\/a><\/div>\n","protected":false},"author":1,"featured_media":0,"parent":2114,"menu_order":0,"comment_status":"open","ping_status":"closed","template":"","meta":{"_monsterinsights_skip_tracking":false,"_monsterinsights_sitenote_active":false,"_monsterinsights_sitenote_note":"","_monsterinsights_sitenote_category":0,"footnotes":""},"class_list":["post-4769","page","type-page","status-publish","hentry","excerpt"],"_links":{"self":[{"href":"http:\/\/www.luigiaccattoli.it\/blog\/wp-json\/wp\/v2\/pages\/4769","targetHints":{"allow":["GET"]}}],"collection":[{"href":"http:\/\/www.luigiaccattoli.it\/blog\/wp-json\/wp\/v2\/pages"}],"about":[{"href":"http:\/\/www.luigiaccattoli.it\/blog\/wp-json\/wp\/v2\/types\/page"}],"author":[{"embeddable":true,"href":"http:\/\/www.luigiaccattoli.it\/blog\/wp-json\/wp\/v2\/users\/1"}],"replies":[{"embeddable":true,"href":"http:\/\/www.luigiaccattoli.it\/blog\/wp-json\/wp\/v2\/comments?post=4769"}],"version-history":[{"count":2,"href":"http:\/\/www.luigiaccattoli.it\/blog\/wp-json\/wp\/v2\/pages\/4769\/revisions"}],"predecessor-version":[{"id":4772,"href":"http:\/\/www.luigiaccattoli.it\/blog\/wp-json\/wp\/v2\/pages\/4769\/revisions\/4772"}],"up":[{"embeddable":true,"href":"http:\/\/www.luigiaccattoli.it\/blog\/wp-json\/wp\/v2\/pages\/2114"}],"wp:attachment":[{"href":"http:\/\/www.luigiaccattoli.it\/blog\/wp-json\/wp\/v2\/media?parent=4769"}],"curies":[{"name":"wp","href":"https:\/\/api.w.org\/{rel}","templated":true}]}}