{"id":4793,"date":"2010-07-24T08:08:55","date_gmt":"2010-07-24T08:08:55","guid":{"rendered":"http:\/\/www.luigiaccattoli.it\/blog\/?page_id=4793"},"modified":"2010-07-24T08:08:55","modified_gmt":"2010-07-24T08:08:55","slug":"alda-merini-%e2%80%9cdio-ci-guarda-ma-noi-non-lo-capiamo%e2%80%9d","status":"publish","type":"page","link":"http:\/\/www.luigiaccattoli.it\/blog\/cerco-fatti-di-vangelo\/20-preghiera-pubblica\/alda-merini-%e2%80%9cdio-ci-guarda-ma-noi-non-lo-capiamo%e2%80%9d\/","title":{"rendered":"Alda Merini: \u201cDio ci guarda ma noi non lo capiamo\u201d"},"content":{"rendered":"<p>\u201c<em>La natura sar\u00e0 arrabbiata con noi. Dio \u00e8 con noi anche nel dolore, ma noi non possiamo capirlo. Noi non abbiamo gli strumenti per capire la volont\u00e0 di Dio<\/em>\u201d: cos\u00ec Alda Merini (poetessa milanese 1931-2009) parla in televisione il 9 aprile 2009 del terremoto abruzzese avvenuto nella notte tra il 5 e il 6 aprile, dicendosi \u201cabbastanza\u201d credente. \u201c<em>Anch\u2019io sono stata \u2018terremotata\u2019 da un manicomio all\u2019altro. Ognuno di noi ha avuto le sue scosse, per\u00f2 \u00e8 nel momento del dolore che bisogna stringere i denti. Noi adesso partecipiamo a questa tragedia italiana, per\u00f2 non fermiamoci al dolore. Stringiamo i denti e andiamo avanti. Dio guarda tutti, ci vede, guarda i terremotati, vede gli infelici e non abbandona il mondo. Io sono sicura. E uno dei mezzi perch\u00e8 Dio ci ascolti \u00e8 proprio la poesia, la preghiera, il canto. Anche nel dolore bisogna saper vincere. In questi momenti di tragedia la forza del poeta pu\u00f2 aiutare: lui che ha subito, che ha saputo magnificare il dolore credo che serva da esempio per chi \u00e8 colpito. La mia ignoranza di poeta e di donna non capisce il male. Mi rifiuto. Il silenzio non deve essere un silenzio mortale, ma di rinascita; un silenzio di compassione, ma non di sconvolgimento totale. Guai se si perde la speranza nella nostra forza<\/em>\u201d.<\/p>\n<p>Brava Alda! Era quella una delle sue ultime apparizioni in televisione. Pochi come lei hanno esercitato il dono della preghiera in pubblico nell\u2019Italia a cavallo del millennio. Moriva sette mesi pi\u00f9 tardi, il 2 novembre 2009, nel giorno di \u201ctutti i santi\u201d e in sua memoria amo riportare qui alcune delle sue libere parole che mi sono pi\u00f9 care:<\/p>\n<p><em>Quando gli amanti gemono<br \/>\nsono signori della terra<br \/>\ne sono vicini a Dio<br \/>\ncome i santi pi\u00f9 ebbri.<\/em><br \/>\n<em>Quando gli innamorati parlano di morte<br \/>\nparlano di vita in eterno<br \/>\nin un colloquio di un fine esperanto<br \/>\nnoto soltanto a Lui.<\/em><br \/>\n[da <em>Ballate non pagate<\/em>, Einaudi 1995, p. 26]<\/p>\n<p><em>Ho parlato per lei di \u201cpreghiera pubblica\u201d. Ecco una sua riflessione sulla fede in Dio che pu\u00f2 chiarire che cosa intendo con quel concetto, applicato a lei: \u201cLa mia religiosit\u00e0 \u00e8 molto pagana. Pagana e gaudente. Mi sono sempre comportata da grande peccatrice e non mi sono mai pentita. Non vado in chiesa a mormorare, d\u00b4altra parte le chiese sono sempre vuote. Non prego. Ma credo che Dio sia qui con me. Ne avverto la presenza, annuso il suo odore, sento dentro di me la pace divina. Due cose sopra tutte mi convincono dell\u2019esistenza di Dio: che non sono padrona delle mie volont\u00e0 e che l\u2019Oceano Pacifico non possono averlo creato gli scienziati. Mi basta questo. Nego l\u2019aldil\u00e0 e la resurrezione. Se guardo tutto ci\u00f2 di meraviglioso che Dio ha creato su questo terra, come posso credere che mi regali anche il paradiso? Sar\u00e0 per questo motivo che non penso mai alla morte. A meno che non sia gi\u00e0 morta. Lei che ne dice?\u201d<\/em><em><\/em><\/p>\n<p><strong>Le parole sul terremoto le ho prese dalla trasmissione \u201cChiambretti Night\u201d di Italia 1 del 9 aprile 2009. La riflessione sulla fede la prendo da un\u2019intervista a \u201cLa Repubblica\u201d del 27 agosto 2006. <a href=\"http:\/\/www.aldamerini.com\/index.php\">Qui<\/a> poesie, foto, video e notizie. <\/strong><\/p>\n<p><strong>[Giugno 2010]<\/strong><\/p>\n","protected":false},"excerpt":{"rendered":"<p>\u201cLa natura sar\u00e0 arrabbiata con noi. Dio \u00e8 con noi anche nel dolore, ma noi non possiamo capirlo. Noi non abbiamo gli strumenti per capire la volont\u00e0 di Dio\u201d: cos\u00ec&#8230;<\/p>\n<div class=\"more-link-wrapper\"><a class=\"more-link\" href=\"http:\/\/www.luigiaccattoli.it\/blog\/cerco-fatti-di-vangelo\/20-preghiera-pubblica\/alda-merini-%e2%80%9cdio-ci-guarda-ma-noi-non-lo-capiamo%e2%80%9d\/\">Read More<span class=\"screen-reader-text\">Alda Merini: \u201cDio ci guarda ma noi non lo capiamo\u201d<\/span><\/a><\/div>\n","protected":false},"author":1,"featured_media":0,"parent":2141,"menu_order":0,"comment_status":"open","ping_status":"closed","template":"","meta":{"_monsterinsights_skip_tracking":false,"_monsterinsights_sitenote_active":false,"_monsterinsights_sitenote_note":"","_monsterinsights_sitenote_category":0,"footnotes":""},"class_list":["post-4793","page","type-page","status-publish","hentry","excerpt"],"_links":{"self":[{"href":"http:\/\/www.luigiaccattoli.it\/blog\/wp-json\/wp\/v2\/pages\/4793","targetHints":{"allow":["GET"]}}],"collection":[{"href":"http:\/\/www.luigiaccattoli.it\/blog\/wp-json\/wp\/v2\/pages"}],"about":[{"href":"http:\/\/www.luigiaccattoli.it\/blog\/wp-json\/wp\/v2\/types\/page"}],"author":[{"embeddable":true,"href":"http:\/\/www.luigiaccattoli.it\/blog\/wp-json\/wp\/v2\/users\/1"}],"replies":[{"embeddable":true,"href":"http:\/\/www.luigiaccattoli.it\/blog\/wp-json\/wp\/v2\/comments?post=4793"}],"version-history":[{"count":1,"href":"http:\/\/www.luigiaccattoli.it\/blog\/wp-json\/wp\/v2\/pages\/4793\/revisions"}],"predecessor-version":[{"id":4794,"href":"http:\/\/www.luigiaccattoli.it\/blog\/wp-json\/wp\/v2\/pages\/4793\/revisions\/4794"}],"up":[{"embeddable":true,"href":"http:\/\/www.luigiaccattoli.it\/blog\/wp-json\/wp\/v2\/pages\/2141"}],"wp:attachment":[{"href":"http:\/\/www.luigiaccattoli.it\/blog\/wp-json\/wp\/v2\/media?parent=4793"}],"curies":[{"name":"wp","href":"https:\/\/api.w.org\/{rel}","templated":true}]}}