{"id":4802,"date":"2010-07-24T08:16:15","date_gmt":"2010-07-24T08:16:15","guid":{"rendered":"http:\/\/www.luigiaccattoli.it\/blog\/?page_id=4802"},"modified":"2010-07-24T08:16:15","modified_gmt":"2010-07-24T08:16:15","slug":"barbara-e-andrea-pianesi-%e2%80%9cpieni-di-zelo-per-il-vangelo%e2%80%9d","status":"publish","type":"page","link":"http:\/\/www.luigiaccattoli.it\/blog\/cerco-fatti-di-vangelo\/10-coppie-in-missione-come-aquila-e-priscilla\/barbara-e-andrea-pianesi-%e2%80%9cpieni-di-zelo-per-il-vangelo%e2%80%9d\/","title":{"rendered":"Barbara e Andrea Pianesi \u201cpieni di zelo per il Vangelo\u201d"},"content":{"rendered":"<p>Qui abbiamo una coppia in missione in Camerun colta nel momento della morte di lui e abbiamo le parole di lei, pronunciate durante la messa di addio, nel duomo di Macerata, il 22 maggio del 2006:<\/p>\n<p><em>E\u2019 difficile per me parlare ma devo farlo per dire che chi ama Andrea deve essere contento per lui, perch\u00e8 quanto ci \u00e8 avvenuto non \u00e8 una sciagura per me e per i miei figli. Io vedo chiaramente che questa morte era necessaria per il Camerun, perch\u00e9 per loro noi \u201cbianchi\u201d siamo ricchi e pensano che per noi sia tutto facile. Era necessario che loro vedessero che, se noi siamo l\u00ec, \u00e8 solo per Ges\u00f9 Cristo, senza guadagnare niente e rischiando la nostra vita e quella dei nostri figli.<\/em><br \/>\n<em>Noi lo sapevamo quello che rischiavamo, ma anche sappiamo che la vita viene da Dio e che Andrea poteva morire anche a Macerata e non importa se si muore a 5 anni, a 35 come Andrea, o a 70 anni. L\u2019importante \u00e8 arrivare alla vita eterna. La vita \u2013 io dico ai bambini \u2013 \u00e8 un combattimento per la vita eterna. Andrea era fermo in questo e pieno di zelo per il Vangelo, come portarlo a chi non lo conosce. Io penso che ora che \u00e8 in Cielo egli ringrazia Dio per averlo scelto in dono totale. <\/em><br \/>\n<em>Certo per me \u00e8 un dolore grande perdere mio marito: ho 32 anni, con 6 bambini, umanamente \u00e8 una catastrofe, perch\u00e9 noi abbiamo lasciato tutto e non riceviamo uno stipendio n\u00e9 dal Vaticano n\u00e9 dalla Diocesi, viviamo solo della Provvidenza di Dio, senza nessuna certezza, ma in 5 anni di missione Dio ha sempre provveduto.<\/em><br \/>\n<em>Certo che anche i miei figli soffrono, perch\u00e9 noi non siamo n\u00e9 matti n\u00e9 esaltati, ma questa \u00e8 la storia che Dio fa con i miei figli, per il progetto che Lui ha su di loro, <\/em><em>progetto che io non sempre capisco. Ma so che loro, prima di essere figli miei e di Andrea, sono figli di Dio e Dio si prender\u00e0 cura di loro. Andrea nell&#8217;ultimo messaggio sul cellulare, che ha mandato a sua madre prima di entrare in coma, ha scritto: \u201cComunque vada Dio \u00e8 fedele\u201d. Questa \u00e8 l\u2019eredit\u00e0 che lascia a me e ai nostri bambini, che Dio \u00e8 fedele, che Dio non si sbaglia, che Dio \u00e8 un Padre buono.<\/em><\/p>\n<p>Barbara e Andrea Pianesi facevano parte del Cammino neocatecumenale ed erano partiti nel 2001 per Yaound\u00e8, Camerun, con quattro figli. Altri due erano nati in Africa. Il 26 aprile 2006 Andrea \u00e8 morto di malaria cerebrale all\u2019ospedale di Johannesburg, in Sudafrica.<br \/>\nNell\u2019omelia il vescovo Luigi Conti ha detto: \u201c<em>Caro Andrea, io ti ho mandato in missione e ora ti ritrovo in Cristo. Sulla tua bara abbiamo posto il Vangelo proprio come su quella di Giovanni Paolo II<\/em>\u201d.<\/p>\n<p><strong><a href=\"http:\/\/elinor1988italy.spaces.live.com\/Blog\/cns!6F827297540E2C!935.entry\">Qui<\/a> una cronaca del funerale dal <em>Corriere Adriatico<\/em>. La registrazione delle parole di Barbara mi \u00e8 stata fornita da don Luigi Taliani. Per una \u201ctestimonianza\u201d sull\u2019evento della messa di addio data da Paolo ed Elisabetta Moretti, vedi <em>Avvenire<\/em> del 26 maggio 2006 a pagina 29: <em>Andrea: 35 anni, 6 figli, morto in Africa per il Vangelo<\/em>.<\/strong><\/p>\n<p><strong>[Giugno 2010]<\/strong><\/p>\n","protected":false},"excerpt":{"rendered":"<p>Qui abbiamo una coppia in missione in Camerun colta nel momento della morte di lui e abbiamo le parole di lei, pronunciate durante la messa di addio, nel duomo di&#8230;<\/p>\n<div class=\"more-link-wrapper\"><a class=\"more-link\" href=\"http:\/\/www.luigiaccattoli.it\/blog\/cerco-fatti-di-vangelo\/10-coppie-in-missione-come-aquila-e-priscilla\/barbara-e-andrea-pianesi-%e2%80%9cpieni-di-zelo-per-il-vangelo%e2%80%9d\/\">Read More<span class=\"screen-reader-text\">Barbara e Andrea Pianesi \u201cpieni di zelo per il Vangelo\u201d<\/span><\/a><\/div>\n","protected":false},"author":1,"featured_media":0,"parent":2114,"menu_order":0,"comment_status":"open","ping_status":"closed","template":"","meta":{"_monsterinsights_skip_tracking":false,"_monsterinsights_sitenote_active":false,"_monsterinsights_sitenote_note":"","_monsterinsights_sitenote_category":0,"footnotes":""},"class_list":["post-4802","page","type-page","status-publish","hentry","excerpt"],"_links":{"self":[{"href":"http:\/\/www.luigiaccattoli.it\/blog\/wp-json\/wp\/v2\/pages\/4802","targetHints":{"allow":["GET"]}}],"collection":[{"href":"http:\/\/www.luigiaccattoli.it\/blog\/wp-json\/wp\/v2\/pages"}],"about":[{"href":"http:\/\/www.luigiaccattoli.it\/blog\/wp-json\/wp\/v2\/types\/page"}],"author":[{"embeddable":true,"href":"http:\/\/www.luigiaccattoli.it\/blog\/wp-json\/wp\/v2\/users\/1"}],"replies":[{"embeddable":true,"href":"http:\/\/www.luigiaccattoli.it\/blog\/wp-json\/wp\/v2\/comments?post=4802"}],"version-history":[{"count":2,"href":"http:\/\/www.luigiaccattoli.it\/blog\/wp-json\/wp\/v2\/pages\/4802\/revisions"}],"predecessor-version":[{"id":4805,"href":"http:\/\/www.luigiaccattoli.it\/blog\/wp-json\/wp\/v2\/pages\/4802\/revisions\/4805"}],"up":[{"embeddable":true,"href":"http:\/\/www.luigiaccattoli.it\/blog\/wp-json\/wp\/v2\/pages\/2114"}],"wp:attachment":[{"href":"http:\/\/www.luigiaccattoli.it\/blog\/wp-json\/wp\/v2\/media?parent=4802"}],"curies":[{"name":"wp","href":"https:\/\/api.w.org\/{rel}","templated":true}]}}