{"id":4830,"date":"2010-07-27T16:37:27","date_gmt":"2010-07-27T16:37:27","guid":{"rendered":"http:\/\/www.luigiaccattoli.it\/blog\/?page_id=4830"},"modified":"2015-02-03T08:21:52","modified_gmt":"2015-02-03T07:21:52","slug":"maria-pia-giudici-%e2%80%9cnon-so-il-nome-di-quest%e2%80%99erba-e-mi-dispiace%e2%80%9d","status":"publish","type":"page","link":"http:\/\/www.luigiaccattoli.it\/blog\/cerco-fatti-di-vangelo\/17-eremiti-e-pellegrini-del-terzo-millennio\/maria-pia-giudici-%e2%80%9cnon-so-il-nome-di-quest%e2%80%99erba-e-mi-dispiace%e2%80%9d\/","title":{"rendered":"Maria Pia Giudici: \u201cNon so il nome di quest\u2019erba e mi dispiace\u201d"},"content":{"rendered":"<p>Conobbi suor Maria Pia Giudici, eremita del Monte Taleo e maestra di vita spirituale, nel marzo del 2001 e a quella data risalgono questi appunti di una mia visita domenicale.<\/p>\n<p><em>Suor Maria Pia ha un bello sguardo deciso. Accoglie con familiarit\u00e0 \u2013 per qualche ora \u2013 me, mia moglie e le due figlie pi\u00f9 giovani. Io ho letto un suo libro, lei uno mio ed \u00e8 come ci conoscessimo da una vita. Fa freddo oggi sul monte Taleo e lei subito fa accendere il fuoco: \u201cIl fuoco \u00e8 importante quando si deve parlare. Fratello fuoco ci fa compagnia con il caldo ma anche con la sua musica\u201d. <\/em><br \/>\n<em>Il libro che ho letto \u2013 \u201cStagioni dello spirito in una vita semplice\u201d \u2013 descriveva gli animali, le piante, i sentieri e quasi ogni pietra e ogni scritta di questo eremo dell\u2019accoglienza e noi ora ci divertiamo a trovare le cose lette. Ecco la cagnetta Senape, pi\u00f9 grassa di come l\u2019avevamo immaginata e il gatto Omen, che ci risulta invece pi\u00f9 selvatico e le papere Clo-cl\u00f2 e Zi-z\u00ec che ti beccano pi\u00f9 di qualsiasi papera da noi conosciuta.<\/em><br \/>\n<em>Le ragazze non credevano che avremmo trovato davvero Senape e Omen e sono felici della rispondenza della realt\u00e0 con il libro. Ma anche la faccia e l\u2019anima di Maria Pia risponde perfettamente a quello che abbiamo letto. <\/em><br \/>\n<em>La sua passione per la vita semplice: \u201cNon conosco il nome di quest\u2019erba e mi dispiace. A sapere il nome ti pare di capirle meglio le creature e non basta una vita a conoscerle e a goderle. Chiss\u00e0 che cosa troveremo in cielo se il Signore \u00e8 stato capace di fare cos\u00ec bella la terra!\u201d<\/em><br \/>\n<em>Qui tutto ha nomi biblici. C\u2019\u00e8 il monte Calvario e la spianata della Resurrezione e il vecchio acero Samuel e le colombe Hesed e Rahamin. Maria Pia ci accompagna a una delle casette che si chiamano \u201cEmmaus\u201d, per presentarci Francesca e Massimiliano, una giovane coppia con un bimbo che si chiama Giovanni: \u201cHanno scelto per ora di vivere quass\u00f9 un\u2019atmosfera contemplativa, al ritmo del lavoro e della preghiera, in una vita alternativa a quella del correre e consumare. Un piccolo segno di tempi nuovi, per il vino nuovo del Vangelo\u201d. Giovanni \u00e8 inquieto sul suo seggiolone e Francesca dice al marito: \u201cVai tu all\u2019<\/em>Ora media<em>, ch\u00e8 io finisco di farlo mangiare e poi arrivo\u201d.<\/em><br \/>\n<em>Maria Pia ha iniziato questa esperienza venendo qui, da Roma, con gruppi di giovani per dei fine settimana di lettura della Bibbia. Quasi naturalmente quelle uscite si sono stabilizzate e continuano a venire i giovani, le giovani coppie, amici di maggiore et\u00e0 e gruppi occasionali. Anche cinesi e sudamericani, di passaggio per Roma. Calamitati qui da amici comuni.<\/em><br \/>\n<em>Al termine dell\u2019<\/em>Ora media<em>, Maria Pia tiene una breve riflessione. Nessuno perde una parola. Lei tiene gli occhi chiusi, ma con l\u2019anima non perde di vista nessuno. E\u2019 un\u2019esperienza \u2013 piccola ma forte \u2013 di una donna che ha la parola nella Chiesa. Ci parla della Pasqua che arriva, con il tono lieto di chi annuncia la venuta di un amico. La Chiesa \u2013 penso \u2013 sar\u00e0 pi\u00f9 bella quando le sue figlie profeteranno. <\/em><br \/>\n<em>Il meglio \u00e8 venuto a tavola. Povert\u00e0 vera. Piatti e bicchieri di plastica sul tavolo di legno. Ma cibi buoni e ottima conversazione. Ero alla sinistra di Maria Pia, che aveva alla destra e davanti a s\u00e9 due giovani donne venute casualmente: il primo contatto era avvenuto per un errore nel comporre un numero di telefono.<\/em><br \/>\n<em>La pi\u00f9 giovane fa le domande di chi viene da lontano e resta sorpreso di tutto: \u201cHo visto che qui ci sono tanti formalismi\u201d. Maria Pia \u2013 che ha abbandonato tutto e da del tu a ognuno che glielo permette \u2013 non si secca neanche un poco e spiega con una pazienza che io non avrei la differenza tra forma e formalismo e dice che l\u00ec si vuol tenere conto della Bibbia e dei Sacramenti e dei Padri che ce l\u2019hanno consegnata, ma non si tiene ad altro. <\/em><br \/>\n<em>Conclude stupendamente la mia amica: \u201cLa preghiera certo la facciamo secondo la grande tradizione della Chiesa, ma tutto il resto qui \u00e8 semplice e semplificato al massimo, proprio perch\u00e9 l\u2019intenzione \u00e8 di incontrare le persone, anzi ogni persona, fuori da ogni formalit\u00e0. Per poterle incontrare e per\u00a0 ascoltarle davvero\u201d.<\/em><\/p>\n<p><strong>Maria Pia Giudici, suora salesiana, \u00e8 nata a Viggi\u00f9, Varese nel 1922. E\u2019 zia del vescovo di Pavia Giovanni Giudici. Ha insegnato lettere e si \u00e8 interessata di educazione e media. Dal 1977 si \u00e8 stabilita a Subiaco (Rm) per abitare con un pugno di consorelle l\u2019eremo di san Biagio, sul monte Taleo, posto sopra il santuario benedettino del Sacro Speco. Tra le sue pubblicazioni: <em>Gli angeli. Note esegetiche e spirituali<\/em> (Citt\u00e0 nuova 1995); <em>Piccole storie dal Monte Taleo<\/em> (Appunti di Viaggio 1997), <em>Ritorniamo al cuore. Lectio divina di pagine bibliche e pensieri dei Padri<\/em> (Ivi 1999), <em>Il viaggio irrinunciabile. Lectio divina sul passaggio dalla dispersione all\u2019essenzialit\u00e0 <\/em>(Paoline 2007); <em>Elogio della vita<\/em> (Paoline 2009). Lei stessa cos\u00ec presenta l\u2019ultimo di questi volumetti, dedicato alla libert\u00e0 che si acquistare con gli anni: \u00ab<em>Si tratta della libert\u00e0 dalla tirannia del troppo fare, della possibilit\u00e0 di \u2018sorseggiare\u2019 il tempo e di scorgere anche le cose e gli eventi apparentemente piccoli come realt\u00e0 di valore, se illuminate dalla parola di Dio, ascoltata e accolta nella quiete contemplativa nel cuore<\/em>\u00bb. <\/strong><\/p>\n<p><strong>[Giugno 2010]<\/strong><\/p>\n","protected":false},"excerpt":{"rendered":"<p>Conobbi suor Maria Pia Giudici, eremita del Monte Taleo e maestra di vita spirituale, nel marzo del 2001 e a quella data risalgono questi appunti di una mia visita domenicale.&#8230;<\/p>\n<div class=\"more-link-wrapper\"><a class=\"more-link\" href=\"http:\/\/www.luigiaccattoli.it\/blog\/cerco-fatti-di-vangelo\/17-eremiti-e-pellegrini-del-terzo-millennio\/maria-pia-giudici-%e2%80%9cnon-so-il-nome-di-quest%e2%80%99erba-e-mi-dispiace%e2%80%9d\/\">Read More<span class=\"screen-reader-text\">Maria Pia Giudici: \u201cNon so il nome di quest\u2019erba e mi dispiace\u201d<\/span><\/a><\/div>\n","protected":false},"author":1,"featured_media":0,"parent":2135,"menu_order":0,"comment_status":"open","ping_status":"closed","template":"","meta":{"_monsterinsights_skip_tracking":false,"_monsterinsights_sitenote_active":false,"_monsterinsights_sitenote_note":"","_monsterinsights_sitenote_category":0,"footnotes":""},"class_list":["post-4830","page","type-page","status-publish","hentry","excerpt"],"_links":{"self":[{"href":"http:\/\/www.luigiaccattoli.it\/blog\/wp-json\/wp\/v2\/pages\/4830","targetHints":{"allow":["GET"]}}],"collection":[{"href":"http:\/\/www.luigiaccattoli.it\/blog\/wp-json\/wp\/v2\/pages"}],"about":[{"href":"http:\/\/www.luigiaccattoli.it\/blog\/wp-json\/wp\/v2\/types\/page"}],"author":[{"embeddable":true,"href":"http:\/\/www.luigiaccattoli.it\/blog\/wp-json\/wp\/v2\/users\/1"}],"replies":[{"embeddable":true,"href":"http:\/\/www.luigiaccattoli.it\/blog\/wp-json\/wp\/v2\/comments?post=4830"}],"version-history":[{"count":2,"href":"http:\/\/www.luigiaccattoli.it\/blog\/wp-json\/wp\/v2\/pages\/4830\/revisions"}],"predecessor-version":[{"id":15715,"href":"http:\/\/www.luigiaccattoli.it\/blog\/wp-json\/wp\/v2\/pages\/4830\/revisions\/15715"}],"up":[{"embeddable":true,"href":"http:\/\/www.luigiaccattoli.it\/blog\/wp-json\/wp\/v2\/pages\/2135"}],"wp:attachment":[{"href":"http:\/\/www.luigiaccattoli.it\/blog\/wp-json\/wp\/v2\/media?parent=4830"}],"curies":[{"name":"wp","href":"https:\/\/api.w.org\/{rel}","templated":true}]}}