{"id":4855,"date":"2010-07-27T17:04:25","date_gmt":"2010-07-27T17:04:25","guid":{"rendered":"http:\/\/www.luigiaccattoli.it\/blog\/?page_id=4855"},"modified":"2010-07-27T17:04:25","modified_gmt":"2010-07-27T17:04:25","slug":"veronica-avati-%e2%80%9cgli-africani-spesso-sono-piu-felici-di-noi%e2%80%9d","status":"publish","type":"page","link":"http:\/\/www.luigiaccattoli.it\/blog\/cerco-fatti-di-vangelo\/19-samaritani-centurioni-cananee\/veronica-avati-%e2%80%9cgli-africani-spesso-sono-piu-felici-di-noi%e2%80%9d\/","title":{"rendered":"Veronica Avati: \u201cGli africani spesso sono pi\u00f9 felici di noi\u201d"},"content":{"rendered":"<p>Trovo sul <em>Corriere della Sera<\/em> del 26 ottobre 2009 a pagina 20 un\u2019inserzione Unicef con una donna dalla faccia sveglia e la scritta <em>Il pensiero di liberare i bambini non la lascia libera un minuto<\/em>. Leggo: \u201c<em>Veronica ama aiutare i bambini degli altri come fossero i suoi. Per questo \u00e8 in Kenya dove ancora oggi molti bambini sono vittime di organizzazioni criminali, come quelle legate al turismo sessuale<\/em>\u201d.<br \/>\nVengono indicati una pagina del sito dell\u2019Unicef e una di Facebook dove conoscerla meglio. Le visito, la vedo fotografata con missionari e funzionari, con i bambini di una scuola di Cotonou, Benin (dove \u00e8 stata tra il 2004 e il 2008), tra profughi e sfollati. Ascolto e leggo sue interviste. Ecco un brano di una di esse: \u201c<em>Penso che [in un lavoro come questo] ci voglia umilt\u00e0 e disponibilit\u00e0 mentale ma anche di cuore per capire come sono gli altri. Bisogna comprendere prima di reagire in un certo modo (\u2026) In questa attivit\u00e0 ho imparato tantissimo. Noi spesso pensiamo di essere l\u00ec perch\u00e9 siamo i pi\u00f9 bravi, andiamo l\u00ec con l\u2019idea di imporre i nostri schemi. Non \u00e8 cos\u00ec, spesso sono pi\u00f9 felici di noi. Sto imparando le cose piano piano, sto scoprendo l\u2019Africa<\/em>\u201d. Ecco un caso in cui la pubblicit\u00e0, Internet e Facebook si riscattano e ci allietano.<\/p>\n<p><strong><a href=\"http:\/\/www.youtube.com\/watch?v=AJgjH5606Lc\">Qui<\/a> una sua intervista in video e voce.<\/strong><\/p>\n<p><strong>[Giugno 2010]<\/strong><\/p>\n","protected":false},"excerpt":{"rendered":"<p>Trovo sul Corriere della Sera del 26 ottobre 2009 a pagina 20 un\u2019inserzione Unicef con una donna dalla faccia sveglia e la scritta Il pensiero di liberare i bambini non&#8230;<\/p>\n<div class=\"more-link-wrapper\"><a class=\"more-link\" href=\"http:\/\/www.luigiaccattoli.it\/blog\/cerco-fatti-di-vangelo\/19-samaritani-centurioni-cananee\/veronica-avati-%e2%80%9cgli-africani-spesso-sono-piu-felici-di-noi%e2%80%9d\/\">Read More<span class=\"screen-reader-text\">Veronica Avati: \u201cGli africani spesso sono pi\u00f9 felici di noi\u201d<\/span><\/a><\/div>\n","protected":false},"author":1,"featured_media":0,"parent":2140,"menu_order":0,"comment_status":"open","ping_status":"closed","template":"","meta":{"_monsterinsights_skip_tracking":false,"_monsterinsights_sitenote_active":false,"_monsterinsights_sitenote_note":"","_monsterinsights_sitenote_category":0,"footnotes":""},"class_list":["post-4855","page","type-page","status-publish","hentry","excerpt"],"_links":{"self":[{"href":"http:\/\/www.luigiaccattoli.it\/blog\/wp-json\/wp\/v2\/pages\/4855","targetHints":{"allow":["GET"]}}],"collection":[{"href":"http:\/\/www.luigiaccattoli.it\/blog\/wp-json\/wp\/v2\/pages"}],"about":[{"href":"http:\/\/www.luigiaccattoli.it\/blog\/wp-json\/wp\/v2\/types\/page"}],"author":[{"embeddable":true,"href":"http:\/\/www.luigiaccattoli.it\/blog\/wp-json\/wp\/v2\/users\/1"}],"replies":[{"embeddable":true,"href":"http:\/\/www.luigiaccattoli.it\/blog\/wp-json\/wp\/v2\/comments?post=4855"}],"version-history":[{"count":2,"href":"http:\/\/www.luigiaccattoli.it\/blog\/wp-json\/wp\/v2\/pages\/4855\/revisions"}],"predecessor-version":[{"id":4858,"href":"http:\/\/www.luigiaccattoli.it\/blog\/wp-json\/wp\/v2\/pages\/4855\/revisions\/4858"}],"up":[{"embeddable":true,"href":"http:\/\/www.luigiaccattoli.it\/blog\/wp-json\/wp\/v2\/pages\/2140"}],"wp:attachment":[{"href":"http:\/\/www.luigiaccattoli.it\/blog\/wp-json\/wp\/v2\/media?parent=4855"}],"curies":[{"name":"wp","href":"https:\/\/api.w.org\/{rel}","templated":true}]}}