{"id":4884,"date":"2010-07-27T17:27:59","date_gmt":"2010-07-27T17:27:59","guid":{"rendered":"http:\/\/www.luigiaccattoli.it\/blog\/?page_id=4884"},"modified":"2010-07-27T17:33:47","modified_gmt":"2010-07-27T17:33:47","slug":"paola-e-maurizio-alesso-%e2%80%9cfelici-in-brasile-con-tredici-figli%e2%80%9d","status":"publish","type":"page","link":"http:\/\/www.luigiaccattoli.it\/blog\/cerco-fatti-di-vangelo\/10-coppie-in-missione-come-aquila-e-priscilla\/paola-e-maurizio-alesso-%e2%80%9cfelici-in-brasile-con-tredici-figli%e2%80%9d\/","title":{"rendered":"Paola e Maurizio Alesso \u201cfelici in Brasile con tredici figli\u201d"},"content":{"rendered":"<p>Ecco una coppia in missione che ha sei figli maschi e ne adotta sul campo altri sei, tutti maschi, ma infine arriva \u2013 a dare soccorso alla mamma \u2013 una femminuccia, Maria Chiara Luce. Qui si parla di miracoli, cio\u00e8 di meraviglie: leggi e stupisci.<\/p>\n<p><em>Dopo sposati Paola e io abbiamo scoperto che sarebbe stato impossibile avere figli. Paola rimaneva gravida, ma per una malattia autoimmune (antifosfolipido) al terzo mese di gravidanza avveniva un aborto spontaneo. Il terzo aborto avvenne qui in Brasile, dove stavamo trascorrendo un anno di volontariato in aiuto ai bambini di strada. Stavamo dedicando parte della nostra vita ad un ideale e Dio non poteva fare nulla? Avremmo capito in seguito che Dio stava lavorando nei nostri cuori per prepararci a una maternit\u00e0\u00a0e paternit\u00e0\u00a0pi\u00f9\u00a0grandi. A un certo punto Paola e io abbiamo guardato ai bambini di strada che vivevano con noi e abbiamo pensato che se noi dopo un anno fossimo tornati in Italia, quei bambini avrebbero rivissuto la sofferenza dell\u2019abbandono. Quindi abbiamo deciso di rimanere qui per sempre. Abbiamo detto il nostro \u201cs\u00ec\u201d e Dio ha cos\u00ec potuto fare grandi cose. <\/em><br \/>\n<em>A questo punto \u00e8\u00a0successo il primo di una lunga serie di miracoli. Paoletta \u00e8\u00a0 rimasta gravida (contro il parere di tutti i medici) ed \u00e8\u00a0nato Francesco Maria, dopodich\u00e9\u00a0sono venuti alla luce Stefano Maria, Tommaso Maria, Filippo Maria, Lorenzo Maria e Giovanni Paolo Maria! Ma non \u00e8 finita qui. Due anni fa sono entrati nella nostra casa (Paola e io viviamo da tredici anni nella Comunit\u00e0 Cenacolo del Brasile, che accoglie attualmente 70 bambini di strada) sei fratellini tra i 2 e i 10 anni destinati a essere adottati da sei diverse famiglie, con scarsissime probabilit\u00e0 di potersi un giorno ritrovare. Noi glielo abbiamo anticipato e loro, che sono unitissimi, sono scoppiati in pianto: \u201cNon abbandonateci anche voi\u201d. Paola e io ne siamo rimasti scossi e separatamente abbiamo chiesto a Dio un segnale: \u201cSe ci consideri la famiglia adatta a questo, dev\u2019essere Suor Elvira a dircelo\u201d. <\/em><br \/>\n<em>All\u2019 inizio del 2008 abbiamo mandato una mail in comunit\u00e0 in Italia chiedendo se per caso conoscevano una famiglia disposta ad adottare i sei fratellini. Il giorno seguente arriva la risposta di Suor Elvira: \u201cNon abbiamo trovato nessuna famiglia e ho pensato di chiederlo a voi\u201d. Ho stampato la mail e sono corso da Paoletta per farle vedere la risposta della nostra Madre. Paoletta si \u00e8 messa a piangere e mi ha detto che era esattamente ci\u00f2 che aveva chiesto a Dio: sia l\u2019 adozione che la conferma di Madre Elvira!<\/em><br \/>\n<em>Ci siamo abbracciati e subito dopo ci siamo organizzati per affrontare la parte pi\u00f9 difficile: quella legale. Infatti la prima domanda che la psicologa del Tribunale dei minori ci ha fatto \u00e8 stata: \u201cQuanto guadagnate al mese?\u201d \u201cNulla\u201d ho risposto un po\u2019 imbarazzato: \u201cSiamo missionari, lavoriamo per un Ideale, non per lo stipendio\u201d. Ma che cosa possedete? \u201cAbbiamo la Fede e il desiderio di dare una famiglia a questi bambini\u201d. Ci ha detto di aspettare che sarebbe andata a parlarne con il Giudice. Le porte si aprivano una dopo l\u2019altra e oggi i sei sono nostri figli.<\/em><br \/>\n<em>Un miracolo \u00e8 che insieme ai bimbi Ges\u00f9 ci ha donato pi\u00f9 pazienza, pi\u00f9 coraggio, pi\u00f9 voglia di ricominciare e la consapevolezza che dobbiamo imparare dai nostri figli a essere genitori. L\u2019amore diviso per dodici anzich\u00e9 diminuire \u00e9 raddoppiato. Non mancano i momenti nei quali ci chiediamo: \u201cMa siamo matti, che cosa abbiamo fatto?\u201d Comunque vi assicuro che ne \u00e8 valsa la pena, siamo pi\u00f9 felici e sentiamo ogni giorno la forza di Dio che ci sostiene. Insomma siamo dei poveracci, ma dei poveracci felici! Non mancano le grandi gioie come quando torno a casa la sera e mi saltano addosso dodici simpaticissime pesti. Il momento in cui facciamo a loro il bagno, tra mutande e calzini che svolazzano da tutte le parti, andrebbe filmato. Che tenerezza quando il pi\u00f9 grandicello aiuta il pi\u00f9 piccolo a fare i compiti. La domenica mattina quando pian pianino entrano nella nostra camera e saltano tutti sul lettone. Se i problemi vanno moltiplicati per dodici, anche le gioie sono da moltiplicare.<\/em><br \/>\n<em>Abbiamo poi avuto un miracolo da Dio per intercessione di Giovanni Paolo. Lo scorso anno siamo stati tutti in Italia e cos\u00ec abbiamo partecipato alla festa della Vita della Comunit\u00e1 Cenacolo e siamo andati a Roma sulla sua tomba per ringraziarlo. Oltre avergli chiesto sovente protezione, lo consideriamo il \u201cnostro\u201d Papa perch\u00e9 ci ha accompagnato dall\u00b4inizio: \u00e9 durante il suo Papato che mi sono convertito, ho cambiato vita dopo la droga e il carcere, sono entrato nella Comunit\u00e0 Cenacolo, ho conosciuto la Sposa con la quale condivido questa incredibile \u201cavventura\u201d. <\/em><br \/>\n<em>Quando siamo risaliti sul pullman per far ritorno a casa abbiamo chiesto ai nostri figlioli che cosa avessero domandato in dono a Giovanni Paolo: dato che sono dodici maschi, tutti avevano chiesto il dono di una sorellina! Premetto che in questi anni avevamo fatto delle visite sia in Italia che in Brasile in seguito ai quattro aborti spontanei e abbiamo scoperto che probabilmente i bambini andati in cielo erano tutte femmine, in quanto il problema immunitario di Paola faceva s\u00ec che soltanto le bambine non riuscivano a svilupparsi. Ma per Dio nulla \u00e9\u00a0impossibile!<\/em><br \/>\n<em>Dio ascolta sempre la Preghiera dei bambini e cos\u00ec, il 2 aprile di quest\u2019 anno (giorno in cui Giovanni Paolo II \u00e8 andato in cielo) \u00e8 nata Maria Chiara Luce: la nostra prima bambina, accompagnata per tutta la gravidanza dall\u00b4immagine di Giovanni Paolo attaccata al pancione di Paola e dalle preghiere semplici, ma preziose dei suoi fratellini. <\/em><br \/>\n<em>Maurizio Paola i 12 apostoli e Maria Chiara Luce<\/em><\/p>\n<p><strong>Il racconto di Maurizio e Paola \u00e8 stato scritto nel 2009. Io l\u2019ho abbreviato con la loro autorizzazione. Mi era stato fornito dalla <a href=\"http:\/\/www.bussola.it\/montecroce\/\">Fraternit\u00e0 Monastica di Montecroce<\/a> (San Valeriano di Cumiana, Torino). <a href=\"http:\/\/www.comunitacenacolo.it\/\">Qui<\/a> \u00e8 il sito della Comunit\u00e0 Cenacolo, sorta nel 1983 e la cui casa madre si trova a Saluzzo. <\/strong><\/p>\n<p><strong>[Giugno 2010]<\/strong><\/p>\n","protected":false},"excerpt":{"rendered":"<p>Ecco una coppia in missione che ha sei figli maschi e ne adotta sul campo altri sei, tutti maschi, ma infine arriva \u2013 a dare soccorso alla mamma \u2013 una&#8230;<\/p>\n<div class=\"more-link-wrapper\"><a class=\"more-link\" href=\"http:\/\/www.luigiaccattoli.it\/blog\/cerco-fatti-di-vangelo\/10-coppie-in-missione-come-aquila-e-priscilla\/paola-e-maurizio-alesso-%e2%80%9cfelici-in-brasile-con-tredici-figli%e2%80%9d\/\">Read More<span class=\"screen-reader-text\">Paola e Maurizio Alesso \u201cfelici in Brasile con tredici figli\u201d<\/span><\/a><\/div>\n","protected":false},"author":1,"featured_media":0,"parent":2114,"menu_order":0,"comment_status":"open","ping_status":"closed","template":"","meta":{"_monsterinsights_skip_tracking":false,"_monsterinsights_sitenote_active":false,"_monsterinsights_sitenote_note":"","_monsterinsights_sitenote_category":0,"footnotes":""},"class_list":["post-4884","page","type-page","status-publish","hentry","excerpt"],"_links":{"self":[{"href":"http:\/\/www.luigiaccattoli.it\/blog\/wp-json\/wp\/v2\/pages\/4884","targetHints":{"allow":["GET"]}}],"collection":[{"href":"http:\/\/www.luigiaccattoli.it\/blog\/wp-json\/wp\/v2\/pages"}],"about":[{"href":"http:\/\/www.luigiaccattoli.it\/blog\/wp-json\/wp\/v2\/types\/page"}],"author":[{"embeddable":true,"href":"http:\/\/www.luigiaccattoli.it\/blog\/wp-json\/wp\/v2\/users\/1"}],"replies":[{"embeddable":true,"href":"http:\/\/www.luigiaccattoli.it\/blog\/wp-json\/wp\/v2\/comments?post=4884"}],"version-history":[{"count":3,"href":"http:\/\/www.luigiaccattoli.it\/blog\/wp-json\/wp\/v2\/pages\/4884\/revisions"}],"predecessor-version":[{"id":4887,"href":"http:\/\/www.luigiaccattoli.it\/blog\/wp-json\/wp\/v2\/pages\/4884\/revisions\/4887"}],"up":[{"embeddable":true,"href":"http:\/\/www.luigiaccattoli.it\/blog\/wp-json\/wp\/v2\/pages\/2114"}],"wp:attachment":[{"href":"http:\/\/www.luigiaccattoli.it\/blog\/wp-json\/wp\/v2\/media?parent=4884"}],"curies":[{"name":"wp","href":"https:\/\/api.w.org\/{rel}","templated":true}]}}