{"id":4924,"date":"2010-07-28T15:36:44","date_gmt":"2010-07-28T15:36:44","guid":{"rendered":"http:\/\/www.luigiaccattoli.it\/blog\/?page_id=4924"},"modified":"2010-07-28T15:36:44","modified_gmt":"2010-07-28T15:36:44","slug":"tonino-guerra-%e2%80%9cse-neanche-cristo-dissuade-i-malvagi%e2%80%9d","status":"publish","type":"page","link":"http:\/\/www.luigiaccattoli.it\/blog\/cerco-fatti-di-vangelo\/19-samaritani-centurioni-cananee\/tonino-guerra-%e2%80%9cse-neanche-cristo-dissuade-i-malvagi%e2%80%9d\/","title":{"rendered":"Tonino Guerra: \u201cSe neanche Cristo dissuade i malvagi\u201d"},"content":{"rendered":"<p>\u00ab<em>Provo sconforto nel vedere che la parola di Cristo non dissuade pi\u00f9 l\u2019uomo dai suoi pensieri malvagi. Viviamo in un mondo pieno di cattiveria che non ha memoria, n\u00e9 rispetto per la storia. La gente non legge pi\u00f9 e si nutre di illusioni, fino a star male. Mi viene da ridere quando sento gli scienziati che ci promettono che potremo vivere fino a 120 anni. Ma a che serve, se a 80 anni metti tuo padre o tuo nonno in un ospizio? Sono triste quando vedo che i giovani si allontanano dagli anziani e che questi bambini di oggi crescono senza i nonni. Invecchiando faccio fatica a essere ottimista come un tempo, ma quando ripenso al passato rivedo tanti buoni frutti. Certo ho subito la prigionia, un\u2019operazione al cervello in Russia e un mese fa mi hanno trovato una macchia al polmone che adesso vedremo come andr\u00e0 a finire. Ma \u00e8 con il cuore che voglio dire a tutti una cosa: la vita \u00e8 meravigliosa. E gli incidenti di percorso sono come la neve, arriva, copre tutto, ma poi basta un raggio di sole o un po\u2019 di pioggia per ripulire la terra e si pu\u00f2 tornare a camminare felici<\/em>\u00bb: cos\u00ec parla all\u2019<em>Avvenire<\/em> del 12 marzo 2010 il poeta Tonino Guerra, di Sant\u2019Arcangelo di Romagna, che festeggia i novant\u2019anni.<br \/>\nNella stessa intervista: \u00ab<em>Mia madre era una terziaria. Era analfabeta, per\u00f2 conosceva a memoria tutta la messa in latino e io mi ricordo che un giorno le chiesi ingenuamente: \u201cMa chi \u00e8 che vi capisce se parlate quella lingua l\u00ec?\u201d. Lei serena, indicandomi il cielo mi disse: \u201cLa capisce Lui, Tonino\u201d. Ho conosciuto e ho amato molti preti. Spesso mi capita di pensare al cardinale Ersilio Tonini e alla sua vecchiaia che si scioglie in parole d\u2019amore. Mi piace autodefinirmi \u201cun comunista zen che si porta dentro San Francesco\u201d ma che prova quasi invidia per le persone che hanno una fede. Tempo fa una domenica ero qui in campagna che passeggiavo, quando a un certo punto vedo una vecchina che andava a passo svelto e gli faccio: \u201cMa dove vai cos\u00ec di corsa?\u201d E lei pronta mi fa: \u201cMa non l\u2019hai sentita la campanella della chiesa?\u201d Correva alla messa, andava di fretta per incontrare Qualcuno in cui crede<\/em>\u00bb.<\/p>\n<p><strong>Leggi <a href=\"http:\/\/www.avvenire.it\/Cultura\/intervista%20tonino%20guerra_201003121015509500000.htm\">qui<\/a> l\u2019intera intervista. Vedi anche nel <a href=\"http:\/\/archiviostorico.corriere.it\/2010\/maggio\/09\/siedo_per_toccare_erba_accarezzo_co_9_100509031.shtml\"><em>Corriere della Sera<\/em><\/a> del 9 maggio 2010 un testo di Tonino Guerra intitolato <em>Mi siedo per toccare l\u2019erba e accarezzo una margherita<\/em>, che contiene <em>Memorie, impressioni e poesie in forma di appunti del mese in cui lo scrittore ha compiuto novant\u2019anni<\/em>. <\/strong><\/p>\n<p><strong>[Giugno 2010]<\/strong><\/p>\n","protected":false},"excerpt":{"rendered":"<p>\u00abProvo sconforto nel vedere che la parola di Cristo non dissuade pi\u00f9 l\u2019uomo dai suoi pensieri malvagi. Viviamo in un mondo pieno di cattiveria che non ha memoria, n\u00e9 rispetto&#8230;<\/p>\n<div class=\"more-link-wrapper\"><a class=\"more-link\" href=\"http:\/\/www.luigiaccattoli.it\/blog\/cerco-fatti-di-vangelo\/19-samaritani-centurioni-cananee\/tonino-guerra-%e2%80%9cse-neanche-cristo-dissuade-i-malvagi%e2%80%9d\/\">Read More<span class=\"screen-reader-text\">Tonino Guerra: \u201cSe neanche Cristo dissuade i malvagi\u201d<\/span><\/a><\/div>\n","protected":false},"author":1,"featured_media":0,"parent":2140,"menu_order":0,"comment_status":"open","ping_status":"closed","template":"","meta":{"_monsterinsights_skip_tracking":false,"_monsterinsights_sitenote_active":false,"_monsterinsights_sitenote_note":"","_monsterinsights_sitenote_category":0,"footnotes":""},"class_list":["post-4924","page","type-page","status-publish","hentry","excerpt"],"_links":{"self":[{"href":"http:\/\/www.luigiaccattoli.it\/blog\/wp-json\/wp\/v2\/pages\/4924","targetHints":{"allow":["GET"]}}],"collection":[{"href":"http:\/\/www.luigiaccattoli.it\/blog\/wp-json\/wp\/v2\/pages"}],"about":[{"href":"http:\/\/www.luigiaccattoli.it\/blog\/wp-json\/wp\/v2\/types\/page"}],"author":[{"embeddable":true,"href":"http:\/\/www.luigiaccattoli.it\/blog\/wp-json\/wp\/v2\/users\/1"}],"replies":[{"embeddable":true,"href":"http:\/\/www.luigiaccattoli.it\/blog\/wp-json\/wp\/v2\/comments?post=4924"}],"version-history":[{"count":2,"href":"http:\/\/www.luigiaccattoli.it\/blog\/wp-json\/wp\/v2\/pages\/4924\/revisions"}],"predecessor-version":[{"id":4927,"href":"http:\/\/www.luigiaccattoli.it\/blog\/wp-json\/wp\/v2\/pages\/4924\/revisions\/4927"}],"up":[{"embeddable":true,"href":"http:\/\/www.luigiaccattoli.it\/blog\/wp-json\/wp\/v2\/pages\/2140"}],"wp:attachment":[{"href":"http:\/\/www.luigiaccattoli.it\/blog\/wp-json\/wp\/v2\/media?parent=4924"}],"curies":[{"name":"wp","href":"https:\/\/api.w.org\/{rel}","templated":true}]}}