{"id":7796,"date":"2011-11-15T16:07:47","date_gmt":"2011-11-15T15:07:47","guid":{"rendered":"http:\/\/www.luigiaccattoli.it\/blog\/?page_id=7796"},"modified":"2011-11-15T16:07:47","modified_gmt":"2011-11-15T15:07:47","slug":"quattro-passi-di-benedetto-verso-gli-ex-anglicani","status":"publish","type":"page","link":"http:\/\/www.luigiaccattoli.it\/blog\/articoli-di-liberal\/quattro-passi-di-benedetto-verso-gli-ex-anglicani\/","title":{"rendered":"Quattro passi di Benedetto verso gli ex anglicani"},"content":{"rendered":"<p><span style=\"font-family: Times New Roman,serif;\"><span style=\"font-size: medium;\">Articolo pubblicato da LIBERAL il 10 novembre 2009 con il titolo <\/span><\/span><\/p>\n<p><span style=\"font-family: Times New Roman,serif;\"><span style=\"font-size: medium;\"><strong>UNA RIVOLUZIONE IN QUATTRO MOSSE<\/strong><\/span><\/span><\/p>\n<p><span style=\"font-family: Times New Roman,serif;\"><span style=\"font-size: medium;\"><strong>La Costituzione Apostolica \u201cAnglicanorum Coetibus\u201d di Benedetto XVI<\/strong><\/span><\/span><\/p>\n<p>&nbsp;<\/p>\n<p><span style=\"font-family: Times New Roman,serif;\"><span style=\"font-size: medium;\">La costituzione apostolica con cui il Papa accoglie nella Chiesa cattolica \u201cgruppi di anglicani\u201d (<\/span><\/span><span style=\"font-family: Times New Roman,serif;\"><span style=\"font-size: medium;\"><em>Anglicanorum coetibus<\/em><\/span><\/span><span style=\"font-family: Times New Roman,serif;\"><span style=\"font-size: medium;\"> \u00e8 il titolo latino) \u00e8 un testo davvero importante, forse epocale, che compie quattro passi \u2013 due dei quali audaci \u2013 in vista dei rapporti ecumenici e del futuro assetto della comunione cattolica. I quattro passi toccano \u2013 in ordine di importanza decrescente \u2013 il celibato, la nomina degli \u201cordinari\u201d, la presenza di ordinari sposati nelle Conferenze episcopali e nei Concili, il pluralismo liturgico. Ritengo che qui vadano cercate le decisioni pi\u00f9 aperte al futuro tra quante ne abbia prese fino a oggi Benedetto XVI. <\/span><\/span><\/p>\n<p><span style=\"font-family: Times New Roman,serif;\"><span style=\"font-size: medium;\">La pi\u00f9 audace riguarda il celibato dei preti: si stabilisce che in deroga alla legge attuale \u2013 come \u00e8 definita nel canone 277: \u201cI chierici sono vincolati al celibato\u201d \u2013 gli \u201cordinariati personali\u201d anglicano-cattolici potranno chiedere al Papa \u201ccaso per caso\u201d di poter ordinare preti \u201canche uomini sposati\u201d. Non solo dunque \u00e8 previsto \u2013 come gi\u00e0 avvenuto pi\u00f9 volte lungo gli ultimi decenni \u2013 che vengano ammessi al sacerdozio della Chiesa Cattolica gli attuali preti anglicani sposati, ma che preti sposati vi siano anche in futuro \u201csecondo criteri oggettivi approvati dalla Santa Sede\u201d.<\/span><\/span><\/p>\n<p><span style=\"font-family: Times New Roman,serif;\"><span style=\"font-size: medium;\">Le \u201cNorme complementari\u201d pubblicate insieme alla Costituzione specificano che tali criteri avranno di mira \u201cle necessit\u00e0 dell\u2019ordinariato\u201d. Vale a dire che l\u2019autorizzazione verr\u00e0 data quando l\u2019ordinazione di un uomo sposato risulti necessaria per garantire la celebrazione dell\u2019Eucarestia a una comunit\u00e0 che non possa essere servita altrimenti. <\/span><\/span><\/p>\n<p><span style=\"font-family: Times New Roman,serif;\"><span style=\"font-size: medium;\">Il giovane Ratzinger nel saggio \u201cFede e futuro\u201d (Queriniana, Brescia 1971, p. 115) aveva previsto per l\u2019intera Chiesa Cattolica che un giorno si sarebbe arrivati \u2013 per necessit\u00e0 e restando vigente la norma del celibato \u2013 all\u2019ordinazione di \u201ccristiani maturi\u201d (<\/span><\/span><span style=\"font-family: Times New Roman,serif;\"><span style=\"font-size: medium;\"><em>viri probati<\/em><\/span><\/span><span style=\"font-family: Times New Roman,serif;\"><span style=\"font-size: medium;\">) gi\u00e0 sposati. Forse \u00e8 per questa via degli ordinariati venuti dall\u2019anglicanesimo che la Chiesa di Roma scioglier\u00e0 domani il nodo del celibato anche per il resto delle sue comunit\u00e0. <\/span><\/span><\/p>\n<p><span style=\"font-family: Times New Roman,serif;\"><span style=\"font-size: medium;\">E\u2019 una decisione audace perch\u00e8 nella Chiesa cattolica di rito latino \u2013 e questi ordinariati faranno parte del rito latino \u2013 non vi sono pi\u00f9 deroghe o tolleranze in tale materia dal Concilio di Trento. La seconda decisione audace riguarda la figura dell\u2019ordinario, che \u00e8 assimilato giuridicamente al vescovo diocesano e che sar\u00e0 nominato dal Papa \u201cin base a una terna presentata dal Consiglio di governo dell\u2019ordinariato\u201d. Sarebbe come se il vescovo di Milano venisse scelto dal Papa all\u2019interno di una terna fornita dal capitolo della cattedrale. <\/span><\/span><\/p>\n<p><span style=\"font-family: Times New Roman,serif;\"><span style=\"font-size: medium;\">Qui l\u2019audacia \u00e8 minore perch\u00e9 forme simili di nomina dei vescovi \u2013 seppure limitate a singole diocesi \u2013 sono state in vigore nella Chiesa latina fino al Vaticano II e sono cessate definitivamente solo con Giovanni Paolo II. Anche qui \u00e8 facile intuire la portata di futuro legata a un\u2019innovazione che reintroduce \u2013 per via ecumenica \u2013 quanto era arrivato \u201cin reliquia\u201d fino a noi per via di tradizione. <\/span><\/span><\/p>\n<p><span style=\"font-family: Times New Roman,serif;\"><span style=\"font-size: medium;\">La terza riguarda il fatto che \u201cordinario\u201d potr\u00e0 essere anche un sacerdote sposato e dunque avremo degli ordinari sposati che entreranno a far parte delle conferenze episcopali e dei Concili. La questione \u00e8 complessa, specialistica e ipotetica (nel senso che in via normale si cercher\u00e0 di nominare ordinari celibi), ma indubbiamente seria e simbolicamente rilevante.<\/span><\/span><\/p>\n<p><span style=\"font-family: Times New Roman,serif;\"><span style=\"font-size: medium;\">L\u2019ordinario \u2013 cio\u00e8 il responsabile di ognuno degli ordinariati anglicano-cattolici che ora si vanno a costituire \u2013 potr\u00e0 essere un vescovo o anche un prete. Nel caso del vescovo sar\u00e0 celibe, perch\u00e9 non potranno esservi vescovi sposati. Ma nel caso del prete potr\u00e0 anche essere sposato ed \u00e8 previsto espressamente che \u201cun vescovo gi\u00e0 anglicano e coniugato \u00e8 eleggibile per essere nominato ordinario\u201d. Non sar\u00e0 vescovo, sar\u00e0 riordinato come prete, ma conserver\u00e0 lo \u201cstato matrimoniale\u201d e sar\u00e0 equiparato a tutti gli effetti ai vescovi della Chiesa cattolica. Potr\u00e0 dunque partecipare alle convocazioni episcopali nazionali e universali. Per la prima volta in epoca moderna uomini sposati entreranno nella compagine gerarchica della Chiesa latina.<\/span><\/span><\/p>\n<p><span style=\"font-family: Times New Roman,serif;\"><span style=\"font-size: medium;\">Infine la novit\u00e0 in campo liturgico: questi ordinariati saranno integrati nella Chiesa Cattolica di rito latino ma continueranno a usare \u201ci libri liturgici propri della tradizione anglicana\u201d. Potranno cio\u00e8 celebrare la messa, i sacramenti, le \u201core\u201d e ogni altra azione liturgica \u201csecondo i libri liturgici propri della tradizione anglicana\u201d in modo da \u201cmantenere vive\u201d all\u2019interno della Chiesa cattolica le loro tradizioni. <\/span><\/span><\/p>\n<p><span style=\"font-family: Times New Roman,serif;\"><span style=\"font-size: medium;\">E\u2019 stata dunque fatta propria da Papa Benedetto la formula enunciata una volta da Papa Montini, che invitava a guardare per il futuro a una Chiesa Anglicana \u201cunita ma non assorbita\u201d. Non \u00e8 stato costituito un nuovo rito \u201canglicano-cattolico\u201d, ma agli ordinariati di provenienza anglicana \u00e8 stata accordata la facolt\u00e0 di mantenere i propri riti. Sono quattro novit\u00e0 \u2013 quelle che abbiamo esaminato \u2013 che vanno tutte nella direzione della variet\u00e0 e della pluriformit\u00e0 all\u2019interno della compagine cattolica.<\/span><\/span><\/p>\n<p><span style=\"font-family: Times New Roman,serif;\"><span style=\"font-size: medium;\"><strong>Luigi Accattoli<\/strong><\/span><\/span><\/p>\n<p><span style=\"font-family: Times New Roman,serif;\"><span style=\"font-size: medium;\">www.luigiaccattoli.it <\/span><\/span><\/p>\n","protected":false},"excerpt":{"rendered":"<p>Articolo pubblicato da LIBERAL il 10 novembre 2009 con il titolo UNA RIVOLUZIONE IN QUATTRO MOSSE La Costituzione Apostolica \u201cAnglicanorum Coetibus\u201d di Benedetto XVI &nbsp; La costituzione apostolica con cui&#8230;<\/p>\n<div class=\"more-link-wrapper\"><a class=\"more-link\" href=\"http:\/\/www.luigiaccattoli.it\/blog\/articoli-di-liberal\/quattro-passi-di-benedetto-verso-gli-ex-anglicani\/\">Read More<span class=\"screen-reader-text\">Quattro passi di Benedetto verso gli ex anglicani<\/span><\/a><\/div>\n","protected":false},"author":1,"featured_media":0,"parent":7659,"menu_order":0,"comment_status":"open","ping_status":"closed","template":"","meta":{"_monsterinsights_skip_tracking":false,"_monsterinsights_sitenote_active":false,"_monsterinsights_sitenote_note":"","_monsterinsights_sitenote_category":0,"footnotes":""},"class_list":["post-7796","page","type-page","status-publish","hentry","excerpt"],"_links":{"self":[{"href":"http:\/\/www.luigiaccattoli.it\/blog\/wp-json\/wp\/v2\/pages\/7796","targetHints":{"allow":["GET"]}}],"collection":[{"href":"http:\/\/www.luigiaccattoli.it\/blog\/wp-json\/wp\/v2\/pages"}],"about":[{"href":"http:\/\/www.luigiaccattoli.it\/blog\/wp-json\/wp\/v2\/types\/page"}],"author":[{"embeddable":true,"href":"http:\/\/www.luigiaccattoli.it\/blog\/wp-json\/wp\/v2\/users\/1"}],"replies":[{"embeddable":true,"href":"http:\/\/www.luigiaccattoli.it\/blog\/wp-json\/wp\/v2\/comments?post=7796"}],"version-history":[{"count":1,"href":"http:\/\/www.luigiaccattoli.it\/blog\/wp-json\/wp\/v2\/pages\/7796\/revisions"}],"predecessor-version":[{"id":7797,"href":"http:\/\/www.luigiaccattoli.it\/blog\/wp-json\/wp\/v2\/pages\/7796\/revisions\/7797"}],"up":[{"embeddable":true,"href":"http:\/\/www.luigiaccattoli.it\/blog\/wp-json\/wp\/v2\/pages\/7659"}],"wp:attachment":[{"href":"http:\/\/www.luigiaccattoli.it\/blog\/wp-json\/wp\/v2\/media?parent=7796"}],"curies":[{"name":"wp","href":"https:\/\/api.w.org\/{rel}","templated":true}]}}