{"id":8715,"date":"2012-03-29T14:57:47","date_gmt":"2012-03-29T12:57:47","guid":{"rendered":"http:\/\/www.luigiaccattoli.it\/blog\/?page_id=8715"},"modified":"2012-03-29T14:57:47","modified_gmt":"2012-03-29T12:57:47","slug":"quarta-di-copertina-2","status":"publish","type":"page","link":"http:\/\/www.luigiaccattoli.it\/blog\/antologia-delle-pubblicazioni-2\/quarta-di-copertina-2\/","title":{"rendered":"Quarta di copertina:"},"content":{"rendered":"<p><strong><br \/>\n<\/strong><\/p>\n<p>Un giornalista del <em>Corriere della Sera<\/em> racconta storie di vita \u2013 una per pagina \u2013 e attraverso di esse segnala l\u2019attualit\u00e0 della fede cristiana nel nostro Paese. Lo fa da quasi vent\u2019anni e ogni puntata \u00e8 una scoperta: le sue narrazioni abbozzano una via testimoniale che non nega le difficolt\u00e0 delle Chiese in questo tempo n\u00e9 il conflitto che le attraversa, ma riconcilia gli appartenenti alle diverse famiglie e aiuta a vincere lo scoraggiamento.<\/p>\n<p>Fatti di Vangelo: cio\u00e8 segni dell\u2019amore di Dio nel mondo di oggi. Il perdono, la fede pagata con la vita, ogni fattiva misericordia dell\u2019altro e ogni compassione, la riscoperta della preghiera e la sua presenza sulla scena pubblica, l\u2019accettazione della sofferenza, della vecchiaia e della morte nella speranza della risurrezione. Questo libro mostra che tali fatti sono frequenti e attesta in maniera efficace che anche oggi la nostra fede incrocia la storia.<\/p>\n<p>&nbsp;<\/p>\n","protected":false},"excerpt":{"rendered":"<p>Un giornalista del Corriere della Sera racconta storie di vita \u2013 una per pagina \u2013 e attraverso di esse segnala l\u2019attualit\u00e0 della fede cristiana nel nostro Paese. Lo fa da&#8230;<\/p>\n<div class=\"more-link-wrapper\"><a class=\"more-link\" href=\"http:\/\/www.luigiaccattoli.it\/blog\/antologia-delle-pubblicazioni-2\/quarta-di-copertina-2\/\">Read More<span class=\"screen-reader-text\">Quarta di copertina:<\/span><\/a><\/div>\n","protected":false},"author":1,"featured_media":0,"parent":56,"menu_order":0,"comment_status":"open","ping_status":"closed","template":"","meta":{"_monsterinsights_skip_tracking":false,"_monsterinsights_sitenote_active":false,"_monsterinsights_sitenote_note":"","_monsterinsights_sitenote_category":0,"footnotes":""},"class_list":["post-8715","page","type-page","status-publish","hentry","excerpt"],"_links":{"self":[{"href":"http:\/\/www.luigiaccattoli.it\/blog\/wp-json\/wp\/v2\/pages\/8715","targetHints":{"allow":["GET"]}}],"collection":[{"href":"http:\/\/www.luigiaccattoli.it\/blog\/wp-json\/wp\/v2\/pages"}],"about":[{"href":"http:\/\/www.luigiaccattoli.it\/blog\/wp-json\/wp\/v2\/types\/page"}],"author":[{"embeddable":true,"href":"http:\/\/www.luigiaccattoli.it\/blog\/wp-json\/wp\/v2\/users\/1"}],"replies":[{"embeddable":true,"href":"http:\/\/www.luigiaccattoli.it\/blog\/wp-json\/wp\/v2\/comments?post=8715"}],"version-history":[{"count":2,"href":"http:\/\/www.luigiaccattoli.it\/blog\/wp-json\/wp\/v2\/pages\/8715\/revisions"}],"predecessor-version":[{"id":8717,"href":"http:\/\/www.luigiaccattoli.it\/blog\/wp-json\/wp\/v2\/pages\/8715\/revisions\/8717"}],"up":[{"embeddable":true,"href":"http:\/\/www.luigiaccattoli.it\/blog\/wp-json\/wp\/v2\/pages\/56"}],"wp:attachment":[{"href":"http:\/\/www.luigiaccattoli.it\/blog\/wp-json\/wp\/v2\/media?parent=8715"}],"curies":[{"name":"wp","href":"https:\/\/api.w.org\/{rel}","templated":true}]}}