{"id":9575,"date":"2012-09-11T10:52:54","date_gmt":"2012-09-11T08:52:54","guid":{"rendered":"http:\/\/www.luigiaccattoli.it\/blog\/?page_id=9575"},"modified":"2012-09-11T11:00:09","modified_gmt":"2012-09-11T09:00:09","slug":"carolina-porcaro-%e2%80%9calla-fine-deve-vincere-il-bene%e2%80%9d","status":"publish","type":"page","link":"http:\/\/www.luigiaccattoli.it\/blog\/cerco-fatti-di-vangelo\/3-il-perdono-degli-uccisori-dei-parenti\/d-omicidi-comuni\/carolina-porcaro-%e2%80%9calla-fine-deve-vincere-il-bene%e2%80%9d\/","title":{"rendered":"Carolina Porcaro: \u201cAlla fine deve vincere il bene\u201d"},"content":{"rendered":"<p>\u00ab<em>Ringrazio nostro Signore per aver scelto me per essere la mamma di Lorenzo. E\u2019 stato un grande dono, non lo ringrazier\u00f2 mai abbastanza per avermelo dato in questi anni, anche se la separazione terrena \u00e8 lacerante. La morte ci fa ricordare che la nostra vita \u00e8 una prova. Ci sono giorni, ci sono dolori. Dobbiamo apprezzare ogni piccola cosa e rispettare la vita. V<em>orrei che tutti oggi potessimo tornare a casa lasciando da parte ogni rancore, per un rinnovato senso di amore. Vorrei fare arrivare il mio abbraccio al ragazzo che mi ha tolto il figlio e ai suoi genitori, in attesa di un incontro, perch\u00e9 deve vincere il bene. Soprattutto a voi ragazzi vorrei dire che mai dobbiamo permetterci di offendere una persona ma imparare a essere un po\u2019 pi\u00f9 umili, a non permettere che prevalgano l\u2019egoismo e la prepotenza ma che il rispetto sia la regola di una vita gioiosa e fraterna. Grazie, vi voglio bene. La mamma di Lorenzo<\/em><\/em>\u00bb: parole scritte su un foglio da Carolina Porcaro e lette da un\u2019amica il 18 agosto 2011 alla messa di addio per il figlio Lorenzo Cenzato \u2013 ucciso da un coetaneo dell\u2019Ecuador \u2013 celebrata nella chiesa di Cristo Re di Sovico, Monza.<\/p>\n<p>Altre parole \u2013 gi\u00e0 impegnative \u2013 Carolina le aveva dette all\u2019indomani dell\u2019uccisione del figlio, avvenuta il 10 agosto, all\u2019indirizzo dell\u2019uccisore: \u201c<em>Mi dispiace per lui, per tutto quello che dovr\u00e0 sopportare e superare e mi dispiace per i suoi genitori. Sicuramente non voleva uccidere mio figlio e spero che questa storia sia di esempio per tutti i giovani. L\u2019odio bisogna metterlo da parte, la vita merita rispetto da parte di tutti\u201d<\/em>. Il suo era stato subito affidamento al Signore non disgiunto \u2013 nell\u2019immediatezza della tragedia \u2013 dalla giusta avvertenza della confusione dei propri sentimenti: \u201c<em>Non ho bisogno di perdonare chi ha ucciso mio figlio, perch\u00e9 nemmeno per un attimo ho pensato di odiarlo. \u00c8 la fede che mi d\u00e0 la forza di essere serena, o forse ancora non mi rendo conto di quello che \u00e8 successo veramente\u201d<\/em>.<\/p>\n<p><strong>Le parole di Carolina lette in chiesa le ho trascritte da un video che trovi in Youtube: \u201cCelebrati i funerali di Lorenzo Cenzato. La madre rinnova il perdono all\u2019assassino\u201d. Vedi anche<\/strong> <em><strong>Avvenire<\/strong><\/em><strong> del 19 agosto 2011 a pagina 13 <\/strong>e <em><strong>Corriere Milano<\/strong><\/em><strong> dello stesso giorno a pagina 5. Quelle dell\u201911 agosto le trovi<\/strong> in <em><strong>Avvenire<\/strong><\/em><strong> del 12 agosto pagina 17. <\/strong><\/p>\n<p><strong>[Settembre 2011]<\/strong><\/p>\n","protected":false},"excerpt":{"rendered":"<p>\u00abRingrazio nostro Signore per aver scelto me per essere la mamma di Lorenzo. E\u2019 stato un grande dono, non lo ringrazier\u00f2 mai abbastanza per avermelo dato in questi anni, anche&#8230;<\/p>\n<div class=\"more-link-wrapper\"><a class=\"more-link\" href=\"http:\/\/www.luigiaccattoli.it\/blog\/cerco-fatti-di-vangelo\/3-il-perdono-degli-uccisori-dei-parenti\/d-omicidi-comuni\/carolina-porcaro-%e2%80%9calla-fine-deve-vincere-il-bene%e2%80%9d\/\">Read More<span class=\"screen-reader-text\">Carolina Porcaro: \u201cAlla fine deve vincere il bene\u201d<\/span><\/a><\/div>\n","protected":false},"author":1,"featured_media":0,"parent":2241,"menu_order":0,"comment_status":"open","ping_status":"closed","template":"","meta":{"_monsterinsights_skip_tracking":false,"_monsterinsights_sitenote_active":false,"_monsterinsights_sitenote_note":"","_monsterinsights_sitenote_category":0,"footnotes":""},"class_list":["post-9575","page","type-page","status-publish","hentry","excerpt"],"_links":{"self":[{"href":"http:\/\/www.luigiaccattoli.it\/blog\/wp-json\/wp\/v2\/pages\/9575","targetHints":{"allow":["GET"]}}],"collection":[{"href":"http:\/\/www.luigiaccattoli.it\/blog\/wp-json\/wp\/v2\/pages"}],"about":[{"href":"http:\/\/www.luigiaccattoli.it\/blog\/wp-json\/wp\/v2\/types\/page"}],"author":[{"embeddable":true,"href":"http:\/\/www.luigiaccattoli.it\/blog\/wp-json\/wp\/v2\/users\/1"}],"replies":[{"embeddable":true,"href":"http:\/\/www.luigiaccattoli.it\/blog\/wp-json\/wp\/v2\/comments?post=9575"}],"version-history":[{"count":2,"href":"http:\/\/www.luigiaccattoli.it\/blog\/wp-json\/wp\/v2\/pages\/9575\/revisions"}],"predecessor-version":[{"id":9583,"href":"http:\/\/www.luigiaccattoli.it\/blog\/wp-json\/wp\/v2\/pages\/9575\/revisions\/9583"}],"up":[{"embeddable":true,"href":"http:\/\/www.luigiaccattoli.it\/blog\/wp-json\/wp\/v2\/pages\/2241"}],"wp:attachment":[{"href":"http:\/\/www.luigiaccattoli.it\/blog\/wp-json\/wp\/v2\/media?parent=9575"}],"curies":[{"name":"wp","href":"https:\/\/api.w.org\/{rel}","templated":true}]}}