{"id":9586,"date":"2012-09-11T11:06:58","date_gmt":"2012-09-11T09:06:58","guid":{"rendered":"http:\/\/www.luigiaccattoli.it\/blog\/?page_id=9586"},"modified":"2012-09-11T11:10:03","modified_gmt":"2012-09-11T09:10:03","slug":"paola-olzer-%e2%80%9ca-volte-non-capisco-ne-l%e2%80%99uomo-ne-dio%e2%80%9d","status":"publish","type":"page","link":"http:\/\/www.luigiaccattoli.it\/blog\/cerco-fatti-di-vangelo\/4-la-reazione-all%e2%80%99handicap\/paola-olzer-%e2%80%9ca-volte-non-capisco-ne-l%e2%80%99uomo-ne-dio%e2%80%9d\/","title":{"rendered":"Paola Olzer: \u201cA volte non capisco n\u00e9 l\u2019uomo n\u00e9 Dio\u201d"},"content":{"rendered":"<p>La prova e la risorsa della piccolezza \u2013 che \u00e8 insieme umana ed evangelica \u2013 caratterizzano Paola Olzer fin dal suo primo giorno sulla terra: appena nata [a Pergine Valsugana, nel 1949] pesa meno di un chilo. Dopo la nascita la sua fragilit\u00e0 sembra accentuarsi invece di ridursi ed infine si scopre che \u00e8 la tetraparesi spastica ad averla afferrata e a tenerla stretta fin da quando vide la luce [la costringer\u00e0 a quattordici operazioni e all\u2019uso della carrozzina].<\/p>\n<p>Paola ci mostra con il suo faticoso diario \u2013 per lei scrivere \u00e8 vera fatica \u2013 che accettando la piccolezza \u201csi pu\u00f2 essere d\u2019aiuto agli altri per ritrovare la luce\u201d. La sua parola si fa toccante quando ringrazia per il poco che ha avuto: \u201c<em>Dico grazie al Signore per la mia piccolissima vita<\/em>\u201d.<\/p>\n<p>In quella vita non manca il momento del buio: \u201c<em>A volte non capisco n\u00e9 l\u2019uomo n\u00e9 Dio<\/em>\u201d. Ella del resto sa bene, guardando alle vicende umane, che \u201csono i piccoli che pagano il prezzo pi\u00f9 caro alla vita\u201d. Ma costantemente vince in lei la fiducia nella predilezione di Ges\u00f9 per i piccoli e i piangenti: \u201c<em>Spero che, come un seme gettato nella terra, un piccolo dolore come il mio possa diventare un grande albero di bene per il mondo<\/em>\u201d.<\/p>\n<p>Stupisce che una creatura costretta in tanta ristrettezza del corpo e dei movimenti non chieda il miracolo per s\u00e9, \u201cma \u201csemmai per gli altri\u201d. Per s\u00e9 attende il Paradiso dove si aspetta di poter \u201ccorrere come tutti, con la mia salute, la mia libert\u00e0, il mio voler bene\u201d. E intanto coltiva con il suo piccolo corpo e con il suo grande cuore quel \u201cpezzettino di cielo\u201d che sente di aver avuto in dono. Le sue non sono grandi parole ma hanno una buona copertura aurea, come si diceva un tempo della nostra lira. Confida di sentirsi piccola dentro, nonostante l\u2019et\u00e0: \u201c<em>Sono diventata una donna vera, anche se dentro di me stessa rimane la creatura bambina che vorrebbe un attimo di libert\u00e0<\/em>\u201d.<\/p>\n<p>Le persone che portano e sopportano grandi menomazioni dovrebbero essere i nostri portavoce presso il Signore, con la loro sofferenza esse costituiscono la nostra prima invocazione. Dovrebbe stabilirsi qualcosa come una divisione di compiti: noi li portiamo sulle spalle e loro gridano a Dio.<\/p>\n<p>Paola \u00e8 pronta per questo ruolo di portavoce: \u201c<em>Quanto dolore, Signore, intorno a me. E\u2019 la domanda che noi creature ci facciamo continuamente: perch\u00e9, Signore?<\/em>\u201d Vai, Paola, dal Signore a nome di tutti, non avere timore di scuoterlo dal sonno. Tu hai mostrato confidenza con lui: \u201c<em>Abbraccio la mia croce un po\u2019 per tutti e il Signore conosce il mio povero sacrificio<\/em>\u201d.<\/p>\n<p><strong>Nella primavera del 2011 Paola Olzer ha pubblicato da Ancora con l\u2019aiuto di Diego Andreatta un diario\u00a0 intitolato \u201cIl mio pezzettino di cielo\u201d. Il testo riportato qui sopra fa parte della mia prefazione al volumetto che il 22 settembre 2011 ho presentato a Trento e in quell\u2019occasione ho conosciuto Paola e a tavola ho apprezzato il suo buonumore.<\/strong><\/p>\n<p><strong>[Settembre 2011]<\/strong><\/p>\n","protected":false},"excerpt":{"rendered":"<p>La prova e la risorsa della piccolezza \u2013 che \u00e8 insieme umana ed evangelica \u2013 caratterizzano Paola Olzer fin dal suo primo giorno sulla terra: appena nata [a Pergine Valsugana,&#8230;<\/p>\n<div class=\"more-link-wrapper\"><a class=\"more-link\" href=\"http:\/\/www.luigiaccattoli.it\/blog\/cerco-fatti-di-vangelo\/4-la-reazione-all%e2%80%99handicap\/paola-olzer-%e2%80%9ca-volte-non-capisco-ne-l%e2%80%99uomo-ne-dio%e2%80%9d\/\">Read More<span class=\"screen-reader-text\">Paola Olzer: \u201cA volte non capisco n\u00e9 l\u2019uomo n\u00e9 Dio\u201d<\/span><\/a><\/div>\n","protected":false},"author":1,"featured_media":0,"parent":2093,"menu_order":0,"comment_status":"open","ping_status":"closed","template":"","meta":{"_monsterinsights_skip_tracking":false,"_monsterinsights_sitenote_active":false,"_monsterinsights_sitenote_note":"","_monsterinsights_sitenote_category":0,"footnotes":""},"class_list":["post-9586","page","type-page","status-publish","hentry","excerpt"],"_links":{"self":[{"href":"http:\/\/www.luigiaccattoli.it\/blog\/wp-json\/wp\/v2\/pages\/9586","targetHints":{"allow":["GET"]}}],"collection":[{"href":"http:\/\/www.luigiaccattoli.it\/blog\/wp-json\/wp\/v2\/pages"}],"about":[{"href":"http:\/\/www.luigiaccattoli.it\/blog\/wp-json\/wp\/v2\/types\/page"}],"author":[{"embeddable":true,"href":"http:\/\/www.luigiaccattoli.it\/blog\/wp-json\/wp\/v2\/users\/1"}],"replies":[{"embeddable":true,"href":"http:\/\/www.luigiaccattoli.it\/blog\/wp-json\/wp\/v2\/comments?post=9586"}],"version-history":[{"count":2,"href":"http:\/\/www.luigiaccattoli.it\/blog\/wp-json\/wp\/v2\/pages\/9586\/revisions"}],"predecessor-version":[{"id":9590,"href":"http:\/\/www.luigiaccattoli.it\/blog\/wp-json\/wp\/v2\/pages\/9586\/revisions\/9590"}],"up":[{"embeddable":true,"href":"http:\/\/www.luigiaccattoli.it\/blog\/wp-json\/wp\/v2\/pages\/2093"}],"wp:attachment":[{"href":"http:\/\/www.luigiaccattoli.it\/blog\/wp-json\/wp\/v2\/media?parent=9586"}],"curies":[{"name":"wp","href":"https:\/\/api.w.org\/{rel}","templated":true}]}}