{"id":9620,"date":"2012-09-13T11:23:18","date_gmt":"2012-09-13T09:23:18","guid":{"rendered":"http:\/\/www.luigiaccattoli.it\/blog\/?page_id=9620"},"modified":"2012-09-13T11:25:26","modified_gmt":"2012-09-13T09:25:26","slug":"paola-gaiotti-%e2%80%9cil-mio-angelo-custode-e-una-capoverdiana%e2%80%9d","status":"publish","type":"page","link":"http:\/\/www.luigiaccattoli.it\/blog\/cerco-fatti-di-vangelo\/6-una-razza-di-longevi\/paola-gaiotti-%e2%80%9cil-mio-angelo-custode-e-una-capoverdiana%e2%80%9d\/","title":{"rendered":"Paola Gaiotti: \u201cIl mio angelo custode \u00e8 una capoverdiana\u201d"},"content":{"rendered":"<p>\u201c<em>Voglio ringraziare chi da ventisei anni mi ha assicurato con professionalit\u00e0 e intelligenza la libert\u00e0 di tante esperienze e la sicurezza di un quotidiano ordinato: Adzinda Fortes, la capoverdiana che considero ormai il mio angelo custode. Custode di me, della mia salute, delle mie cose, della serenit\u00e0 di questo concludersi della vita, che in qualche momento \u00e8 forse a prezzo della sua serenit\u00e0. Che anche questo intreccio di vite possa essere segno di una solidariet\u00e0 fra gli umani che vada oltre le attuali disuguaglianze e disparit\u00e0, che ci faccia ritrovare fratelli e sorelle<\/em>\u201d: cos\u00ec Paola Gaiotti de Biase \u2013 83 anni nel 2011, gi\u00e0 parlamentare europea e poi italiana, prima Dc e poi Pds \u2013 alle pagine 21-22 di <em>Passare la mano. Memorie di una donna del Novecento incompiuto<\/em> (ed.Viella 2011).<\/p>\n<p>\u201c<em>Questi ricordi <\/em>\u2013 scrive ancora Paola \u2013 <em>vanno letti nel segno di un\u2019avventura, iniziata a sedici anni, di cui debbo infinita gratitudine al Signore, l\u2019avventura di una fede, di una speranza, di un impegno, nato da una scommessa, che ha dato senso e forza alla mia vita: ma anche nel segno della coscienza di uno scacco, lo scacco della democrazia, nel passaggio da una fase mondiale ascendente a una fase che ne segna lo stallo<\/em>\u201d. Il grazie di Paola alla colf mi ha ricordato quello del cardinale Ruini \u2013 durante il commiato a San Giovanni in Laterano, il 21 giugno 2008 \u2013 alla sua Pierina: \u201cche rimarr\u00e0 con me e che ha reso confortevole la mia vita\u201d.<\/p>\n<p><strong>[Settembre 2011]<\/strong><\/p>\n","protected":false},"excerpt":{"rendered":"<p>\u201cVoglio ringraziare chi da ventisei anni mi ha assicurato con professionalit\u00e0 e intelligenza la libert\u00e0 di tante esperienze e la sicurezza di un quotidiano ordinato: Adzinda Fortes, la capoverdiana che&#8230;<\/p>\n<div class=\"more-link-wrapper\"><a class=\"more-link\" href=\"http:\/\/www.luigiaccattoli.it\/blog\/cerco-fatti-di-vangelo\/6-una-razza-di-longevi\/paola-gaiotti-%e2%80%9cil-mio-angelo-custode-e-una-capoverdiana%e2%80%9d\/\">Read More<span class=\"screen-reader-text\">Paola Gaiotti: \u201cIl mio angelo custode \u00e8 una capoverdiana\u201d<\/span><\/a><\/div>\n","protected":false},"author":1,"featured_media":0,"parent":2099,"menu_order":0,"comment_status":"open","ping_status":"closed","template":"","meta":{"_monsterinsights_skip_tracking":false,"_monsterinsights_sitenote_active":false,"_monsterinsights_sitenote_note":"","_monsterinsights_sitenote_category":0,"footnotes":""},"class_list":["post-9620","page","type-page","status-publish","hentry","excerpt"],"_links":{"self":[{"href":"http:\/\/www.luigiaccattoli.it\/blog\/wp-json\/wp\/v2\/pages\/9620","targetHints":{"allow":["GET"]}}],"collection":[{"href":"http:\/\/www.luigiaccattoli.it\/blog\/wp-json\/wp\/v2\/pages"}],"about":[{"href":"http:\/\/www.luigiaccattoli.it\/blog\/wp-json\/wp\/v2\/types\/page"}],"author":[{"embeddable":true,"href":"http:\/\/www.luigiaccattoli.it\/blog\/wp-json\/wp\/v2\/users\/1"}],"replies":[{"embeddable":true,"href":"http:\/\/www.luigiaccattoli.it\/blog\/wp-json\/wp\/v2\/comments?post=9620"}],"version-history":[{"count":2,"href":"http:\/\/www.luigiaccattoli.it\/blog\/wp-json\/wp\/v2\/pages\/9620\/revisions"}],"predecessor-version":[{"id":9624,"href":"http:\/\/www.luigiaccattoli.it\/blog\/wp-json\/wp\/v2\/pages\/9620\/revisions\/9624"}],"up":[{"embeddable":true,"href":"http:\/\/www.luigiaccattoli.it\/blog\/wp-json\/wp\/v2\/pages\/2099"}],"wp:attachment":[{"href":"http:\/\/www.luigiaccattoli.it\/blog\/wp-json\/wp\/v2\/media?parent=9620"}],"curies":[{"name":"wp","href":"https:\/\/api.w.org\/{rel}","templated":true}]}}