{"id":9625,"date":"2012-09-13T11:26:56","date_gmt":"2012-09-13T09:26:56","guid":{"rendered":"http:\/\/www.luigiaccattoli.it\/blog\/?page_id=9625"},"modified":"2012-09-13T11:26:56","modified_gmt":"2012-09-13T09:26:56","slug":"giovanna-la-vecchia-%c2%abl%e2%80%99importante-e-non-lasciare-solo-chi-non-ha-piu-nessuno%c2%bb","status":"publish","type":"page","link":"http:\/\/www.luigiaccattoli.it\/blog\/cerco-fatti-di-vangelo\/6-una-razza-di-longevi\/giovanna-la-vecchia-%c2%abl%e2%80%99importante-e-non-lasciare-solo-chi-non-ha-piu-nessuno%c2%bb\/","title":{"rendered":"Giovanna La Vecchia: \u00abL\u2019importante \u00e8 non lasciare solo chi non ha pi\u00f9 nessuno\u00bb"},"content":{"rendered":"<p>\u00ab<em>L\u2019importante \u00e8 non lasciare solo chi non ha pi\u00f9 nessuno<\/em>\u00bb: parole di Giovanna La Vecchia, romana che si dedica all\u2019assistenza degli anziani per \u201crestituire\u201d il bene ricevuto quando altri volontari l\u2019aiutarono ad assistere la mamma colpita da Alzheimer. Giovanna \u00e8 del 1938 e fa la volontaria nell\u2019assistenza agli anziani, collaborando alla rete della Comunit\u00e0 di Sant\u2019Egidio. Era l\u2019unica figlia di una donna vedova, affetta dal morbo di Parkinson e in seguito dall\u2019Alzheimer. Lavorava alla<em> Italiana Petroli<\/em> e and\u00f2 in pensione a 53 anni per occuparsi della mamma. \u00ab<em>All\u2019inizio<\/em> \u2013 dice al <em>Corriere della Sera<\/em> del 12 novembre 2010 \u2013 <em>credevo che\u00a0sarebbe migliorata con la mia presenza in casa, ma non avvenne. Non mi riconosceva pi\u00f9. Mi chiedeva: dov\u2019e mia figlia? I suoi ultimi tre anni sono stati i pi\u00f9 duri. Il parroco mi propose di conoscere una volontaria di Sant\u2019Egidio, Paola, una ragazza con il cuore grande<\/em>\u00bb. Quando mamma Santina se ne \u00e8 andata, Giovanna ha pensato di restituire il bene che le era stato fatto: \u00e8 andata con Paola a fare agli altri ci\u00f2 che era stato fatto a lei.<\/p>\n<p>Conosco la prova che ti viene da un genitore che non ti riconosce. Negli ultimi tempi la mia mamma, morta a 97 anni, mi diceva: \u00abAnch\u2019io ho un figlio che fa il giornalista a Roma\u00bb. E dicendole che ero io mi chiedeva irriducibile: \u00abMi prendi in giro?\u00bb.<\/p>\n<p><strong>[Settembre 2011]<\/strong><\/p>\n","protected":false},"excerpt":{"rendered":"<p>\u00abL\u2019importante \u00e8 non lasciare solo chi non ha pi\u00f9 nessuno\u00bb: parole di Giovanna La Vecchia, romana che si dedica all\u2019assistenza degli anziani per \u201crestituire\u201d il bene ricevuto quando altri volontari&#8230;<\/p>\n<div class=\"more-link-wrapper\"><a class=\"more-link\" href=\"http:\/\/www.luigiaccattoli.it\/blog\/cerco-fatti-di-vangelo\/6-una-razza-di-longevi\/giovanna-la-vecchia-%c2%abl%e2%80%99importante-e-non-lasciare-solo-chi-non-ha-piu-nessuno%c2%bb\/\">Read More<span class=\"screen-reader-text\">Giovanna La Vecchia: \u00abL\u2019importante \u00e8 non lasciare solo chi non ha pi\u00f9 nessuno\u00bb<\/span><\/a><\/div>\n","protected":false},"author":1,"featured_media":0,"parent":2099,"menu_order":0,"comment_status":"open","ping_status":"closed","template":"","meta":{"_monsterinsights_skip_tracking":false,"_monsterinsights_sitenote_active":false,"_monsterinsights_sitenote_note":"","_monsterinsights_sitenote_category":0,"footnotes":""},"class_list":["post-9625","page","type-page","status-publish","hentry","excerpt"],"_links":{"self":[{"href":"http:\/\/www.luigiaccattoli.it\/blog\/wp-json\/wp\/v2\/pages\/9625","targetHints":{"allow":["GET"]}}],"collection":[{"href":"http:\/\/www.luigiaccattoli.it\/blog\/wp-json\/wp\/v2\/pages"}],"about":[{"href":"http:\/\/www.luigiaccattoli.it\/blog\/wp-json\/wp\/v2\/types\/page"}],"author":[{"embeddable":true,"href":"http:\/\/www.luigiaccattoli.it\/blog\/wp-json\/wp\/v2\/users\/1"}],"replies":[{"embeddable":true,"href":"http:\/\/www.luigiaccattoli.it\/blog\/wp-json\/wp\/v2\/comments?post=9625"}],"version-history":[{"count":1,"href":"http:\/\/www.luigiaccattoli.it\/blog\/wp-json\/wp\/v2\/pages\/9625\/revisions"}],"predecessor-version":[{"id":9626,"href":"http:\/\/www.luigiaccattoli.it\/blog\/wp-json\/wp\/v2\/pages\/9625\/revisions\/9626"}],"up":[{"embeddable":true,"href":"http:\/\/www.luigiaccattoli.it\/blog\/wp-json\/wp\/v2\/pages\/2099"}],"wp:attachment":[{"href":"http:\/\/www.luigiaccattoli.it\/blog\/wp-json\/wp\/v2\/media?parent=9625"}],"curies":[{"name":"wp","href":"https:\/\/api.w.org\/{rel}","templated":true}]}}