{"id":9840,"date":"2012-10-01T17:23:25","date_gmt":"2012-10-01T15:23:25","guid":{"rendered":"http:\/\/www.luigiaccattoli.it\/blog\/?page_id=9840"},"modified":"2012-10-01T17:34:26","modified_gmt":"2012-10-01T15:34:26","slug":"laltra-meta-del-cielo","status":"publish","type":"page","link":"http:\/\/www.luigiaccattoli.it\/blog\/conferenze-e-dibattiti-2\/laltra-meta-del-cielo\/","title":{"rendered":"L&#8217;altra met\u00e0 del cielo"},"content":{"rendered":"<p><strong>Domande per l\u2019intervista <\/strong><\/p>\n<p><strong>L\u2019ALTRA META\u2019 DEL CIELO<\/strong><\/p>\n<p><strong>di sabato 29 in piazza Cavour a Rimini<\/strong><\/p>\n<p><strong><br \/>\n<\/strong><\/p>\n<p><strong>Lucia Busca \u2013 blogger<\/strong><\/p>\n<p><strong>\u00a0<\/strong><\/p>\n<p>Chiara vuol dire povert\u00e0 \u2013 ma che povert\u00e0 si pu\u00f2 vivere \u2013 come ci si pu\u00f2 ispirare alla fondatrice delle clarisse vivendo nel mondo?<\/p>\n<p>&nbsp;<\/p>\n<p>Gestire un blog non vuol dire prendersi cura del superfluo? Questa cura del superfluo, di ci\u00f2 che non \u00e8 necessario, non contraddice la povert\u00e0?<\/p>\n<p>&nbsp;<\/p>\n<p>Chiara vive nella libert\u00e0 che viene dalla povert\u00e0. Lasciando tutto lei si libera da tutto, da ogni sudditanza, da ogni schiavit\u00f9. Ma che pu\u00f2 lasciare una moglie e una mamma che vive di una professione?<\/p>\n<p>&nbsp;<\/p>\n<p>la notte del suo ultimo Natale Chiara \u00e8 a letto malata e segue la messa che si celebra in chiesa per grazia del Cielo: \u00e8 \u2013 simbolicamente \u2013 la prima \u201cdiretta televisiva\u201d della storia, per questo Pio XII ha proclamato Chiara patrona della televisione\u2026 ma molte donne sono invece incantate dalla televisione e passano davanti ad essa tante ore\u2026 qual \u00e8 il suo modo di difendersi dalla tv?<\/p>\n<p><strong>\u00a0<\/strong><\/p>\n<p>Non sar\u00e0 che la tentazione che altre donne ricevono dalla televisione lei la riceve da internet?<\/p>\n<p><strong>\u00a0<\/strong><\/p>\n<p><strong>\u00a0<\/strong><\/p>\n<p><strong>\u00a0<\/strong><\/p>\n<p><strong>Ornella Omodei Zorini \u2013 Sorella francescana della Nuova Gerusalemme<\/strong><\/p>\n<p>&nbsp;<\/p>\n<p>Chiara attira nella sua scelta le sorelle Agnese e Beatrice, e la mamma Ortolana, e due cugine. Oggi questa attrazione funziona? Nella sua famiglia religiosa ci sono casi di contagio vocazionale familiare?<\/p>\n<p>&nbsp;<\/p>\n<p>Le donne che seguono Chiara \u2013 le \u201cPovere Dame\u201d le chiamava Francesco \u2013 si impegnavano a un\u2019osservanza rigorosa della povert\u00e0, \u201caltissima povert\u00e0\u201d fu sempre la sua, come scrivono i biografi: voi come avete regolato questo aspetto della vostra vita? Siete proprietarie della casa dove abitate?<\/p>\n<p>&nbsp;<\/p>\n<p>Voi lavorate secondo l\u2019insegnamento di Francesco ai \u201cfrati\u201d \u2013 e come anche Chiara ha sempre voluto per le clarisse \u2013 ma il vostro lavoro dipendente [credo facciate anche questo] non vi allontana dal modello vissuto da Chiara, che affidava alle consorelle solo lavori di tessitura, cucitura e simili, ma interni alla \u201ccasa\u201d?<\/p>\n<p>&nbsp;<\/p>\n<p>La vostra accoglienza delle donne \u201cschiave della tratta\u201d come si lega all\u2019ideale francescano? E che problemi vi pone, pratici e di testa? Siete tutte sempre d\u2019accordo nello svolgere questa attivit\u00e0?<\/p>\n<p>&nbsp;<\/p>\n<p>Non ci sono momenti in cui c\u2019\u00e8 bisogno di un uomo, in una missione cos\u00ec rischiosa? Chi vi aiuta quando uscite per la strada?<\/p>\n<p>&nbsp;<\/p>\n<p>&nbsp;<\/p>\n<p><strong>\u00a0<\/strong><\/p>\n<p><strong>Lorella Ansaloni \u2013 imprenditrice e Coldiretti<\/strong><\/p>\n<p>Lei \u00e8 imprenditrice in agricoltura ed ha una responsabilit\u00e0 associativa nella Coldiretti. Che danni ha fatto il terremoto nel suo settore e nella sua azienda?<\/p>\n<p>&nbsp;<\/p>\n<p>La Coldiretti ha svolto una particolare attivit\u00e0 di soccorso ai terremotati dell\u2019Emilia?<\/p>\n<p>&nbsp;<\/p>\n<p>Lei si ispira all\u2019ideale francescano che vuol dire anche amore per i poveri: personalmente ha qualche esperienza di contatto con i poveri?<\/p>\n<p>&nbsp;<\/p>\n<p>La vita dell\u2019imprenditore \u00e8 una vita competitiva, nella quale \u00e8 necessario essere vincenti: che problemi incontra un cristiano che voglia essere coerente con il comandamento della solidariet\u00e0?<\/p>\n<p>&nbsp;<\/p>\n<p>Mi dica un\u2019occasione in cui ha compiuto \u2013 nella sua attivit\u00e0 economica \u2013 una scelta controcorrente dettata dall\u2019ideale cristiano e francescano\u2026<\/p>\n","protected":false},"excerpt":{"rendered":"<p>Domande per l\u2019intervista L\u2019ALTRA META\u2019 DEL CIELO di sabato 29 in piazza Cavour a Rimini Lucia Busca \u2013 blogger \u00a0 Chiara vuol dire povert\u00e0 \u2013 ma che povert\u00e0 si pu\u00f2&#8230;<\/p>\n<div class=\"more-link-wrapper\"><a class=\"more-link\" href=\"http:\/\/www.luigiaccattoli.it\/blog\/conferenze-e-dibattiti-2\/laltra-meta-del-cielo\/\">Read More<span class=\"screen-reader-text\">L&#8217;altra met\u00e0 del cielo<\/span><\/a><\/div>\n","protected":false},"author":1,"featured_media":0,"parent":5506,"menu_order":0,"comment_status":"open","ping_status":"closed","template":"","meta":{"_monsterinsights_skip_tracking":false,"_monsterinsights_sitenote_active":false,"_monsterinsights_sitenote_note":"","_monsterinsights_sitenote_category":0,"footnotes":""},"class_list":["post-9840","page","type-page","status-publish","hentry","excerpt"],"_links":{"self":[{"href":"http:\/\/www.luigiaccattoli.it\/blog\/wp-json\/wp\/v2\/pages\/9840","targetHints":{"allow":["GET"]}}],"collection":[{"href":"http:\/\/www.luigiaccattoli.it\/blog\/wp-json\/wp\/v2\/pages"}],"about":[{"href":"http:\/\/www.luigiaccattoli.it\/blog\/wp-json\/wp\/v2\/types\/page"}],"author":[{"embeddable":true,"href":"http:\/\/www.luigiaccattoli.it\/blog\/wp-json\/wp\/v2\/users\/1"}],"replies":[{"embeddable":true,"href":"http:\/\/www.luigiaccattoli.it\/blog\/wp-json\/wp\/v2\/comments?post=9840"}],"version-history":[{"count":4,"href":"http:\/\/www.luigiaccattoli.it\/blog\/wp-json\/wp\/v2\/pages\/9840\/revisions"}],"predecessor-version":[{"id":9844,"href":"http:\/\/www.luigiaccattoli.it\/blog\/wp-json\/wp\/v2\/pages\/9840\/revisions\/9844"}],"up":[{"embeddable":true,"href":"http:\/\/www.luigiaccattoli.it\/blog\/wp-json\/wp\/v2\/pages\/5506"}],"wp:attachment":[{"href":"http:\/\/www.luigiaccattoli.it\/blog\/wp-json\/wp\/v2\/media?parent=9840"}],"curies":[{"name":"wp","href":"https:\/\/api.w.org\/{rel}","templated":true}]}}